{"id":721,"date":"2025-04-17T12:51:15","date_gmt":"2025-04-17T15:51:15","guid":{"rendered":"https:\/\/israelitaedu.com.br\/guiaescolar\/?page_id=721"},"modified":"2025-12-22T08:44:22","modified_gmt":"2025-12-22T11:44:22","slug":"nivel-b","status":"publish","type":"page","link":"https:\/\/israelitaedu.com.br\/guiaescolar\/educacao-infantil\/lista-de-materiais\/nivel-b\/","title":{"rendered":"Materiais &#8211; N\u00edvel B"},"content":{"rendered":"\t\t<div data-elementor-type=\"wp-page\" data-elementor-id=\"721\" class=\"elementor elementor-721\" data-elementor-post-type=\"page\">\n\t\t\t\t<div class=\"elementor-element elementor-element-1ab4cc6e e-flex e-con-boxed e-con e-parent\" data-id=\"1ab4cc6e\" data-element_type=\"container\" data-e-type=\"container\">\n\t\t\t\t\t<div class=\"e-con-inner\">\n\t\t<div class=\"elementor-element elementor-element-55f8beb4 e-con-full e-flex e-con e-child\" data-id=\"55f8beb4\" data-element_type=\"container\" data-e-type=\"container\">\n\t\t\t\t<div class=\"elementor-element elementor-element-3afd23a7 elementor-widget elementor-widget-heading\" data-id=\"3afd23a7\" data-element_type=\"widget\" data-e-type=\"widget\" data-widget_type=\"heading.default\">\n\t\t\t\t<div class=\"elementor-widget-container\">\n\t\t\t\t\t<h2 class=\"elementor-heading-title elementor-size-default\">GUIA ESCOLAR<\/h2>\t\t\t\t<\/div>\n\t\t\t\t<\/div>\n\t\t\t\t<\/div>\n\t\t<div class=\"elementor-element elementor-element-5bdc2bff e-con-full e-flex e-con e-child\" data-id=\"5bdc2bff\" data-element_type=\"container\" data-e-type=\"container\">\n\t\t\t\t<div class=\"elementor-element elementor-element-48e95f5f elementor-widget elementor-widget-heading\" data-id=\"48e95f5f\" data-element_type=\"widget\" data-e-type=\"widget\" data-widget_type=\"heading.default\">\n\t\t\t\t<div class=\"elementor-widget-container\">\n\t\t\t\t\t<h2 class=\"elementor-heading-title elementor-size-default\">Lista de Materiais<\/h2>\t\t\t\t<\/div>\n\t\t\t\t<\/div>\n\t\t\t\t<div class=\"elementor-element elementor-element-57562e76 elementor-widget elementor-widget-heading\" data-id=\"57562e76\" data-element_type=\"widget\" data-e-type=\"widget\" data-widget_type=\"heading.default\">\n\t\t\t\t<div class=\"elementor-widget-container\">\n\t\t\t\t\t<h2 class=\"elementor-heading-title elementor-size-default\">N\u00edvel B<\/h2>\t\t\t\t<\/div>\n\t\t\t\t<\/div>\n\t\t<div class=\"elementor-element elementor-element-6e682d54 e-con-full e-flex e-con e-child\" data-id=\"6e682d54\" data-element_type=\"container\" data-e-type=\"container\">\n\t\t\t\t<div class=\"elementor-element elementor-element-dac37e0 elementor-widget elementor-widget-text-editor\" data-id=\"dac37e0\" data-element_type=\"widget\" data-e-type=\"widget\" data-widget_type=\"text-editor.default\">\n\t\t\t\t<div class=\"elementor-widget-container\">\n\t\t\t\t\t\t\t\t\t<p>Os materiais escolares adotados para 2026 estar\u00e3o dispon\u00edveis para venda na loja Letral, localizada na escola.\u00a0<strong>Em raz\u00e3o de obras, a loja estar\u00e1 temporariamente localizada na Sala de M\u00fasica.\u00a0<\/strong> Informa\u00e7\u00f5es e or\u00e7amentos pelo WhatsApp 51 9819-9186. A loja tamb\u00e9m faz a entrega direta em sala de aula, do maternal 1 ao 5\u00ba ano.<\/p><p>Caso a fam\u00edlia prefira, poder\u00e1 adquirir o material em outro estabelecimento at\u00e9 o in\u00edcio do ano letivo.<\/p>\t\t\t\t\t\t\t\t<\/div>\n\t\t\t\t<\/div>\n\t\t\t\t<\/div>\n\t\t\t\t<\/div>\n\t\t<div class=\"elementor-element elementor-element-d899bec e-con-full forcar-cor-texto-preto e-flex e-con e-child\" data-id=\"d899bec\" data-element_type=\"container\" data-e-type=\"container\" data-settings=\"{&quot;background_background&quot;:&quot;classic&quot;}\">\n\t\t<div class=\"elementor-element elementor-element-7b651515 e-con-full e-flex e-con e-child\" data-id=\"7b651515\" data-element_type=\"container\" data-e-type=\"container\">\n\t\t\t\t<div class=\"elementor-element elementor-element-5fd15df8 elementor-widget elementor-widget-heading\" data-id=\"5fd15df8\" data-element_type=\"widget\" data-e-type=\"widget\" data-widget_type=\"heading.default\">\n\t\t\t\t<div class=\"elementor-widget-container\">\n\t\t\t\t\t<h2 class=\"elementor-heading-title elementor-size-default\">ITENS DIVERSOS<\/h2>\t\t\t\t<\/div>\n\t\t\t\t<\/div>\n\t\t\t\t<div class=\"elementor-element elementor-element-11c4a7bd elementor-widget elementor-widget-text-editor\" data-id=\"11c4a7bd\" data-element_type=\"widget\" data-e-type=\"widget\" data-widget_type=\"text-editor.default\">\n\t\t\t\t<div class=\"elementor-widget-container\">\n\t\t\t\t\t\t\t\t\t<p>Devem ser entregues ao longo da primeira semana de aula, para a professora tutora.<\/p><p>\u2013\u00a01 pasta transparente A4 com el\u00e1stico;<\/p><p><span style=\"font-size: 1rem;\">\u2013\u00a0<\/span>1 Pasta cat\u00e1logo A4 com 40 sacos pl\u00e1sticos (para avalia\u00e7\u00e3o escolar);<\/p><p><span style=\"font-size: 1rem;\">\u2013\u00a0<\/span>1 pasta espiral A4 com 50 sacos pl\u00e1sticos;<\/p><p><span style=\"font-size: 1rem;\">\u2013\u00a0<\/span>250 folhas de desenho A4 gramatura 180g;\u00a0<\/p><p><span style=\"font-size: 1rem;\">\u2013\u00a0<\/span>1 pacote folha color set A4 gramatura 120g;<\/p><p><span style=\"font-size: 1rem;\">\u2013\u00a0<\/span>1 pacote folha colorset neon A4 gramatura 120g;<\/p><p><span style=\"font-size: 1rem;\">\u2013\u00a0<\/span>20 folhas kraft tamanho A3 gramatura 180g;<\/p><p><span style=\"font-size: 1rem;\">\u2013\u00a0<\/span>2 l\u00e2minas para retroprojetor;<\/p><p><span style=\"font-size: 1rem;\">\u2013\u00a0<\/span>2 potes de 500g de massa de modelar;<\/p><p><span style=\"font-size: 1rem;\">\u2013\u00a0<\/span>1 pote de areia m\u00e1gica 550g;<\/p><p><span style=\"font-size: 1rem;\">\u2013\u00a0<\/span>3 tubos de cola l\u00edquida 100g ;<\/p><p><span style=\"font-size: 1rem;\">\u2013\u00a0<\/span>1 tubo de cola glitter;<\/p><p><span style=\"font-size: 1rem;\">\u2013\u00a0<\/span>4 canetas permanentes pretas 2.0mm;<\/p><p><span style=\"font-size: 1rem;\">\u2013\u00a0<\/span>1 caixa de l\u00e1pis de cor tamanho jumbo 12 cores;<\/p><p><span style=\"font-size: 1rem;\">\u2013\u00a0<\/span>1 pote de tinta guache (cores sortidas);<\/p><p><span style=\"font-size: 1rem;\">\u2013\u00a0<\/span>1 caixa giz de cera tons de pele 12 tonalidades;\u00a0<\/p><p><span style=\"font-size: 1rem;\">\u2013\u00a0<\/span>1 caixa de giz de cera curto 12 cores;<\/p><p><span style=\"font-size: 1rem;\">\u2013\u00a0<\/span>1 conjunto canetas hidrocor jumbo 12 cores;\u00a0<\/p><p><span style=\"font-size: 1rem;\">\u2013\u00a0<\/span>2 l\u00e1pis triangular jumbo preto N\u00ba 2;\u00a0<\/p><p><span style=\"font-size: 1rem;\">\u2013\u00a0<\/span>1 estojo de aquarela em pastilha 12 cores;<\/p><p><span style=\"font-size: 1rem;\">\u2013\u00a0<\/span>1 estojo de tinta guache em bast\u00e3o neon;\u00a0<\/p><p><span style=\"font-size: 1rem;\">\u2013\u00a0<\/span>1 pacote de palitos de picol\u00e9;<\/p><p><span style=\"font-size: 1rem;\">\u2013\u00a0<\/span>1 avental de pintura manga longa;<\/p><p><span style=\"font-size: 1rem;\">\u2013\u00a0<\/span>1 rolo de espuma 4cm;\u00a0<\/p><p><span style=\"font-size: 1rem;\">\u2013\u00a0<\/span>1 pincel chato n\u00ba8;<\/p><p><span style=\"font-size: 1rem;\">\u2013\u00a0<\/span>1 pincel chato n\u00ba 20;<\/p><p><span style=\"font-size: 1rem;\">\u2013\u00a0<\/span>1 Kip\u00e1 (para meninos).<\/p><div>\u00a0<\/div>\t\t\t\t\t\t\t\t<\/div>\n\t\t\t\t<\/div>\n\t\t\t\t<\/div>\n\t\t<div class=\"elementor-element elementor-element-4b12bdef e-con-full e-flex e-con e-child\" data-id=\"4b12bdef\" data-element_type=\"container\" data-e-type=\"container\">\n\t\t\t\t<div class=\"elementor-element elementor-element-4cc9f349 elementor-widget elementor-widget-heading\" data-id=\"4cc9f349\" data-element_type=\"widget\" data-e-type=\"widget\" data-widget_type=\"heading.default\">\n\t\t\t\t<div class=\"elementor-widget-container\">\n\t\t\t\t\t<h2 class=\"elementor-heading-title elementor-size-default\">ITENS DA ESTOJO<\/h2>\t\t\t\t<\/div>\n\t\t\t\t<\/div>\n\t\t\t\t<div class=\"elementor-element elementor-element-22a38e5c elementor-widget elementor-widget-text-editor\" data-id=\"22a38e5c\" data-element_type=\"widget\" data-e-type=\"widget\" data-widget_type=\"text-editor.default\">\n\t\t\t\t<div class=\"elementor-widget-container\">\n\t\t\t\t\t\t\t\t\t<p>Cada crian\u00e7a ter\u00e1 na sua mochila um estojo simples (sem divis\u00f3rias) com os seguintes materiais, identificados com o nome, para uso individual:<\/p><p>\u2013 1 l\u00e1pis triangular jumpo preto n\u00ba02<\/p><p>\u2013 1 borracha branca macia<\/p><p>\u2013 1 apontador duplo, com dep\u00f3sito<\/p><p>\u2013 1 tesoura pequena de ponta redonda<\/p><p>\u2013 1 caneta preta permanente 2,0mm<\/p><p>OBS: esses materiais devem ser repostos ao longo do ano pela fam\u00edlia.<\/p>\t\t\t\t\t\t\t\t<\/div>\n\t\t\t\t<\/div>\n\t\t\t\t<\/div>\n\t\t<div class=\"elementor-element elementor-element-7b6b84b e-con-full e-flex e-con e-child\" data-id=\"7b6b84b\" data-element_type=\"container\" data-e-type=\"container\">\n\t\t\t\t<div class=\"elementor-element elementor-element-9e86d3a elementor-widget elementor-widget-heading\" data-id=\"9e86d3a\" data-element_type=\"widget\" data-e-type=\"widget\" data-widget_type=\"heading.default\">\n\t\t\t\t<div class=\"elementor-widget-container\">\n\t\t\t\t\t<h2 class=\"elementor-heading-title elementor-size-default\">ITENS DA MOCHILA<\/h2>\t\t\t\t<\/div>\n\t\t\t\t<\/div>\n\t\t\t\t<div class=\"elementor-element elementor-element-902a62e elementor-widget elementor-widget-text-editor\" data-id=\"902a62e\" data-element_type=\"widget\" data-e-type=\"widget\" data-widget_type=\"text-editor.default\">\n\t\t\t\t<div class=\"elementor-widget-container\">\n\t\t\t\t\t\t\t\t\t<p><span class=\"TextRun SCXW255330061 BCX0\" lang=\"PT-BR\" xml:lang=\"PT-BR\" data-contrast=\"auto\"><span class=\"NormalTextRun SCXW255330061 BCX0\">\u00c9 de responsabilidade da fam\u00edlia manter a mochila diariamente organizada com:<\/span><\/span><span class=\"EOP SCXW255330061 BCX0\" data-ccp-props=\"{&quot;134233117&quot;:false,&quot;134233118&quot;:false,&quot;201341983&quot;:0,&quot;335551550&quot;:6,&quot;335551620&quot;:6,&quot;335559685&quot;:0,&quot;335559737&quot;:0,&quot;335559738&quot;:0,&quot;335559739&quot;:0,&quot;335559740&quot;:279}\">\u00a0<\/span><\/p><p>\u2013 1 garrafa para \u00e1gua (identificada)<\/p><p><span data-contrast=\"auto\">\u2013 Mudas de roupas da esta\u00e7\u00e3o (sugerimos o envio de um\u00a0<\/span>par de cal\u00e7ados extra na mochila)<\/p>\t\t\t\t\t\t\t\t<\/div>\n\t\t\t\t<\/div>\n\t\t\t\t<\/div>\n\t\t<div class=\"elementor-element elementor-element-2c7c4093 e-con-full e-flex e-con e-child\" data-id=\"2c7c4093\" data-element_type=\"container\" data-e-type=\"container\">\n\t\t\t\t<div class=\"elementor-element elementor-element-4aea2548 elementor-widget elementor-widget-heading\" data-id=\"4aea2548\" data-element_type=\"widget\" data-e-type=\"widget\" data-widget_type=\"heading.default\">\n\t\t\t\t<div class=\"elementor-widget-container\">\n\t\t\t\t\t<h2 class=\"elementor-heading-title elementor-size-default\">CONJUNTO PEDAG\u00d3GICO<\/h2>\t\t\t\t<\/div>\n\t\t\t\t<\/div>\n\t\t\t\t<div class=\"elementor-element elementor-element-6ab4f2fc elementor-widget elementor-widget-text-editor\" data-id=\"6ab4f2fc\" data-element_type=\"widget\" data-e-type=\"widget\" data-widget_type=\"text-editor.default\">\n\t\t\t\t<div class=\"elementor-widget-container\">\n\t\t\t\t\t\t\t\t\t<p>A composi\u00e7\u00e3o dos espa\u00e7os na Educa\u00e7\u00e3o Infantil oportuniza o desenvolvimento integral da crian\u00e7a, auxiliando em suas potencialidades e oportunizando aquisi\u00e7\u00e3o de novas habilidades motoras, cognitivas e afetivas. Anualmente, escolhemos novos elementos para compor contextos de aprendizagem, de forma personalizada para a turma.<\/p><p>Visando facilitar a log\u00edstica das fam\u00edlias, o valor referente a este conjunto pedag\u00f3gico (R$100,00) ser\u00e1 inclu\u00eddo no boleto de cobran\u00e7a da mensalidade com vencimento no m\u00eas de mar\u00e7o.<\/p>\t\t\t\t\t\t\t\t<\/div>\n\t\t\t\t<\/div>\n\t\t\t\t<\/div>\n\t\t<div class=\"elementor-element elementor-element-8894b90 e-con-full e-flex e-con e-child\" data-id=\"8894b90\" data-element_type=\"container\" data-e-type=\"container\">\n\t\t\t\t<div class=\"elementor-element elementor-element-8a57f57 elementor-widget elementor-widget-heading\" data-id=\"8a57f57\" data-element_type=\"widget\" data-e-type=\"widget\" data-widget_type=\"heading.default\">\n\t\t\t\t<div class=\"elementor-widget-container\">\n\t\t\t\t\t<h2 class=\"elementor-heading-title elementor-size-default\">UNIFORME ESCOLAR<\/h2>\t\t\t\t<\/div>\n\t\t\t\t<\/div>\n\t\t\t\t<div class=\"elementor-element elementor-element-b3c18b6 elementor-widget elementor-widget-text-editor\" data-id=\"b3c18b6\" data-element_type=\"widget\" data-e-type=\"widget\" data-widget_type=\"text-editor.default\">\n\t\t\t\t<div class=\"elementor-widget-container\">\n\t\t\t\t\t\t\t\t\t<p>Uso di\u00e1rio&nbsp;<\/p>\n<p>&#8211; O uso do uniforme escolar padronizado \u00e9 obrigat\u00f3rio;&nbsp;<\/p>\n<p>&#8211; O uniforme do Israelita apresenta uma variedade em pe\u00e7as e materiais para proporcionar conforto e prote\u00e7\u00e3o para as diferentes faixas et\u00e1rias;&nbsp;<\/p>\n<p>&#8211; Comp\u00f5em tamb\u00e9m o vestu\u00e1rio permitido para uso escolar cal\u00e7a e\/ou bermudas na cor preto, sem estampas e cal\u00e7a jeans em dias que n\u00e3o h\u00e1 pr\u00e1tica de esportes;&nbsp;<\/p>\n<p>&#8211; Nos dias de baixas temperaturas \u00e9 permitido o uso de qualquer casaco por cima do moletom e\/ou blus\u00e3o do uniforme (independente de pertencer ou n\u00e3o a cole\u00e7\u00e3o oficial de uniforme da institui\u00e7\u00e3o).<\/p>\n<div><br><\/div>\t\t\t\t\t\t\t\t<\/div>\n\t\t\t\t<\/div>\n\t\t\t\t<\/div>\n\t\t\t\t<\/div>\n\t\t<div class=\"elementor-element elementor-element-176414f8 e-con-full e-flex e-con e-child\" data-id=\"176414f8\" data-element_type=\"container\" data-e-type=\"container\">\n\t\t\t\t<div class=\"elementor-element elementor-element-7696d41d elementor-widget elementor-widget-text-editor\" data-id=\"7696d41d\" data-element_type=\"widget\" data-e-type=\"widget\" data-widget_type=\"text-editor.default\">\n\t\t\t\t<div class=\"elementor-widget-container\">\n\t\t\t\t\t\t\t\t\t<p>Em caso de d\u00favidas, entre em contato pelo aplicativo, no canal Central de Relacionamento.<\/p>\t\t\t\t\t\t\t\t<\/div>\n\t\t\t\t<\/div>\n\t\t<div class=\"elementor-element elementor-element-951072d e-con-full e-flex e-con e-child\" data-id=\"951072d\" data-element_type=\"container\" data-e-type=\"container\">\n\t\t\t\t<div class=\"elementor-element elementor-element-34abdca9 elementor-widget elementor-widget-heading\" data-id=\"34abdca9\" data-element_type=\"widget\" data-e-type=\"widget\" data-widget_type=\"heading.default\">\n\t\t\t\t<div class=\"elementor-widget-container\">\n\t\t\t\t\t<h2 class=\"elementor-heading-title elementor-size-default\"><span style=\"font-size: 33px;font-weight: 400;text-align: center\">Navega\u00e7\u00e3o&nbsp;<\/span><span style=\"font-size: 33px;font-weight: 400;text-align: center\">EI<\/span><\/h2>\t\t\t\t<\/div>\n\t\t\t\t<\/div>\n\t\t<div class=\"elementor-element elementor-element-6439b5b9 e-grid e-con-full e-con e-child\" data-id=\"6439b5b9\" data-element_type=\"container\" data-e-type=\"container\">\n\t\t\t\t<div class=\"elementor-element elementor-element-18fdf5cf elementor-widget elementor-widget-html\" data-id=\"18fdf5cf\" data-element_type=\"widget\" data-e-type=\"widget\" data-widget_type=\"html.default\">\n\t\t\t\t<div class=\"elementor-widget-container\">\n\t\t\t\t\t<a href=\"\/guiaescolar\/educacao-infantil\/horarios\" style=\"text-decoration: none;\">\r\n  <button class=\"comic-button\">Hor\u00e1rios<\/button>\r\n<\/a>\t\t\t\t<\/div>\n\t\t\t\t<\/div>\n\t\t\t\t<div class=\"elementor-element elementor-element-692d8b1e elementor-widget elementor-widget-html\" data-id=\"692d8b1e\" data-element_type=\"widget\" data-e-type=\"widget\" data-widget_type=\"html.default\">\n\t\t\t\t<div class=\"elementor-widget-container\">\n\t\t\t\t\t<a href=\"\/guiaescolar\/educacao-infantil\/salas-de-aula-educacao-infantil\/\" style=\"text-decoration: none;\">\r\n  <button class=\"comic-button\">Salas<br>de Aula<\/button>\r\n<\/a>\t\t\t\t<\/div>\n\t\t\t\t<\/div>\n\t\t\t\t<div class=\"elementor-element elementor-element-73afed88 elementor-widget elementor-widget-html\" data-id=\"73afed88\" data-element_type=\"widget\" data-e-type=\"widget\" data-widget_type=\"html.default\">\n\t\t\t\t<div class=\"elementor-widget-container\">\n\t\t\t\t\t<a href=\"\/guiaescolar\/educacao-infantil\/entrada-e-saida\" style=\"text-decoration: none;\">\r\n  <button class=\"comic-button\">Entrada<br>e Sa\u00edda<\/button>\r\n<\/a>\t\t\t\t<\/div>\n\t\t\t\t<\/div>\n\t\t\t\t<\/div>\n\t\t<div class=\"elementor-element elementor-element-661f9adb e-grid e-con-full e-con e-child\" data-id=\"661f9adb\" data-element_type=\"container\" data-e-type=\"container\">\n\t\t\t\t<div class=\"elementor-element elementor-element-2e04426f elementor-widget elementor-widget-html\" data-id=\"2e04426f\" data-element_type=\"widget\" data-e-type=\"widget\" data-widget_type=\"html.default\">\n\t\t\t\t<div class=\"elementor-widget-container\">\n\t\t\t\t\t<a href=\"\/guiaescolar\/educacao-infantil\/processo-de-adaptacao\" style=\"text-decoration: none;\">\r\n  <button class=\"comic-button\">Processo<br>de Adapta\u00e7\u00e3o<\/button>\r\n<\/a>\t\t\t\t<\/div>\n\t\t\t\t<\/div>\n\t\t\t\t<div class=\"elementor-element elementor-element-122b099a elementor-widget elementor-widget-html\" data-id=\"122b099a\" data-element_type=\"widget\" data-e-type=\"widget\" data-widget_type=\"html.default\">\n\t\t\t\t<div class=\"elementor-widget-container\">\n\t\t\t\t\t<a href=\"\/guiaescolar\/educacao-infantil\/turno-complementar\" style=\"text-decoration: none;\">\r\n  <button class=\"comic-button\">Turno<br>Complementar<\/button>\r\n<\/a>\t\t\t\t<\/div>\n\t\t\t\t<\/div>\n\t\t\t\t<div class=\"elementor-element elementor-element-3cce0b06 elementor-widget elementor-widget-html\" data-id=\"3cce0b06\" data-element_type=\"widget\" data-e-type=\"widget\" data-widget_type=\"html.default\">\n\t\t\t\t<div class=\"elementor-widget-container\">\n\t\t\t\t\t<a href=\"\/guiaescolar\/educacao-infantil\/lista-de-materiais\" style=\"text-decoration: none;\">\r\n  <button class=\"comic-button\">Lista<br>de Materiais<\/button>\r\n<\/a>\t\t\t\t<\/div>\n\t\t\t\t<\/div>\n\t\t\t\t<\/div>\n\t\t<div class=\"elementor-element elementor-element-5d87d179 e-grid e-con-full e-con e-child\" data-id=\"5d87d179\" data-element_type=\"container\" data-e-type=\"container\">\n\t\t\t\t<div class=\"elementor-element elementor-element-33b5fd0b elementor-widget elementor-widget-html\" data-id=\"33b5fd0b\" data-element_type=\"widget\" data-e-type=\"widget\" data-widget_type=\"html.default\">\n\t\t\t\t<div class=\"elementor-widget-container\">\n\t\t\t\t\t<a href=\"\/guiaescolar\/educacao-infantil\/extra-curriculares\" style=\"text-decoration: none;\">\r\n  <button class=\"comic-button\">Extra-<br>curriculares<\/button>\r\n<\/a>\t\t\t\t<\/div>\n\t\t\t\t<\/div>\n\t\t\t\t<div class=\"elementor-element elementor-element-3ee7975d elementor-widget elementor-widget-html\" data-id=\"3ee7975d\" data-element_type=\"widget\" data-e-type=\"widget\" data-widget_type=\"html.default\">\n\t\t\t\t<div class=\"elementor-widget-container\">\n\t\t\t\t\t<a href=\"\/guiaescolar\/educacao-infantil\/saida-de-estudos\" style=\"text-decoration: none;\">\r\n  <button class=\"comic-button\">Sa\u00eddas<br>de Estudos<\/button>\r\n<\/a>\t\t\t\t<\/div>\n\t\t\t\t<\/div>\n\t\t\t\t<div class=\"elementor-element elementor-element-3de7fba6 elementor-widget elementor-widget-html\" data-id=\"3de7fba6\" data-element_type=\"widget\" data-e-type=\"widget\" data-widget_type=\"html.default\">\n\t\t\t\t<div class=\"elementor-widget-container\">\n\t\t\t\t\t<a href=\"\/guiaescolar\/educacao-infantil\/aniversario\" style=\"text-decoration: none;\">\r\n  <button class=\"comic-button\">Anivers\u00e1rio<\/button>\r\n<\/a>\t\t\t\t<\/div>\n\t\t\t\t<\/div>\n\t\t\t\t<\/div>\n\t\t<div class=\"elementor-element elementor-element-35a0dbde e-grid e-con-full e-con e-child\" data-id=\"35a0dbde\" data-element_type=\"container\" data-e-type=\"container\">\n\t\t\t\t<div class=\"elementor-element elementor-element-62628d40 elementor-widget elementor-widget-html\" data-id=\"62628d40\" data-element_type=\"widget\" data-e-type=\"widget\" data-widget_type=\"html.default\">\n\t\t\t\t<div class=\"elementor-widget-container\">\n\t\t\t\t\t<a href=\"\/guiaescolar\/educacao-infantil\/reunioes-de-turmas\" style=\"text-decoration: none;\">\r\n  <button class=\"comic-button\">Reuni\u00f5es<br> de Turmas<\/button>\r\n<\/a>\t\t\t\t<\/div>\n\t\t\t\t<\/div>\n\t\t\t\t<div class=\"elementor-element elementor-element-218765dc elementor-widget elementor-widget-html\" data-id=\"218765dc\" data-element_type=\"widget\" data-e-type=\"widget\" data-widget_type=\"html.default\">\n\t\t\t\t<div class=\"elementor-widget-container\">\n\t\t\t\t\t<a href=\"\/guiaescolar\/educacao-infantil\/shabat-com-familias\" style=\"text-decoration: none;\">\r\n  <button class=\"comic-button\">Shabat<br>com Fam\u00edlias<\/button>\r\n<\/a>\t\t\t\t<\/div>\n\t\t\t\t<\/div>\n\t\t\t\t<\/div>\n\t\t\t\t<\/div>\n\t\t\t\t<\/div>\n\t\t\t\t\t<\/div>\n\t\t\t\t<\/div>\n\t\t\t\t<\/div>\n\t\t","protected":false},"excerpt":{"rendered":"<p>GUIA ESCOLAR Lista de Materiais N\u00edvel B Os materiais escolares adotados para 2026 estar\u00e3o dispon\u00edveis para venda na loja Letral, localizada na escola.\u00a0Em raz\u00e3o de obras, a loja estar\u00e1 temporariamente localizada na Sala de M\u00fasica.\u00a0 Informa\u00e7\u00f5es e or\u00e7amentos pelo WhatsApp 51 9819-9186. A loja tamb\u00e9m faz a entrega direta em sala de aula, do maternal [&hellip;]<\/p>\n","protected":false},"author":6,"featured_media":0,"parent":663,"menu_order":0,"comment_status":"closed","ping_status":"closed","template":"","meta":{"footnotes":""},"class_list":["post-721","page","type-page","status-publish","hentry"],"_links":{"self":[{"href":"https:\/\/israelitaedu.com.br\/guiaescolar\/wp-json\/wp\/v2\/pages\/721","targetHints":{"allow":["GET"]}}],"collection":[{"href":"https:\/\/israelitaedu.com.br\/guiaescolar\/wp-json\/wp\/v2\/pages"}],"about":[{"href":"https:\/\/israelitaedu.com.br\/guiaescolar\/wp-json\/wp\/v2\/types\/page"}],"author":[{"embeddable":true,"href":"https:\/\/israelitaedu.com.br\/guiaescolar\/wp-json\/wp\/v2\/users\/6"}],"replies":[{"embeddable":true,"href":"https:\/\/israelitaedu.com.br\/guiaescolar\/wp-json\/wp\/v2\/comments?post=721"}],"version-history":[{"count":18,"href":"https:\/\/israelitaedu.com.br\/guiaescolar\/wp-json\/wp\/v2\/pages\/721\/revisions"}],"predecessor-version":[{"id":6742,"href":"https:\/\/israelitaedu.com.br\/guiaescolar\/wp-json\/wp\/v2\/pages\/721\/revisions\/6742"}],"up":[{"embeddable":true,"href":"https:\/\/israelitaedu.com.br\/guiaescolar\/wp-json\/wp\/v2\/pages\/663"}],"wp:attachment":[{"href":"https:\/\/israelitaedu.com.br\/guiaescolar\/wp-json\/wp\/v2\/media?parent=721"}],"curies":[{"name":"wp","href":"https:\/\/api.w.org\/{rel}","templated":true}]}}