{"id":6237,"date":"2025-12-08T14:00:45","date_gmt":"2025-12-08T17:00:45","guid":{"rendered":"https:\/\/israelitaedu.com.br\/guiaescolar\/?page_id=6237"},"modified":"2025-12-08T14:03:49","modified_gmt":"2025-12-08T17:03:49","slug":"avaliacao-ei","status":"publish","type":"page","link":"https:\/\/israelitaedu.com.br\/guiaescolar\/avaliacao-ei\/","title":{"rendered":"Avalia\u00e7\u00e3o EI"},"content":{"rendered":"\t\t<div data-elementor-type=\"wp-page\" data-elementor-id=\"6237\" class=\"elementor elementor-6237\" data-elementor-post-type=\"page\">\n\t\t\t\t<div class=\"elementor-element elementor-element-5fa409f e-con-full e-flex e-con e-child\" data-id=\"5fa409f\" data-element_type=\"container\" data-e-type=\"container\">\n\t\t\t\t<div class=\"elementor-element elementor-element-934786f elementor-widget elementor-widget-heading\" data-id=\"934786f\" data-element_type=\"widget\" data-e-type=\"widget\" data-widget_type=\"heading.default\">\n\t\t\t\t<div class=\"elementor-widget-container\">\n\t\t\t\t\t<h2 class=\"elementor-heading-title elementor-size-default\">Avalia\u00e7\u00e3o<\/h2>\t\t\t\t<\/div>\n\t\t\t\t<\/div>\n\t\t\t\t<\/div>\n\t\t<div class=\"elementor-element elementor-element-41938a7 e-con-full e-flex e-con e-child\" data-id=\"41938a7\" data-element_type=\"container\" data-e-type=\"container\">\n\t\t\t\t<div class=\"elementor-element elementor-element-8889064 elementor-widget elementor-widget-text-editor\" data-id=\"8889064\" data-element_type=\"widget\" data-e-type=\"widget\" data-widget_type=\"text-editor.default\">\n\t\t\t\t<div class=\"elementor-widget-container\">\n\t\t\t\t\t\t\t\t\t<p>O CIB organiza seus processos avaliativos em dois semestres. A avalia\u00e7\u00e3o acompanha o desenvolvimento das habilidades previstas para cada \u00e1rea do conhecimento e componente curricular, registrando evid\u00eancias de progresso e identificando pontos de investimento.<\/p>\t\t\t\t\t\t\t\t<\/div>\n\t\t\t\t<\/div>\n\t\t\t\t<div class=\"elementor-element elementor-element-0111479 elementor-widget elementor-widget-heading\" data-id=\"0111479\" data-element_type=\"widget\" data-e-type=\"widget\" data-widget_type=\"heading.default\">\n\t\t\t\t<div class=\"elementor-widget-container\">\n\t\t\t\t\t<h2 class=\"elementor-heading-title elementor-size-default\">Relat\u00f3rio de Avalia\u00e7\u00e3o<\/h2>\t\t\t\t<\/div>\n\t\t\t\t<\/div>\n\t\t\t\t<div class=\"elementor-element elementor-element-64abb5d elementor-widget elementor-widget-text-editor\" data-id=\"64abb5d\" data-element_type=\"widget\" data-e-type=\"widget\" data-widget_type=\"text-editor.default\">\n\t\t\t\t<div class=\"elementor-widget-container\">\n\t\t\t\t\t\t\t\t\t<p>A avalia\u00e7\u00e3o \u00e9 registrada ao longo dos dois semestres e comunicada \u00e0s fam\u00edlias por meio do Relat\u00f3rio de Avalia\u00e7\u00e3o, documento oficial que sintetiza o percurso do estudante.<\/p>\t\t\t\t\t\t\t\t<\/div>\n\t\t\t\t<\/div>\n\t\t\t\t<div class=\"elementor-element elementor-element-5d3a4a7 elementor-widget elementor-widget-heading\" data-id=\"5d3a4a7\" data-element_type=\"widget\" data-e-type=\"widget\" data-widget_type=\"heading.default\">\n\t\t\t\t<div class=\"elementor-widget-container\">\n\t\t\t\t\t<h2 class=\"elementor-heading-title elementor-size-default\">Na Educa\u00e7\u00e3o Infantil,  o Relat\u00f3rio \u00e9 composto por:<\/h2>\t\t\t\t<\/div>\n\t\t\t\t<\/div>\n\t\t\t\t<div class=\"elementor-element elementor-element-a15c4d3 elementor-widget elementor-widget-text-editor\" data-id=\"a15c4d3\" data-element_type=\"widget\" data-e-type=\"widget\" data-widget_type=\"text-editor.default\">\n\t\t\t\t<div class=\"elementor-widget-container\">\n\t\t\t\t\t\t\t\t\t<ul><li>Percurso coletivo, que apresenta a trajet\u00f3ria do grupo.<\/li><li>Parecer descritivo individual, que aborda o desenvolvimento da crian\u00e7a nos aspectos cognitivo, motor, social e emocional.<\/li><li>Habilidades expressas em n\u00edveis de profici\u00eancia, a partir do M3.<\/li><\/ul>\t\t\t\t\t\t\t\t<\/div>\n\t\t\t\t<\/div>\n\t\t\t\t<\/div>\n\t\t\t\t<\/div>\n\t\t","protected":false},"excerpt":{"rendered":"<p>Avalia\u00e7\u00e3o O CIB organiza seus processos avaliativos em dois semestres. A avalia\u00e7\u00e3o acompanha o desenvolvimento das habilidades previstas para cada \u00e1rea do conhecimento e componente curricular, registrando evid\u00eancias de progresso e identificando pontos de investimento. Relat\u00f3rio de Avalia\u00e7\u00e3o A avalia\u00e7\u00e3o \u00e9 registrada ao longo dos dois semestres e comunicada \u00e0s fam\u00edlias por meio do Relat\u00f3rio [&hellip;]<\/p>\n","protected":false},"author":15,"featured_media":0,"parent":0,"menu_order":0,"comment_status":"closed","ping_status":"closed","template":"","meta":{"footnotes":""},"class_list":["post-6237","page","type-page","status-publish","hentry"],"_links":{"self":[{"href":"https:\/\/israelitaedu.com.br\/guiaescolar\/wp-json\/wp\/v2\/pages\/6237","targetHints":{"allow":["GET"]}}],"collection":[{"href":"https:\/\/israelitaedu.com.br\/guiaescolar\/wp-json\/wp\/v2\/pages"}],"about":[{"href":"https:\/\/israelitaedu.com.br\/guiaescolar\/wp-json\/wp\/v2\/types\/page"}],"author":[{"embeddable":true,"href":"https:\/\/israelitaedu.com.br\/guiaescolar\/wp-json\/wp\/v2\/users\/15"}],"replies":[{"embeddable":true,"href":"https:\/\/israelitaedu.com.br\/guiaescolar\/wp-json\/wp\/v2\/comments?post=6237"}],"version-history":[{"count":4,"href":"https:\/\/israelitaedu.com.br\/guiaescolar\/wp-json\/wp\/v2\/pages\/6237\/revisions"}],"predecessor-version":[{"id":6241,"href":"https:\/\/israelitaedu.com.br\/guiaescolar\/wp-json\/wp\/v2\/pages\/6237\/revisions\/6241"}],"wp:attachment":[{"href":"https:\/\/israelitaedu.com.br\/guiaescolar\/wp-json\/wp\/v2\/media?parent=6237"}],"curies":[{"name":"wp","href":"https:\/\/api.w.org\/{rel}","templated":true}]}}

Avaliação EI

<div data-elementor-type="wp-page" data-elementor-id="6237" class="elementor elementor-6237" data-elementor-post-type="page">
				<div class="elementor-element elementor-element-5fa409f e-con-full e-flex e-con e-child" data-id="5fa409f" data-element_type="container" data-e-type="container">
				<div class="elementor-element elementor-element-934786f elementor-widget elementor-widget-heading" data-id="934786f" data-element_type="widget" data-e-type="widget" data-widget_type="heading.default">
				<div class="elementor-widget-container">
					<h2 class="elementor-heading-title elementor-size-default">Avaliação</h2>				</div>
				</div>
				</div>
		<div class="elementor-element elementor-element-41938a7 e-con-full e-flex e-con e-child" data-id="41938a7" data-element_type="container" data-e-type="container">
				<div class="elementor-element elementor-element-8889064 elementor-widget elementor-widget-text-editor" data-id="8889064" data-element_type="widget" data-e-type="widget" data-widget_type="text-editor.default">
				<div class="elementor-widget-container">
									<p>O CIB organiza seus processos avaliativos em dois semestres. A avaliação acompanha o desenvolvimento das habilidades previstas para cada área do conhecimento e componente curricular, registrando evidências de progresso e identificando pontos de investimento.</p>								</div>
				</div>
				<div class="elementor-element elementor-element-0111479 elementor-widget elementor-widget-heading" data-id="0111479" data-element_type="widget" data-e-type="widget" data-widget_type="heading.default">
				<div class="elementor-widget-container">
					<h2 class="elementor-heading-title elementor-size-default">Relatório de Avaliação</h2>				</div>
				</div>
				<div class="elementor-element elementor-element-64abb5d elementor-widget elementor-widget-text-editor" data-id="64abb5d" data-element_type="widget" data-e-type="widget" data-widget_type="text-editor.default">
				<div class="elementor-widget-container">
									<p>A avaliação é registrada ao longo dos dois semestres e comunicada às famílias por meio do Relatório de Avaliação, documento oficial que sintetiza o percurso do estudante.</p>								</div>
				</div>
				<div class="elementor-element elementor-element-5d3a4a7 elementor-widget elementor-widget-heading" data-id="5d3a4a7" data-element_type="widget" data-e-type="widget" data-widget_type="heading.default">
				<div class="elementor-widget-container">
					<h2 class="elementor-heading-title elementor-size-default">Na Educação Infantil,  o Relatório é composto por:</h2>				</div>
				</div>
				<div class="elementor-element elementor-element-a15c4d3 elementor-widget elementor-widget-text-editor" data-id="a15c4d3" data-element_type="widget" data-e-type="widget" data-widget_type="text-editor.default">
				<div class="elementor-widget-container">
									<ul><li>Percurso coletivo, que apresenta a trajetória do grupo.</li><li>Parecer descritivo individual, que aborda o desenvolvimento da criança nos aspectos cognitivo, motor, social e emocional.</li><li>Habilidades expressas em níveis de proficiência, a partir do M3.</li></ul>								</div>
				</div>
				</div>
				</div>

<p>Avaliação O CIB organiza seus processos avaliativos em dois semestres. A avaliação acompanha o desenvolvimento das habilidades previstas para cada área do conhecimento e componente curricular, registrando evidências de progresso e identificando pontos de investimento. Relatório de Avaliação A avaliação é registrada ao longo dos dois semestres e comunicada às famílias por meio do Relatório [&hellip;]</p>
