{"id":6193,"date":"2025-12-08T11:45:42","date_gmt":"2025-12-08T14:45:42","guid":{"rendered":"https:\/\/israelitaedu.com.br\/guiaescolar\/?page_id=6193"},"modified":"2025-12-12T11:12:33","modified_gmt":"2025-12-12T14:12:33","slug":"extracurricularesei","status":"publish","type":"page","link":"https:\/\/israelitaedu.com.br\/guiaescolar\/extracurricularesei\/","title":{"rendered":"ExtracurricularesEI"},"content":{"rendered":"\t\t<div data-elementor-type=\"wp-page\" data-elementor-id=\"6193\" class=\"elementor elementor-6193\" data-elementor-post-type=\"page\">\n\t\t\t\t<div class=\"elementor-element elementor-element-2de4400 e-flex e-con-boxed e-con e-parent\" data-id=\"2de4400\" data-element_type=\"container\" data-e-type=\"container\">\n\t\t\t\t\t<div class=\"e-con-inner\">\n\t\t<div class=\"elementor-element elementor-element-2608a15 e-con-full e-flex e-con e-child\" data-id=\"2608a15\" data-element_type=\"container\" data-e-type=\"container\">\n\t\t\t\t<div class=\"elementor-element elementor-element-21375c4 elementor-widget elementor-widget-heading\" data-id=\"21375c4\" data-element_type=\"widget\" data-e-type=\"widget\" data-widget_type=\"heading.default\">\n\t\t\t\t<div class=\"elementor-widget-container\">\n\t\t\t\t\t<h2 class=\"elementor-heading-title elementor-size-default\">Atividades Extracurriculares:<\/h2>\t\t\t\t<\/div>\n\t\t\t\t<\/div>\n\t\t\t\t<\/div>\n\t\t<div class=\"elementor-element elementor-element-a6bde38 e-con-full e-flex e-con e-child\" data-id=\"a6bde38\" data-element_type=\"container\" data-e-type=\"container\">\n\t\t\t\t<div class=\"elementor-element elementor-element-d8d3eb6 elementor-widget__width-initial elementor-widget-tablet__width-initial elementor-widget-mobile__width-initial elementor-widget elementor-widget-text-editor\" data-id=\"d8d3eb6\" data-element_type=\"widget\" data-e-type=\"widget\" data-widget_type=\"text-editor.default\">\n\t\t\t\t<div class=\"elementor-widget-container\">\n\t\t\t\t\t\t\t\t\t<p dir=\"ltr\">As\u00a0matr\u00edculas nas atividades extracurriculares s\u00e3o realizadas pelo Portal dos Pais, no site do Col\u00e9gio. As vagas s\u00e3o limitadas e organizadas por faixa et\u00e1ria. Para realizar o processo de matr\u00edcula nas atividades extracurriculares \u00e9 necess\u00e1rio que a rematr\u00edcula ou matr\u00edcula (para alunos novos), j\u00e1 tenha sido realizada no Portal ou presencialmente.<\/p>\t\t\t\t\t\t\t\t<\/div>\n\t\t\t\t<\/div>\n\t\t\t\t<\/div>\n\t\t<div class=\"elementor-element elementor-element-117cf65 e-con-full e-flex e-con e-child\" data-id=\"117cf65\" data-element_type=\"container\" data-e-type=\"container\">\n\t\t<div class=\"elementor-element elementor-element-9a3f657 e-con-full e-flex e-con e-child\" data-id=\"9a3f657\" data-element_type=\"container\" data-e-type=\"container\">\n\t\t\t\t<div class=\"elementor-element elementor-element-cd71312 elementor-widget elementor-widget-heading\" data-id=\"cd71312\" data-element_type=\"widget\" data-e-type=\"widget\" data-widget_type=\"heading.default\">\n\t\t\t\t<div class=\"elementor-widget-container\">\n\t\t\t\t\t<h2 class=\"elementor-heading-title elementor-size-default\">In\u00edcio das aulas nas atividades extracurriculares:<\/h2>\t\t\t\t<\/div>\n\t\t\t\t<\/div>\n\t\t\t\t<\/div>\n\t\t<div class=\"elementor-element elementor-element-9e195a9 e-con-full e-flex e-con e-child\" data-id=\"9e195a9\" data-element_type=\"container\" data-e-type=\"container\" data-settings=\"{&quot;background_background&quot;:&quot;classic&quot;}\">\n\t\t\t\t<div class=\"elementor-element elementor-element-c40ac39 elementor-widget__width-initial elementor-widget-tablet__width-initial elementor-widget-mobile__width-initial elementor-widget elementor-widget-text-editor\" data-id=\"c40ac39\" data-element_type=\"widget\" data-e-type=\"widget\" data-widget_type=\"text-editor.default\">\n\t\t\t\t<div class=\"elementor-widget-container\">\n\t\t\t\t\t\t\t\t\t<p dir=\"ltr\"><strong>23 de fevereiro: N\u00edveis A e B <BR><\/strong><strong>25 de fevereiro: Maternal 3<\/strong><\/p>\t\t\t\t\t\t\t\t<\/div>\n\t\t\t\t<\/div>\n\t\t\t\t<\/div>\n\t\t\t\t<\/div>\n\t\t<div class=\"elementor-element elementor-element-62cc6a9 e-con-full e-flex e-con e-child\" data-id=\"62cc6a9\" data-element_type=\"container\" data-e-type=\"container\">\n\t\t\t\t<div class=\"elementor-element elementor-element-7632676 elementor-widget elementor-widget-heading\" data-id=\"7632676\" data-element_type=\"widget\" data-e-type=\"widget\" data-widget_type=\"heading.default\">\n\t\t\t\t<div class=\"elementor-widget-container\">\n\t\t\t\t\t<h2 class=\"elementor-heading-title elementor-size-default\">Hor\u00e1rio das aulas:\n\n<\/h2>\t\t\t\t<\/div>\n\t\t\t\t<\/div>\n\t\t\t\t<div class=\"elementor-element elementor-element-679bbe3 elementor-widget__width-initial elementor-widget-tablet__width-initial elementor-widget-mobile__width-initial elementor-widget elementor-widget-text-editor\" data-id=\"679bbe3\" data-element_type=\"widget\" data-e-type=\"widget\" data-widget_type=\"text-editor.default\">\n\t\t\t\t<div class=\"elementor-widget-container\">\n\t\t\t\t\t\t\t\t\t<p dir=\"ltr\"><span style=\"font-size: 1rem;\">Educa\u00e7\u00e3o Infantil: turno da tarde, das 18h \u00e0s 19h, de segunda a quinta-feira.<\/span><\/p>\t\t\t\t\t\t\t\t<\/div>\n\t\t\t\t<\/div>\n\t\t\t\t<\/div>\n\t\t<div class=\"elementor-element elementor-element-4ce728b e-con-full e-flex e-con e-child\" data-id=\"4ce728b\" data-element_type=\"container\" data-e-type=\"container\">\n\t\t\t\t<div class=\"elementor-element elementor-element-1f2a4c0 elementor-widget elementor-widget-button\" data-id=\"1f2a4c0\" data-element_type=\"widget\" data-e-type=\"widget\" data-widget_type=\"button.default\">\n\t\t\t\t<div class=\"elementor-widget-container\">\n\t\t\t\t\t\t\t\t\t<div class=\"elementor-button-wrapper\">\n\t\t\t\t\t<a class=\"elementor-button elementor-button-link elementor-size-sm\" href=\"\/guiaescolar\/extracurriculares\/\">\n\t\t\t\t\t\t<span class=\"elementor-button-content-wrapper\">\n\t\t\t\t\t\t\t\t\t<span class=\"elementor-button-text\">EXTRACURRICULARES 2026<\/span>\n\t\t\t\t\t<\/span>\n\t\t\t\t\t<\/a>\n\t\t\t\t<\/div>\n\t\t\t\t\t\t\t\t<\/div>\n\t\t\t\t<\/div>\n\t\t\t\t<\/div>\n\t\t\t\t\t<\/div>\n\t\t\t\t<\/div>\n\t\t\t\t<\/div>\n\t\t","protected":false},"excerpt":{"rendered":"<p>Atividades Extracurriculares: As\u00a0matr\u00edculas nas atividades extracurriculares s\u00e3o realizadas pelo Portal dos Pais, no site do Col\u00e9gio. As vagas s\u00e3o limitadas e organizadas por faixa et\u00e1ria. Para realizar o processo de matr\u00edcula nas atividades extracurriculares \u00e9 necess\u00e1rio que a rematr\u00edcula ou matr\u00edcula (para alunos novos), j\u00e1 tenha sido realizada no Portal ou presencialmente. In\u00edcio das aulas [&hellip;]<\/p>\n","protected":false},"author":15,"featured_media":0,"parent":0,"menu_order":0,"comment_status":"closed","ping_status":"closed","template":"","meta":{"footnotes":""},"class_list":["post-6193","page","type-page","status-publish","hentry"],"_links":{"self":[{"href":"https:\/\/israelitaedu.com.br\/guiaescolar\/wp-json\/wp\/v2\/pages\/6193","targetHints":{"allow":["GET"]}}],"collection":[{"href":"https:\/\/israelitaedu.com.br\/guiaescolar\/wp-json\/wp\/v2\/pages"}],"about":[{"href":"https:\/\/israelitaedu.com.br\/guiaescolar\/wp-json\/wp\/v2\/types\/page"}],"author":[{"embeddable":true,"href":"https:\/\/israelitaedu.com.br\/guiaescolar\/wp-json\/wp\/v2\/users\/15"}],"replies":[{"embeddable":true,"href":"https:\/\/israelitaedu.com.br\/guiaescolar\/wp-json\/wp\/v2\/comments?post=6193"}],"version-history":[{"count":28,"href":"https:\/\/israelitaedu.com.br\/guiaescolar\/wp-json\/wp\/v2\/pages\/6193\/revisions"}],"predecessor-version":[{"id":6480,"href":"https:\/\/israelitaedu.com.br\/guiaescolar\/wp-json\/wp\/v2\/pages\/6193\/revisions\/6480"}],"wp:attachment":[{"href":"https:\/\/israelitaedu.com.br\/guiaescolar\/wp-json\/wp\/v2\/media?parent=6193"}],"curies":[{"name":"wp","href":"https:\/\/api.w.org\/{rel}","templated":true}]}}

<div data-elementor-type="wp-page" data-elementor-id="6193" class="elementor elementor-6193" data-elementor-post-type="page">
				<div class="elementor-element elementor-element-2de4400 e-flex e-con-boxed e-con e-parent" data-id="2de4400" data-element_type="container" data-e-type="container">
					<div class="e-con-inner">
		<div class="elementor-element elementor-element-2608a15 e-con-full e-flex e-con e-child" data-id="2608a15" data-element_type="container" data-e-type="container">
				<div class="elementor-element elementor-element-21375c4 elementor-widget elementor-widget-heading" data-id="21375c4" data-element_type="widget" data-e-type="widget" data-widget_type="heading.default">
				<div class="elementor-widget-container">
					<h2 class="elementor-heading-title elementor-size-default">Atividades Extracurriculares:</h2>				</div>
				</div>
				</div>
		<div class="elementor-element elementor-element-a6bde38 e-con-full e-flex e-con e-child" data-id="a6bde38" data-element_type="container" data-e-type="container">
				<div class="elementor-element elementor-element-d8d3eb6 elementor-widget__width-initial elementor-widget-tablet__width-initial elementor-widget-mobile__width-initial elementor-widget elementor-widget-text-editor" data-id="d8d3eb6" data-element_type="widget" data-e-type="widget" data-widget_type="text-editor.default">
				<div class="elementor-widget-container">
									<p dir="ltr">As matrículas nas atividades extracurriculares são realizadas pelo Portal dos Pais, no site do Colégio. As vagas são limitadas e organizadas por faixa etária. Para realizar o processo de matrícula nas atividades extracurriculares é necessário que a rematrícula ou matrícula (para alunos novos), já tenha sido realizada no Portal ou presencialmente.</p>								</div>
				</div>
				</div>
		<div class="elementor-element elementor-element-117cf65 e-con-full e-flex e-con e-child" data-id="117cf65" data-element_type="container" data-e-type="container">
		<div class="elementor-element elementor-element-9a3f657 e-con-full e-flex e-con e-child" data-id="9a3f657" data-element_type="container" data-e-type="container">
				<div class="elementor-element elementor-element-cd71312 elementor-widget elementor-widget-heading" data-id="cd71312" data-element_type="widget" data-e-type="widget" data-widget_type="heading.default">
				<div class="elementor-widget-container">
					<h2 class="elementor-heading-title elementor-size-default">Início das aulas nas atividades extracurriculares:</h2>				</div>
				</div>
				</div>
		<div class="elementor-element elementor-element-9e195a9 e-con-full e-flex e-con e-child" data-id="9e195a9" data-element_type="container" data-e-type="container" data-settings="{&quot;background_background&quot;:&quot;classic&quot;}">
				<div class="elementor-element elementor-element-c40ac39 elementor-widget__width-initial elementor-widget-tablet__width-initial elementor-widget-mobile__width-initial elementor-widget elementor-widget-text-editor" data-id="c40ac39" data-element_type="widget" data-e-type="widget" data-widget_type="text-editor.default">
				<div class="elementor-widget-container">
									<p dir="ltr"><strong>23 de fevereiro: Níveis A e B <BR></strong><strong>25 de fevereiro: Maternal 3</strong></p>								</div>
				</div>
				</div>
				</div>
		<div class="elementor-element elementor-element-62cc6a9 e-con-full e-flex e-con e-child" data-id="62cc6a9" data-element_type="container" data-e-type="container">
				<div class="elementor-element elementor-element-7632676 elementor-widget elementor-widget-heading" data-id="7632676" data-element_type="widget" data-e-type="widget" data-widget_type="heading.default">
				<div class="elementor-widget-container">
					<h2 class="elementor-heading-title elementor-size-default">Horário das aulas:

</h2>				</div>
				</div>
				<div class="elementor-element elementor-element-679bbe3 elementor-widget__width-initial elementor-widget-tablet__width-initial elementor-widget-mobile__width-initial elementor-widget elementor-widget-text-editor" data-id="679bbe3" data-element_type="widget" data-e-type="widget" data-widget_type="text-editor.default">
				<div class="elementor-widget-container">
									<p dir="ltr"><span style="font-size: 1rem;">Educação Infantil: turno da tarde, das 18h às 19h, de segunda a quinta-feira.</span></p>								</div>
				</div>
				</div>
		<div class="elementor-element elementor-element-4ce728b e-con-full e-flex e-con e-child" data-id="4ce728b" data-element_type="container" data-e-type="container">
				<div class="elementor-element elementor-element-1f2a4c0 elementor-widget elementor-widget-button" data-id="1f2a4c0" data-element_type="widget" data-e-type="widget" data-widget_type="button.default">
				<div class="elementor-widget-container">
									<div class="elementor-button-wrapper">
					<a class="elementor-button elementor-button-link elementor-size-sm" href="/guiaescolar/extracurriculares/">
						<span class="elementor-button-content-wrapper">
									<span class="elementor-button-text">EXTRACURRICULARES 2026</span>
					</span>
					</a>
				</div>
								</div>
				</div>
				</div>
					</div>
				</div>
				</div>

<p>Atividades Extracurriculares: As matrículas nas atividades extracurriculares são realizadas pelo Portal dos Pais, no site do Colégio. As vagas são limitadas e organizadas por faixa etária. Para realizar o processo de matrícula nas atividades extracurriculares é necessário que a rematrícula ou matrícula (para alunos novos), já tenha sido realizada no Portal ou presencialmente. Início das aulas [&hellip;]</p>
