{"id":6123,"date":"2025-12-08T10:20:37","date_gmt":"2025-12-08T13:20:37","guid":{"rendered":"https:\/\/israelitaedu.com.br\/guiaescolar\/?page_id=6123"},"modified":"2026-02-18T15:38:33","modified_gmt":"2026-02-18T18:38:33","slug":"estacionamento","status":"publish","type":"page","link":"https:\/\/israelitaedu.com.br\/guiaescolar\/estacionamento\/","title":{"rendered":"Estacionamento"},"content":{"rendered":"\t\t<div data-elementor-type=\"wp-page\" data-elementor-id=\"6123\" class=\"elementor elementor-6123\" data-elementor-post-type=\"page\">\n\t\t\t\t<div class=\"elementor-element elementor-element-428cfe9 e-flex e-con-boxed e-con e-parent\" data-id=\"428cfe9\" data-element_type=\"container\" data-e-type=\"container\">\n\t\t\t\t\t<div class=\"e-con-inner\">\n\t\t\t\t<div class=\"elementor-element elementor-element-dbbb0c2 elementor-widget elementor-widget-heading\" data-id=\"dbbb0c2\" data-element_type=\"widget\" data-e-type=\"widget\" data-widget_type=\"heading.default\">\n\t\t\t\t<div class=\"elementor-widget-container\">\n\t\t\t\t\t<h2 class=\"elementor-heading-title elementor-size-default\">Estacionamento<\/h2>\t\t\t\t<\/div>\n\t\t\t\t<\/div>\n\t\t\t\t<div class=\"elementor-element elementor-element-baa523d elementor-widget__width-initial elementor-widget-tablet__width-initial elementor-widget-mobile__width-initial elementor-widget elementor-widget-text-editor\" data-id=\"baa523d\" data-element_type=\"widget\" data-e-type=\"widget\" data-widget_type=\"text-editor.default\">\n\t\t\t\t<div class=\"elementor-widget-container\">\n\t\t\t\t\t\t\t\t\t<p>Para usufruir do estacionamento, \u00e9 necess\u00e1rio que as fam\u00edlias da Educa\u00e7\u00e3o Infantil preencham o formul\u00e1rio de inscri\u00e7\u00e3o <a href=\"https:\/\/forms.gle\/CrSh1xVnt4KxRYas8\" target=\"_blank\" rel=\"noopener\" data-saferedirecturl=\"https:\/\/www.google.com\/url?q=https:\/\/docs.google.com\/forms\/d\/e\/1FAIpQLSdpiKuOvPzHK3R_bNU09OjNEFzwY5swtFcp1WX1nscihcCXHA\/viewform&amp;source=gmail&amp;ust=1765283893143000&amp;usg=AOvVaw2DKwvUlYw218hb0er9cAGJ\">clique aqui para acessar,<\/a>\u00a0concordando com as condi\u00e7\u00f5es de uso.<\/p>\t\t\t\t\t\t\t\t<\/div>\n\t\t\t\t<\/div>\n\t\t\t\t\t<\/div>\n\t\t\t\t<\/div>\n\t\t<div class=\"elementor-element elementor-element-e589778 e-flex e-con-boxed e-con e-parent\" data-id=\"e589778\" data-element_type=\"container\" data-e-type=\"container\">\n\t\t\t\t\t<div class=\"e-con-inner\">\n\t\t\t\t<div class=\"elementor-element elementor-element-6023718 elementor-widget__width-initial elementor-widget-tablet__width-initial elementor-widget-mobile__width-initial elementor-widget elementor-widget-text-editor\" data-id=\"6023718\" data-element_type=\"widget\" data-e-type=\"widget\" data-widget_type=\"text-editor.default\">\n\t\t\t\t<div class=\"elementor-widget-container\">\n\t\t\t\t\t\t\t\t\t<p dir=\"ltr\">A seguir destacamos as principais informa\u00e7\u00f5es sobre o funcionamento\u00a0<span style=\"font-size: 1rem;\">do espa\u00e7o:\u00a0<\/span><\/p><ul><li dir=\"ltr\"><p dir=\"ltr\" role=\"presentation\">O estacionamento funciona em regime rotativo, sem vagas fixas;<\/p><\/li><li dir=\"ltr\"><p dir=\"ltr\" role=\"presentation\">S\u00e3o 58 vagas, sendo 48 cobertas e 10 descobertas;<\/p><\/li><li dir=\"ltr\"><p dir=\"ltr\" role=\"presentation\">As vagas s\u00e3o de dois tipos:<\/p><\/li><\/ul><ul><li dir=\"ltr\"><p dir=\"ltr\" role=\"presentation\">Simples: o motorista estaciona e leva a chave do ve\u00edculo;<\/p><\/li><li dir=\"ltr\"><p dir=\"ltr\" role=\"presentation\">Duplas: o ve\u00edculo \u00e9 estacionado por manobristas da escola, com a\u00a0<span style=\"font-size: 1rem;\">chave ficando no carro;<\/span><\/p><\/li><\/ul><p dir=\"ltr\"><span style=\"font-size: 1rem;\">\u00a0<\/span><\/p>\t\t\t\t\t\t\t\t<\/div>\n\t\t\t\t<\/div>\n\t\t\t\t\t<\/div>\n\t\t\t\t<\/div>\n\t\t<div class=\"elementor-element elementor-element-35b39d2 e-flex e-con-boxed e-con e-parent\" data-id=\"35b39d2\" data-element_type=\"container\" data-e-type=\"container\">\n\t\t\t\t\t<div class=\"e-con-inner\">\n\t\t<div class=\"elementor-element elementor-element-2d3891f e-con-full e-flex e-con e-child\" data-id=\"2d3891f\" data-element_type=\"container\" data-e-type=\"container\">\n\t\t\t\t<div class=\"elementor-element elementor-element-5857c90 elementor-widget elementor-widget-text-editor\" data-id=\"5857c90\" data-element_type=\"widget\" data-e-type=\"widget\" data-widget_type=\"text-editor.default\">\n\t\t\t\t<div class=\"elementor-widget-container\">\n\t\t\t\t\t\t\t\t\t<p dir=\"ltr\">O acesso \u00e9 realizado por dois port\u00f5es, sendo:<\/p><p dir=\"ltr\"><strong>Port\u00e3o 1: entrada de ve\u00edculos;<\/strong><\/p><p dir=\"ltr\"><strong>Port\u00e3o 2: sa\u00edda de ve\u00edculos;<\/strong><\/p>\t\t\t\t\t\t\t\t<\/div>\n\t\t\t\t<\/div>\n\t\t\t\t<\/div>\n\t\t<div class=\"elementor-element elementor-element-21312a7 e-con-full e-flex e-con e-child\" data-id=\"21312a7\" data-element_type=\"container\" data-e-type=\"container\" data-settings=\"{&quot;background_background&quot;:&quot;classic&quot;}\">\n\t\t\t\t<div class=\"elementor-element elementor-element-cc18ae1 elementor-widget elementor-widget-text-editor\" data-id=\"cc18ae1\" data-element_type=\"widget\" data-e-type=\"widget\" data-widget_type=\"text-editor.default\">\n\t\t\t\t<div class=\"elementor-widget-container\">\n\t\t\t\t\t\t\t\t\t<ul><li dir=\"ltr\"><p dir=\"ltr\" role=\"presentation\">O acesso \u00e9 permitido somente a ve\u00edculos cadastrados, devidamente identificados com a credencial fornecida pela Escola afixada no retrovisor dianteiro;<\/p><\/li><\/ul><ul><li dir=\"ltr\"><p dir=\"ltr\" role=\"presentation\">As credenciais, emitidas mediante o preenchimento do formul\u00e1rio anexo, s\u00e3o enviadas por meio das mochilas de seus filhos;<\/p><\/li><\/ul><ul><li dir=\"ltr\"><p dir=\"ltr\" role=\"presentation\">A equipe de seguran\u00e7a da Escola \u00e9 respons\u00e1vel pela identifica\u00e7\u00e3o de ve\u00edculos e condutores;<\/p><\/li><\/ul><ul><li dir=\"ltr\"><p dir=\"ltr\" role=\"presentation\">Pessoas usu\u00e1rias do estacionamento devem acessar o pr\u00e9dio da Educa\u00e7\u00e3o Infantil pelas roletas com identifica\u00e7\u00e3o facial, localizadas no subsolo, devendo passar por este ponto para acessar as escadas que levam ao t\u00e9rreo.<\/p><\/li><\/ul>\t\t\t\t\t\t\t\t<\/div>\n\t\t\t\t<\/div>\n\t\t\t\t<\/div>\n\t\t\t\t\t<\/div>\n\t\t\t\t<\/div>\n\t\t<div class=\"elementor-element elementor-element-9420cc0 e-flex e-con-boxed e-con e-parent\" data-id=\"9420cc0\" data-element_type=\"container\" data-e-type=\"container\">\n\t\t\t\t\t<div class=\"e-con-inner\">\n\t\t\t\t<div class=\"elementor-element elementor-element-e0ada1a elementor-widget__width-initial elementor-widget-tablet__width-initial elementor-widget-mobile__width-initial elementor-widget elementor-widget-text-editor\" data-id=\"e0ada1a\" data-element_type=\"widget\" data-e-type=\"widget\" data-widget_type=\"text-editor.default\">\n\t\t\t\t<div class=\"elementor-widget-container\">\n\t\t\t\t\t\t\t\t\t<p dir=\"ltr\">Refor\u00e7amos que o n\u00famero de vagas dispon\u00edveis \u00e9 inferior ao n\u00famero total de\u00a0 fam\u00edlias da Educa\u00e7\u00e3o Infantil. Por isso, para garantir que todas possam utilizar o estacionamento com seguran\u00e7a e agilidade, o tempo m\u00e1ximo de perman\u00eancia \u00e9 de 20 minutos.\u00a0<\/p><p>\u00a0<\/p><p dir=\"ltr\">O estacionamento encerra suas opera\u00e7\u00f5es di\u00e1rias \u00e0s 20h (30 minutos depois do t\u00e9rmino das atividades extracurriculares da Educa\u00e7\u00e3o Infantil);\u00a0<\/p><p dir=\"ltr\">Visando a cobertura dos custos de opera\u00e7\u00e3o, \u00e9 cobrada, via boleto, taxa de servi\u00e7os no valor de R$ 180,00 (cento e oitenta reais) por m\u00eas.<\/p>\t\t\t\t\t\t\t\t<\/div>\n\t\t\t\t<\/div>\n\t\t\t\t\t<\/div>\n\t\t\t\t<\/div>\n\t\t\t\t<\/div>\n\t\t","protected":false},"excerpt":{"rendered":"<p>Estacionamento Para usufruir do estacionamento, \u00e9 necess\u00e1rio que as fam\u00edlias da Educa\u00e7\u00e3o Infantil preencham o formul\u00e1rio de inscri\u00e7\u00e3o clique aqui para acessar,\u00a0concordando com as condi\u00e7\u00f5es de uso. A seguir destacamos as principais informa\u00e7\u00f5es sobre o funcionamento\u00a0do espa\u00e7o:\u00a0 O estacionamento funciona em regime rotativo, sem vagas fixas; S\u00e3o 58 vagas, sendo 48 cobertas e 10 descobertas; [&hellip;]<\/p>\n","protected":false},"author":15,"featured_media":0,"parent":0,"menu_order":0,"comment_status":"closed","ping_status":"closed","template":"","meta":{"footnotes":""},"class_list":["post-6123","page","type-page","status-publish","hentry"],"_links":{"self":[{"href":"https:\/\/israelitaedu.com.br\/guiaescolar\/wp-json\/wp\/v2\/pages\/6123","targetHints":{"allow":["GET"]}}],"collection":[{"href":"https:\/\/israelitaedu.com.br\/guiaescolar\/wp-json\/wp\/v2\/pages"}],"about":[{"href":"https:\/\/israelitaedu.com.br\/guiaescolar\/wp-json\/wp\/v2\/types\/page"}],"author":[{"embeddable":true,"href":"https:\/\/israelitaedu.com.br\/guiaescolar\/wp-json\/wp\/v2\/users\/15"}],"replies":[{"embeddable":true,"href":"https:\/\/israelitaedu.com.br\/guiaescolar\/wp-json\/wp\/v2\/comments?post=6123"}],"version-history":[{"count":13,"href":"https:\/\/israelitaedu.com.br\/guiaescolar\/wp-json\/wp\/v2\/pages\/6123\/revisions"}],"predecessor-version":[{"id":7909,"href":"https:\/\/israelitaedu.com.br\/guiaescolar\/wp-json\/wp\/v2\/pages\/6123\/revisions\/7909"}],"wp:attachment":[{"href":"https:\/\/israelitaedu.com.br\/guiaescolar\/wp-json\/wp\/v2\/media?parent=6123"}],"curies":[{"name":"wp","href":"https:\/\/api.w.org\/{rel}","templated":true}]}}