{"id":56,"date":"2025-04-16T13:38:29","date_gmt":"2025-04-16T16:38:29","guid":{"rendered":"https:\/\/israelitaedu.com.br\/guiaescolar\/?page_id=56"},"modified":"2026-02-23T16:28:45","modified_gmt":"2026-02-23T19:28:45","slug":"alimentacao","status":"publish","type":"page","link":"https:\/\/israelitaedu.com.br\/guiaescolar\/alimentacao\/","title":{"rendered":"Alimenta\u00e7\u00e3o"},"content":{"rendered":"\t\t<div data-elementor-type=\"wp-page\" data-elementor-id=\"56\" class=\"elementor elementor-56\" data-elementor-post-type=\"page\">\n\t\t\t\t<div class=\"elementor-element elementor-element-24afc6da e-flex e-con-boxed e-con e-parent\" data-id=\"24afc6da\" data-element_type=\"container\" data-e-type=\"container\">\n\t\t\t\t\t<div class=\"e-con-inner\">\n\t\t<div class=\"elementor-element elementor-element-2ebd5de5 e-con-full e-flex e-con e-child\" data-id=\"2ebd5de5\" data-element_type=\"container\" data-e-type=\"container\">\n\t\t\t\t<div class=\"elementor-element elementor-element-53329bc elementor-widget elementor-widget-heading\" data-id=\"53329bc\" data-element_type=\"widget\" data-e-type=\"widget\" data-widget_type=\"heading.default\">\n\t\t\t\t<div class=\"elementor-widget-container\">\n\t\t\t\t\t<h2 class=\"elementor-heading-title elementor-size-default\"><span>Alimenta\u00e7\u00e3o<\/span><\/h2>\t\t\t\t<\/div>\n\t\t\t\t<\/div>\n\t\t\t\t<div class=\"elementor-element elementor-element-2d69b13f elementor-widget__width-initial elementor-widget elementor-widget-image\" data-id=\"2d69b13f\" data-element_type=\"widget\" data-e-type=\"widget\" data-widget_type=\"image.default\">\n\t\t\t\t<div class=\"elementor-widget-container\">\n\t\t\t\t\t\t\t\t\t\t\t\t\t\t\t<img fetchpriority=\"high\" decoding=\"async\" width=\"768\" height=\"512\" src=\"https:\/\/israelitaedu.com.br\/guiaescolar\/wp-content\/uploads\/2025\/04\/IMG_9476-768x512-1.webp\" class=\"attachment-medium_large size-medium_large wp-image-230\" alt=\"\" srcset=\"https:\/\/israelitaedu.com.br\/guiaescolar\/wp-content\/uploads\/2025\/04\/IMG_9476-768x512-1.webp 768w, https:\/\/israelitaedu.com.br\/guiaescolar\/wp-content\/uploads\/2025\/04\/IMG_9476-768x512-1-300x200.jpg 300w\" sizes=\"(max-width: 768px) 100vw, 768px\" \/>\t\t\t\t\t\t\t\t\t\t\t\t\t\t\t<\/div>\n\t\t\t\t<\/div>\n\t\t\t\t<\/div>\n\t\t<div class=\"elementor-element elementor-element-3129938c e-con-full e-flex e-con e-child\" data-id=\"3129938c\" data-element_type=\"container\" data-e-type=\"container\">\n\t\t\t\t<div class=\"elementor-element elementor-element-608c98bc elementor-widget elementor-widget-text-editor\" data-id=\"608c98bc\" data-element_type=\"widget\" data-e-type=\"widget\" data-widget_type=\"text-editor.default\">\n\t\t\t\t<div class=\"elementor-widget-container\">\n\t\t\t\t\t\t\t\t\t<p>O Col\u00e9gio Israelita Brasileiro conta com a Olivas Restaurante para a produ\u00e7\u00e3o das refei\u00e7\u00f5es oferecidas aos estudantes. O card\u00e1pio \u00e9 elaborado e auditado por nutricionistas e disponibilizado mensalmente no site e no aplicativo.<\/p>\t\t\t\t\t\t\t\t<\/div>\n\t\t\t\t<\/div>\n\t\t\t\t<div class=\"elementor-element elementor-element-0bcb4d0 elementor-widget elementor-widget-button\" data-id=\"0bcb4d0\" data-element_type=\"widget\" data-e-type=\"widget\" data-widget_type=\"button.default\">\n\t\t\t\t<div class=\"elementor-widget-container\">\n\t\t\t\t\t\t\t\t\t<div class=\"elementor-button-wrapper\">\n\t\t\t\t\t<a class=\"elementor-button elementor-button-link elementor-size-sm\" href=\"https:\/\/israelitaedu.com.br\/marketing\/portal-servicos-cib-cardapio\/\">\n\t\t\t\t\t\t<span class=\"elementor-button-content-wrapper\">\n\t\t\t\t\t\t\t\t\t<span class=\"elementor-button-text\">Clique aqui para acessar o card\u00e1pio.<\/span>\n\t\t\t\t\t<\/span>\n\t\t\t\t\t<\/a>\n\t\t\t\t<\/div>\n\t\t\t\t\t\t\t\t<\/div>\n\t\t\t\t<\/div>\n\t\t\t\t<div class=\"elementor-element elementor-element-92076c6 elementor-widget elementor-widget-heading\" data-id=\"92076c6\" data-element_type=\"widget\" data-e-type=\"widget\" data-widget_type=\"heading.default\">\n\t\t\t\t<div class=\"elementor-widget-container\">\n\t\t\t\t\t<h2 class=\"elementor-heading-title elementor-size-default\"><span>Pol\u00edticas Gerais<\/span><\/h2>\t\t\t\t<\/div>\n\t\t\t\t<\/div>\n\t\t\t\t<div class=\"elementor-element elementor-element-a180245 elementor-widget elementor-widget-text-editor\" data-id=\"a180245\" data-element_type=\"widget\" data-e-type=\"widget\" data-widget_type=\"text-editor.default\">\n\t\t\t\t<div class=\"elementor-widget-container\">\n\t\t\t\t\t\t\t\t\t<div style=\"align-self: auto; flex: 0 1 auto; order: 0; place-content: normal; align-items: normal; flex-flow: row; gap: 20px; --widgets-spacing: 20px 20px; --widgets-spacing-row: 20px; --widgets-spacing-column: 20px; --swiper-theme-color: #000; --swiper-navigation-size: 44px; --swiper-pagination-bullet-size: 6px; --swiper-pagination-bullet-horizontal-gap: 6px; margin-bottom: 0px; transition: background 0.3s, border 0.3s, border-radius 0.3s, box-shadow 0.3s, transform 0.4s; --kit-widget-spacing: 0px; max-width: 100%;\" data-id=\"dfc0e12\" data-element_type=\"widget\" data-widget_type=\"text-editor.default\">\n<h4 style=\"color: #ffffff; font-family: 'Albert Sans', sans-serif; font-weight: 400; text-align: center;\"><span style=\"font-weight: bolder;\">Restri\u00e7\u00f5es alimentares<\/span><\/h4>\n<span style=\"color: #ffffff; font-family: Albert Sans, sans-serif;\">As fam\u00edlias devem comunicar \u00e0 Coordena\u00e7\u00e3o da etapa de ensino quaisquer restri\u00e7\u00f5es alimentares acompanhadas de atestado m\u00e9dico.<\/span>\n\n<span style=\"color: #ffffff; font-family: Albert Sans, sans-serif;\">Atendendo \u00e0s normas da Vigil\u00e2ncia Sanit\u00e1ria, n\u00e3o \u00e9 permitido o envio de marmitas, exceto em casos comprovados por motivo de sa\u00fade e validados pelo Comit\u00ea M\u00e9dico.<\/span>\n\n<span style=\"color: #ffffff; font-family: Albert Sans, sans-serif;\">D\u00favidas podem ser encaminhadas pelo Canal Relacionamento no aplicativo.<\/span>\n<div style=\"color: #ffffff; font-family: 'Albert Sans', sans-serif; font-weight: 400;\"><\/div>\n<\/div>\n<div style=\"align-self: auto; flex: 0 1 auto; order: 0; place-content: normal; align-items: normal; flex-flow: row; gap: 20px; --widgets-spacing: 20px 20px; --widgets-spacing-row: 20px; --widgets-spacing-column: 20px; --swiper-theme-color: #000; --swiper-navigation-size: 44px; --swiper-pagination-bullet-size: 6px; --swiper-pagination-bullet-horizontal-gap: 6px; margin-bottom: 0px; transition: background 0.3s, border 0.3s, border-radius 0.3s, box-shadow 0.3s, transform 0.4s; --kit-widget-spacing: 0px; max-width: 100%; font-weight: 400; font-family: 'Albert Sans', sans-serif; color: #ffffff;\" data-id=\"0725316\" data-element_type=\"widget\" data-widget_type=\"text-editor.default\">\n<h4 style=\"font-family: 'Albert Sans', sans-serif; text-align: center;\"><span style=\"font-weight: bolder;\">Alimentos n\u00e3o recomendados e n\u00e3o permitidos\u00a0<\/span><\/h4>\n<span data-contrast=\"auto\">Para promover h\u00e1bitos saud\u00e1veis e respeitar valores judaicos, recomenda-se que n\u00e3o sejam enviados para consumo no Col\u00e9gio alimentos com baixo valor nutricional.\n<\/span>\n\nOs itens n\u00e3o permitidos s\u00e3o:\n<ol>\n \t<li>Salgadinhos<\/li>\n \t<li>Chocolates<\/li>\n \t<li>Refrigerantes<\/li>\n \t<li>Guloseimas<\/li>\n \t<li>Lanches e alimentos com derivados de porco e frutos do mar<\/li>\n<\/ol> \n\n<h4 style=\"font-family: 'Albert Sans', sans-serif; text-align: center;\"><span style=\"font-weight: bolder;\">Tele-entregas\u00a0<\/span><\/h4>\n\nDe acordo com a pol\u00edtica de seguran\u00e7a alimentar e rastreabilidade, n\u00e3o \u00e9 permitida a entrada de tele-entregas no ambiente escolar.\n<\/div>\t\t\t\t\t\t\t\t<\/div>\n\t\t\t\t<\/div>\n\t\t\t\t<div class=\"elementor-element elementor-element-be2753c elementor-arrows-position-inside elementor-pagination-position-outside elementor-widget elementor-widget-image-carousel\" data-id=\"be2753c\" data-element_type=\"widget\" data-e-type=\"widget\" data-settings=\"{&quot;slides_to_show&quot;:&quot;1&quot;,&quot;navigation&quot;:&quot;both&quot;,&quot;autoplay&quot;:&quot;yes&quot;,&quot;pause_on_hover&quot;:&quot;yes&quot;,&quot;pause_on_interaction&quot;:&quot;yes&quot;,&quot;autoplay_speed&quot;:5000,&quot;infinite&quot;:&quot;yes&quot;,&quot;effect&quot;:&quot;slide&quot;,&quot;speed&quot;:500}\" data-widget_type=\"image-carousel.default\">\n\t\t\t\t<div class=\"elementor-widget-container\">\n\t\t\t\t\t\t\t<div class=\"elementor-image-carousel-wrapper swiper\" role=\"region\" aria-roledescription=\"carousel\" aria-label=\"Carrossel de imagens\" dir=\"ltr\">\n\t\t\t<div class=\"elementor-image-carousel swiper-wrapper\" aria-live=\"off\">\n\t\t\t\t\t\t\t\t<div class=\"swiper-slide\" role=\"group\" aria-roledescription=\"slide\" aria-label=\"1 de 5\"><figure class=\"swiper-slide-inner\"><img decoding=\"async\" class=\"swiper-slide-image\" src=\"https:\/\/israelitaedu.com.br\/guiaescolar\/wp-content\/uploads\/2025\/04\/12-1024x1024-1.webp\" alt=\"12-1024x1024\" \/><\/figure><\/div><div class=\"swiper-slide\" role=\"group\" aria-roledescription=\"slide\" aria-label=\"2 de 5\"><figure class=\"swiper-slide-inner\"><img decoding=\"async\" class=\"swiper-slide-image\" src=\"https:\/\/israelitaedu.com.br\/guiaescolar\/wp-content\/uploads\/2025\/04\/11-1024x1024-1-1.webp\" alt=\"11-1024x1024 (1)\" \/><\/figure><\/div><div class=\"swiper-slide\" role=\"group\" aria-roledescription=\"slide\" aria-label=\"3 de 5\"><figure class=\"swiper-slide-inner\"><img decoding=\"async\" class=\"swiper-slide-image\" src=\"https:\/\/israelitaedu.com.br\/guiaescolar\/wp-content\/uploads\/2025\/04\/10-1024x1024-1.webp\" alt=\"10-1024x1024\" \/><\/figure><\/div><div class=\"swiper-slide\" role=\"group\" aria-roledescription=\"slide\" aria-label=\"4 de 5\"><figure class=\"swiper-slide-inner\"><img decoding=\"async\" class=\"swiper-slide-image\" src=\"https:\/\/israelitaedu.com.br\/guiaescolar\/wp-content\/uploads\/2025\/04\/9-1024x1024-1.webp\" alt=\"9-1024x1024\" \/><\/figure><\/div><div class=\"swiper-slide\" role=\"group\" aria-roledescription=\"slide\" aria-label=\"5 de 5\"><figure class=\"swiper-slide-inner\"><img decoding=\"async\" class=\"swiper-slide-image\" src=\"https:\/\/israelitaedu.com.br\/guiaescolar\/wp-content\/uploads\/2025\/04\/8-1024x1024-1.webp\" alt=\"8-1024x1024\" \/><\/figure><\/div>\t\t\t<\/div>\n\t\t\t\t\t\t\t\t\t\t\t\t<div class=\"elementor-swiper-button elementor-swiper-button-prev\" role=\"button\" tabindex=\"0\">\n\t\t\t\t\t\t<svg aria-hidden=\"true\" class=\"e-font-icon-svg e-eicon-chevron-left\" viewBox=\"0 0 1000 1000\" xmlns=\"http:\/\/www.w3.org\/2000\/svg\"><path d=\"M646 125C629 125 613 133 604 142L308 442C296 454 292 471 292 487 292 504 296 521 308 533L604 854C617 867 629 875 646 875 663 875 679 871 692 858 704 846 713 829 713 812 713 796 708 779 692 767L438 487 692 225C700 217 708 204 708 187 708 171 704 154 692 142 675 129 663 125 646 125Z\"><\/path><\/svg>\t\t\t\t\t<\/div>\n\t\t\t\t\t<div class=\"elementor-swiper-button elementor-swiper-button-next\" role=\"button\" tabindex=\"0\">\n\t\t\t\t\t\t<svg aria-hidden=\"true\" class=\"e-font-icon-svg e-eicon-chevron-right\" viewBox=\"0 0 1000 1000\" xmlns=\"http:\/\/www.w3.org\/2000\/svg\"><path d=\"M696 533C708 521 713 504 713 487 713 471 708 454 696 446L400 146C388 133 375 125 354 125 338 125 325 129 313 142 300 154 292 171 292 187 292 204 296 221 308 233L563 492 304 771C292 783 288 800 288 817 288 833 296 850 308 863 321 871 338 875 354 875 371 875 388 867 400 854L696 533Z\"><\/path><\/svg>\t\t\t\t\t<\/div>\n\t\t\t\t\n\t\t\t\t\t\t\t\t\t<div class=\"swiper-pagination\"><\/div>\n\t\t\t\t\t\t\t\t\t<\/div>\n\t\t\t\t\t\t<\/div>\n\t\t\t\t<\/div>\n\t\t\t\t<div class=\"elementor-element elementor-element-361a212 elementor-widget elementor-widget-heading\" data-id=\"361a212\" data-element_type=\"widget\" data-e-type=\"widget\" data-widget_type=\"heading.default\">\n\t\t\t\t<div class=\"elementor-widget-container\">\n\t\t\t\t\t<h2 class=\"elementor-heading-title elementor-size-default\"><span>Refei\u00e7\u00f5es por Etapa de Ensino<\/span><\/h2>\t\t\t\t<\/div>\n\t\t\t\t<\/div>\n\t\t\t\t<div class=\"elementor-element elementor-element-707da49 elementor-widget elementor-widget-text-editor\" data-id=\"707da49\" data-element_type=\"widget\" data-e-type=\"widget\" data-widget_type=\"text-editor.default\">\n\t\t\t\t<div class=\"elementor-widget-container\">\n\t\t\t\t\t\t\t\t\t<h3 style=\"text-align: center;\"><strong>Valores almo\u00e7o (2026)<\/strong><\/h3><ul><li>Almo\u00e7o Infantil R$ 15,60<\/li><li>Almo\u00e7o 1\u00ba e 2\u00ba Ano R$ 23,00<\/li><li>Almo\u00e7o 3\u00ba e 4\u00ba Ano R$ 26,00<\/li><li>Almo\u00e7o 5\u00ba e 6\u00ba Ano R$ 28,50<\/li><li>Almo\u00e7o 7\u00ba Ano em diante Valor R$ 31,50 (pre\u00e7o promocional R$ 28,50)<\/li><li>Almo\u00e7o adulto Valor R$ 31,50<\/li><\/ul><h3 style=\"text-align: center;\"><strong>Educa\u00e7\u00e3o Infantil<\/strong><\/h3><ul><li style=\"font-weight: 400;\" aria-level=\"1\"><span style=\"font-weight: 400;\">Maternal 1, 2 e 3: lanche da tarde (fruta) e pr\u00e9-janta.<\/span><\/li><li style=\"font-weight: 400;\" aria-level=\"1\"><span style=\"font-weight: 400;\">N\u00edveis A e B: lanche da tarde.<\/span><\/li><\/ul><p><span style=\"font-weight: 400;\">As refei\u00e7\u00f5es do turno da tarde est\u00e3o inclu\u00eddas na mensalidade e s\u00e3o realizadas nas salas.<\/span><\/p><h3 style=\"text-align: center;\"><strong>Turno Complementar<\/strong><\/h3><p><span style=\"font-weight: 400;\">S\u00e3o oferecidos lanche da manh\u00e3 e almo\u00e7o.<\/span><\/p><p><span style=\"font-weight: 400;\">Os<\/span> <span style=\"font-weight: 400;\">valores n\u00e3o est\u00e3o inclu\u00eddos na mensalidade; o pagamento \u00e9 feito via boleto emitido pelo Olivas Restaurante<\/span> <span style=\"font-weight: 400;\">conforme contrata\u00e7\u00e3o na Secretaria Escolar.<\/span><\/p>\t\t\t\t\t\t\t\t<\/div>\n\t\t\t\t<\/div>\n\t\t\t\t<div class=\"elementor-element elementor-element-511e6c9 elementor-arrows-position-inside elementor-widget elementor-widget-image-carousel\" data-id=\"511e6c9\" data-element_type=\"widget\" data-e-type=\"widget\" data-settings=\"{&quot;slides_to_show&quot;:&quot;1&quot;,&quot;navigation&quot;:&quot;arrows&quot;,&quot;autoplay&quot;:&quot;yes&quot;,&quot;pause_on_hover&quot;:&quot;yes&quot;,&quot;pause_on_interaction&quot;:&quot;yes&quot;,&quot;autoplay_speed&quot;:5000,&quot;infinite&quot;:&quot;yes&quot;,&quot;effect&quot;:&quot;slide&quot;,&quot;speed&quot;:500}\" data-widget_type=\"image-carousel.default\">\n\t\t\t\t<div class=\"elementor-widget-container\">\n\t\t\t\t\t\t\t<div class=\"elementor-image-carousel-wrapper swiper\" role=\"region\" aria-roledescription=\"carousel\" aria-label=\"Image Carousel\" dir=\"ltr\">\n\t\t\t<div class=\"elementor-image-carousel swiper-wrapper\" aria-live=\"off\">\n\t\t\t\t\t\t\t\t<div class=\"swiper-slide\" role=\"group\" aria-roledescription=\"slide\" aria-label=\"1 de 5\"><figure class=\"swiper-slide-inner\"><img decoding=\"async\" class=\"swiper-slide-image\" src=\"https:\/\/israelitaedu.com.br\/guiaescolar\/wp-content\/uploads\/2025\/04\/4-4-1.webp\" alt=\"4-4.png\" \/><\/figure><\/div><div class=\"swiper-slide\" role=\"group\" aria-roledescription=\"slide\" aria-label=\"2 de 5\"><figure class=\"swiper-slide-inner\"><img decoding=\"async\" class=\"swiper-slide-image\" src=\"https:\/\/israelitaedu.com.br\/guiaescolar\/wp-content\/uploads\/2025\/04\/2-7-1.webp\" alt=\"2-7.png\" \/><\/figure><\/div><div class=\"swiper-slide\" role=\"group\" aria-roledescription=\"slide\" aria-label=\"3 de 5\"><figure class=\"swiper-slide-inner\"><img decoding=\"async\" class=\"swiper-slide-image\" src=\"https:\/\/israelitaedu.com.br\/guiaescolar\/wp-content\/uploads\/2025\/04\/1-7-1.webp\" alt=\"1-7.png\" \/><\/figure><\/div><div class=\"swiper-slide\" role=\"group\" aria-roledescription=\"slide\" aria-label=\"4 de 5\"><figure class=\"swiper-slide-inner\"><img decoding=\"async\" class=\"swiper-slide-image\" src=\"https:\/\/israelitaedu.com.br\/guiaescolar\/wp-content\/uploads\/2025\/04\/5-4-1.webp\" alt=\"5-4.png\" \/><\/figure><\/div><div class=\"swiper-slide\" role=\"group\" aria-roledescription=\"slide\" aria-label=\"5 de 5\"><figure class=\"swiper-slide-inner\"><img decoding=\"async\" class=\"swiper-slide-image\" src=\"https:\/\/israelitaedu.com.br\/guiaescolar\/wp-content\/uploads\/2025\/04\/3-8-1.webp\" alt=\"3-8.png\" \/><\/figure><\/div>\t\t\t<\/div>\n\t\t\t\t\t\t\t\t\t\t\t\t<div class=\"elementor-swiper-button elementor-swiper-button-prev\" role=\"button\" tabindex=\"0\">\n\t\t\t\t\t\t<svg aria-hidden=\"true\" class=\"e-font-icon-svg e-eicon-chevron-left\" viewBox=\"0 0 1000 1000\" xmlns=\"http:\/\/www.w3.org\/2000\/svg\"><path d=\"M646 125C629 125 613 133 604 142L308 442C296 454 292 471 292 487 292 504 296 521 308 533L604 854C617 867 629 875 646 875 663 875 679 871 692 858 704 846 713 829 713 812 713 796 708 779 692 767L438 487 692 225C700 217 708 204 708 187 708 171 704 154 692 142 675 129 663 125 646 125Z\"><\/path><\/svg>\t\t\t\t\t<\/div>\n\t\t\t\t\t<div class=\"elementor-swiper-button elementor-swiper-button-next\" role=\"button\" tabindex=\"0\">\n\t\t\t\t\t\t<svg aria-hidden=\"true\" class=\"e-font-icon-svg e-eicon-chevron-right\" viewBox=\"0 0 1000 1000\" xmlns=\"http:\/\/www.w3.org\/2000\/svg\"><path d=\"M696 533C708 521 713 504 713 487 713 471 708 454 696 446L400 146C388 133 375 125 354 125 338 125 325 129 313 142 300 154 292 171 292 187 292 204 296 221 308 233L563 492 304 771C292 783 288 800 288 817 288 833 296 850 308 863 321 871 338 875 354 875 371 875 388 867 400 854L696 533Z\"><\/path><\/svg>\t\t\t\t\t<\/div>\n\t\t\t\t\n\t\t\t\t\t\t\t\t\t<\/div>\n\t\t\t\t\t\t<\/div>\n\t\t\t\t<\/div>\n\t\t\t\t<div class=\"elementor-element elementor-element-89d2606 elementor-widget elementor-widget-heading\" data-id=\"89d2606\" data-element_type=\"widget\" data-e-type=\"widget\" data-widget_type=\"heading.default\">\n\t\t\t\t<div class=\"elementor-widget-container\">\n\t\t\t\t\t<h2 class=\"elementor-heading-title elementor-size-default\"><span>Ensino Fundamental 1<\/span><\/h2>\t\t\t\t<\/div>\n\t\t\t\t<\/div>\n\t\t\t\t<div class=\"elementor-element elementor-element-43ae668 elementor-widget elementor-widget-text-editor\" data-id=\"43ae668\" data-element_type=\"widget\" data-e-type=\"widget\" data-widget_type=\"text-editor.default\">\n\t\t\t\t<div class=\"elementor-widget-container\">\n\t\t\t\t\t\t\t\t\t<p>\u00a0<\/p><p><b>Lanche:\u00a0 <\/b><span style=\"font-weight: 400;\">dois momentos de recreio destinados ao lanche durante o dia.\u00a0 Os lanches s\u00e3o de responsabilidade das fam\u00edlias, podendo ser enviados de casa ou adquiridos no quiosque.<\/span><\/p><p><span style=\"font-weight: 400;\">As salas do 1\u00ba ao 5\u00ba ano disp\u00f5em de geladeiras para armazenamento de itens que necessitam refrigera\u00e7\u00e3o. Cabe ao estudante acondicionar corretamente seu lanche nesses espa\u00e7os.<\/span><\/p>\t\t\t\t\t\t\t\t<\/div>\n\t\t\t\t<\/div>\n\t\t\t\t<div class=\"elementor-element elementor-element-fcb4436 elementor-widget elementor-widget-image\" data-id=\"fcb4436\" data-element_type=\"widget\" data-e-type=\"widget\" data-widget_type=\"image.default\">\n\t\t\t\t<div class=\"elementor-widget-container\">\n\t\t\t\t\t\t\t\t\t\t\t\t\t\t\t<img decoding=\"async\" width=\"800\" height=\"533\" src=\"https:\/\/israelitaedu.com.br\/guiaescolar\/wp-content\/uploads\/2025\/04\/WhatsApp-Image-2024-11-13-at-09.48.16-1-1024x682-1.webp\" class=\"attachment-large size-large wp-image-240\" alt=\"\" srcset=\"https:\/\/israelitaedu.com.br\/guiaescolar\/wp-content\/uploads\/2025\/04\/WhatsApp-Image-2024-11-13-at-09.48.16-1-1024x682-1.webp 1024w, https:\/\/israelitaedu.com.br\/guiaescolar\/wp-content\/uploads\/2025\/04\/WhatsApp-Image-2024-11-13-at-09.48.16-1-1024x682-1-300x200.webp 300w, https:\/\/israelitaedu.com.br\/guiaescolar\/wp-content\/uploads\/2025\/04\/WhatsApp-Image-2024-11-13-at-09.48.16-1-1024x682-1-768x512.webp 768w\" sizes=\"(max-width: 800px) 100vw, 800px\" \/>\t\t\t\t\t\t\t\t\t\t\t\t\t\t\t<\/div>\n\t\t\t\t<\/div>\n\t\t\t\t<div class=\"elementor-element elementor-element-82cb605 elementor-widget elementor-widget-text-editor\" data-id=\"82cb605\" data-element_type=\"widget\" data-e-type=\"widget\" data-widget_type=\"text-editor.default\">\n\t\t\t\t<div class=\"elementor-widget-container\">\n\t\t\t\t\t\t\t\t\t<p>Almo\u00e7o: O almo\u00e7o \u00e9 preparado pela Olivas Restaurante e inclui um card\u00e1pio balanceado com tr\u00eas fontes de prote\u00edna, cinco tipos de saladas, feij\u00e3o e op\u00e7\u00f5es variadas de carboidratos e legumes, auditado por nutricionistas.<\/p><p><br \/>Os almo\u00e7os seguem o cronograma:<br \/>\u2013 1\u00ba, 2\u00ba e 3\u00ba anos: a partir das 11h40<br \/>\u2013 4\u00ba e 5\u00ba anos: a partir das 12h30<\/p>\t\t\t\t\t\t\t\t<\/div>\n\t\t\t\t<\/div>\n\t\t\t\t<div class=\"elementor-element elementor-element-6b19516 elementor-widget elementor-widget-heading\" data-id=\"6b19516\" data-element_type=\"widget\" data-e-type=\"widget\" data-widget_type=\"heading.default\">\n\t\t\t\t<div class=\"elementor-widget-container\">\n\t\t\t\t\t<h2 class=\"elementor-heading-title elementor-size-default\"><span>Cadastro para o restaurante (1\u00ba ano e novos estudantes)<\/span><\/h2>\t\t\t\t<\/div>\n\t\t\t\t<\/div>\n\t\t\t\t<div class=\"elementor-element elementor-element-93603bd elementor-widget elementor-widget-text-editor\" data-id=\"93603bd\" data-element_type=\"widget\" data-e-type=\"widget\" data-widget_type=\"text-editor.default\">\n\t\t\t\t<div class=\"elementor-widget-container\">\n\t\t\t\t\t\t\t\t\t<p><strong>1\u00ba ano e novos estudantes<\/strong><br \/>\u00c9 necess\u00e1rio cadastro pr\u00e9vio na plataforma Nutrebem antes do in\u00edcio do ano letivo, para que os estudantes possam adquirir os t\u00edquetes de almo\u00e7o nos totens dispon\u00edveis no Col\u00e9gio.<\/p><p>\u00a0 \u00a0 \u00a0 \u00a0 \u00a0 \u00a01\u00ba ano: uso de cart\u00e3o com senha<\/p><ol>A partir do 2\u00ba ano: uso apenas de senha, sem necessidade de cart\u00e3o.<\/ol><p><a href=\"http:\/\/israelitaedu.com.br\/guiaescolar\/wp-content\/uploads\/2026\/02\/Tutorial-CIB-Nutrebem-Biometria-Facial-1.pdf\">Clique aqui<\/a> para acessar o tutorial.<\/p><p>Clique aqui para acessar o tutorial de cadastro.<\/p><p>Os cart\u00f5es dos estudantes do 1\u00ba ano estar\u00e3o dispon\u00edveis para retirada no quiosque no dia 12 de fevereiro.<\/p>\t\t\t\t\t\t\t\t<\/div>\n\t\t\t\t<\/div>\n\t\t\t\t<div class=\"elementor-element elementor-element-12deb4f elementor-widget elementor-widget-heading\" data-id=\"12deb4f\" data-element_type=\"widget\" data-e-type=\"widget\" data-widget_type=\"heading.default\">\n\t\t\t\t<div class=\"elementor-widget-container\">\n\t\t\t\t\t<h2 class=\"elementor-heading-title elementor-size-default\"><span>Ensino Fundamental 2 e Ensino M\u00e9dio<\/span><\/h2>\t\t\t\t<\/div>\n\t\t\t\t<\/div>\n\t\t\t\t<div class=\"elementor-element elementor-element-11780df elementor-widget elementor-widget-text-editor\" data-id=\"11780df\" data-element_type=\"widget\" data-e-type=\"widget\" data-widget_type=\"text-editor.default\">\n\t\t\t\t<div class=\"elementor-widget-container\">\n\t\t\t\t\t\t\t\t\t<p><b>Almo\u00e7o:<\/b><span style=\"font-weight: 400;\"> a partir das <\/span><b>13h10<\/b><span style=\"font-weight: 400;\">, no restaurante.<\/span><\/p><p><span style=\"font-weight: 400;\">Os estudantes podem almo\u00e7ar fora do Col\u00e9gio. Fam\u00edlias que <\/span><b>n\u00e3o autorizam a sa\u00edda<\/b><span style=\"font-weight: 400;\"> devem registrar essa orienta\u00e7\u00e3o no aplicativo (Canal Secretaria da Etapa).<\/span><\/p>\t\t\t\t\t\t\t\t<\/div>\n\t\t\t\t<\/div>\n\t\t\t\t<div class=\"elementor-element elementor-element-fdde854 elementor-widget elementor-widget-text-editor\" data-id=\"fdde854\" data-element_type=\"widget\" data-e-type=\"widget\" data-widget_type=\"text-editor.default\">\n\t\t\t\t<div class=\"elementor-widget-container\">\n\t\t\t\t\t\t\t\t\t<h4 style=\"font-family: 'Albert Sans', sans-serif; color: #ffffff; text-align: center;\"><span style=\"font-weight: bolder;\">Kasher Experience<\/span><\/h4>\n<p style=\"\"><font color=\"#ffffff\" face=\"Albert Sans, sans-serif\">Mensalmente, o Col\u00e9gio realiza o Kasher Experience, em parceria com o restaurante da Escola. Nesse dia, s\u00e3o servidos exclusivamente alimentos kasher, oferecendo \u00e0 comunidade escolar uma viv\u00eancia pr\u00e1tica dos princ\u00edpios que orientam essa tradi\u00e7\u00e3o alimentar.<\/font><\/p><p style=\"\"><font color=\"#ffffff\" face=\"Albert Sans, sans-serif\">A iniciativa refor\u00e7a a import\u00e2ncia de escolhas conscientes, do cuidado com o bem-estar animal e do compromisso da cultura judaica com pr\u00e1ticas alimentares \u00e9ticas, saud\u00e1veis e higi\u00eanicas. Seu prop\u00f3sito \u00e9 ampliar a compreens\u00e3o dos estudantes sobre um aspecto fundamental da identidade judaica, promovendo aprendizado sobre alimenta\u00e7\u00e3o respons\u00e1vel e alinhada aos valores da tradi\u00e7\u00e3o.<\/font><\/p><p style=\"\"><font color=\"#ffffff\" face=\"Albert Sans, sans-serif\">A dieta kasher, cujo significado \u00e9 \u201cadequado\u201d ou \u201cpermitido\u201d, segue normas espec\u00edficas que orientam a sele\u00e7\u00e3o, o preparo e o consumo dos alimentos, refletindo princ\u00edpios de respeito, consci\u00eancia e responsabilidade.<\/font><\/p><h4 style=\"text-align: center;\">&nbsp;<\/h4>\t\t\t\t\t\t\t\t<\/div>\n\t\t\t\t<\/div>\n\t\t\t\t<\/div>\n\t\t\t\t\t<\/div>\n\t\t\t\t<\/div>\n\t\t\t\t<\/div>\n\t\t","protected":false},"excerpt":{"rendered":"<p>Alimenta\u00e7\u00e3o O Col\u00e9gio Israelita Brasileiro conta com a Olivas Restaurante para a produ\u00e7\u00e3o das refei\u00e7\u00f5es oferecidas aos estudantes. O card\u00e1pio \u00e9 elaborado e auditado por nutricionistas e disponibilizado mensalmente no site e no aplicativo. Clique aqui para acessar o card\u00e1pio. Pol\u00edticas Gerais Restri\u00e7\u00f5es alimentares As fam\u00edlias devem comunicar \u00e0 Coordena\u00e7\u00e3o da etapa de ensino quaisquer [&hellip;]<\/p>\n","protected":false},"author":1,"featured_media":0,"parent":0,"menu_order":0,"comment_status":"closed","ping_status":"closed","template":"","meta":{"footnotes":""},"class_list":["post-56","page","type-page","status-publish","hentry"],"_links":{"self":[{"href":"https:\/\/israelitaedu.com.br\/guiaescolar\/wp-json\/wp\/v2\/pages\/56","targetHints":{"allow":["GET"]}}],"collection":[{"href":"https:\/\/israelitaedu.com.br\/guiaescolar\/wp-json\/wp\/v2\/pages"}],"about":[{"href":"https:\/\/israelitaedu.com.br\/guiaescolar\/wp-json\/wp\/v2\/types\/page"}],"author":[{"embeddable":true,"href":"https:\/\/israelitaedu.com.br\/guiaescolar\/wp-json\/wp\/v2\/users\/1"}],"replies":[{"embeddable":true,"href":"https:\/\/israelitaedu.com.br\/guiaescolar\/wp-json\/wp\/v2\/comments?post=56"}],"version-history":[{"count":48,"href":"https:\/\/israelitaedu.com.br\/guiaescolar\/wp-json\/wp\/v2\/pages\/56\/revisions"}],"predecessor-version":[{"id":8078,"href":"https:\/\/israelitaedu.com.br\/guiaescolar\/wp-json\/wp\/v2\/pages\/56\/revisions\/8078"}],"wp:attachment":[{"href":"https:\/\/israelitaedu.com.br\/guiaescolar\/wp-json\/wp\/v2\/media?parent=56"}],"curies":[{"name":"wp","href":"https:\/\/api.w.org\/{rel}","templated":true}]}}