{"id":347,"date":"2025-04-17T10:52:33","date_gmt":"2025-04-17T13:52:33","guid":{"rendered":"https:\/\/israelitaedu.com.br\/guiaescolar\/?page_id=347"},"modified":"2026-01-30T16:54:05","modified_gmt":"2026-01-30T19:54:05","slug":"salas-de-aula-educacao-infantil","status":"publish","type":"page","link":"https:\/\/israelitaedu.com.br\/guiaescolar\/educacao-infantil\/salas-de-aula-educacao-infantil\/","title":{"rendered":"Salas de Aula Educa\u00e7\u00e3o Infantil"},"content":{"rendered":"\t\t<div data-elementor-type=\"wp-page\" data-elementor-id=\"347\" class=\"elementor elementor-347\" data-elementor-post-type=\"page\">\n\t\t\t\t<div class=\"elementor-element elementor-element-43260c65 e-flex e-con-boxed e-con e-parent\" data-id=\"43260c65\" data-element_type=\"container\" data-e-type=\"container\">\n\t\t\t\t\t<div class=\"e-con-inner\">\n\t\t<div class=\"elementor-element elementor-element-4c0f7f85 e-con-full e-flex e-con e-child\" data-id=\"4c0f7f85\" data-element_type=\"container\" data-e-type=\"container\">\n\t\t\t\t<div class=\"elementor-element elementor-element-63754724 elementor-widget elementor-widget-text-editor\" data-id=\"63754724\" data-element_type=\"widget\" data-e-type=\"widget\" data-widget_type=\"text-editor.default\">\n\t\t\t\t<div class=\"elementor-widget-container\">\n\t\t\t\t\t\t\t\t\t<p style=\"text-align: center;\"><strong><span style=\"font-family: Albert Sans, sans-serif;\"><span style=\"font-size: 40px;\">Salas de Aula 2026<\/span><\/span><\/strong><\/p>\t\t\t\t\t\t\t\t<\/div>\n\t\t\t\t<\/div>\n\t\t\t\t<div class=\"elementor-element elementor-element-e9c612d elementor-widget elementor-widget-text-editor\" data-id=\"e9c612d\" data-element_type=\"widget\" data-e-type=\"widget\" data-widget_type=\"text-editor.default\">\n\t\t\t\t<div class=\"elementor-widget-container\">\n\t\t\t\t\t\t\t\t\t<p>A distribui\u00e7\u00e3o das salas da Educa\u00e7\u00e3o Infantil segue crit\u00e9rios pedag\u00f3gicos e de seguran\u00e7a.<\/p>\t\t\t\t\t\t\t\t<\/div>\n\t\t\t\t<\/div>\n\t\t\t\t<div class=\"elementor-element elementor-element-8317725 elementor-widget elementor-widget-text-editor\" data-id=\"8317725\" data-element_type=\"widget\" data-e-type=\"widget\" data-widget_type=\"text-editor.default\">\n\t\t\t\t<div class=\"elementor-widget-container\">\n\t\t\t\t\t\t\t\t\t\n<table id=\"tablepress-145\" class=\"tablepress tablepress-id-145\">\n<thead>\n<tr class=\"row-1\">\n\t<th class=\"column-1\">Turma<\/th><th class=\"column-2\">Sala<\/th><th class=\"column-3\">Local<\/th>\n<\/tr>\n<\/thead>\n<tbody class=\"row-striping row-hover\">\n<tr class=\"row-2\">\n\t<td class=\"column-1\">M1 \u2013 Turma 001<\/td><td class=\"column-2\">Pera<\/td><td class=\"column-3\">Pr\u00e9dio Novo<\/td>\n<\/tr>\n<tr class=\"row-3\">\n\t<td class=\"column-1\">M1 \u2013 Turma 002<\/td><td class=\"column-2\">Ma\u00e7\u00e3 Verde<\/td><td class=\"column-3\">Pr\u00e9dio Novo<\/td>\n<\/tr>\n<tr class=\"row-4\">\n\t<td class=\"column-1\">M2 \u2013 Turma 003<\/td><td class=\"column-2\">Morango<\/td><td class=\"column-3\">Pr\u00e9dio Novo<\/td>\n<\/tr>\n<tr class=\"row-5\">\n\t<td class=\"column-1\">M2\u00a0\u2013\u00a0Turma 004<\/td><td class=\"column-2\">Melancia <\/td><td class=\"column-3\">Pr\u00e9dio Novo<\/td>\n<\/tr>\n<tr class=\"row-6\">\n\t<td class=\"column-1\">M3\u00a0\u2013 Turma 005<\/td><td class=\"column-2\">Uva<\/td><td class=\"column-3\">Pr\u00e9dio Novo<\/td>\n<\/tr>\n<tr class=\"row-7\">\n\t<td class=\"column-1\">M3 \u2013 Turma 006<\/td><td class=\"column-2\">Laranja<\/td><td class=\"column-3\">Pr\u00e9dio Novo<\/td>\n<\/tr>\n<tr class=\"row-8\">\n\t<td class=\"column-1\">NA \u2013 Turma 007<\/td><td class=\"column-2\">Abacate<\/td><td class=\"column-3\">Pr\u00e9dio Novo<\/td>\n<\/tr>\n<tr class=\"row-9\">\n\t<td class=\"column-1\">NA \u2013 Turma 008<\/td><td class=\"column-2\">Framboesa<\/td><td class=\"column-3\">Pr\u00e9dio Novo<\/td>\n<\/tr>\n<tr class=\"row-10\">\n\t<td class=\"column-1\">NB\u00a0\u2013\u00a0Turma 009<\/td><td class=\"column-2\">Rom\u00e3<\/td><td class=\"column-3\">Pr\u00e9dio Novo<\/td>\n<\/tr>\n<tr class=\"row-11\">\n\t<td class=\"column-1\">NB \u2013 Turma 010<\/td><td class=\"column-2\">T\u00e2mara <\/td><td class=\"column-3\">Pr\u00e9dio Novo<\/td>\n<\/tr>\n<\/tbody>\n<\/table>\n<!-- #tablepress-145 from cache -->\t\t\t\t\t\t\t\t<\/div>\n\t\t\t\t<\/div>\n\t\t\t\t<div class=\"elementor-element elementor-element-327e0c9 elementor-widget elementor-widget-heading\" data-id=\"327e0c9\" data-element_type=\"widget\" data-e-type=\"widget\" data-widget_type=\"heading.default\">\n\t\t\t\t<div class=\"elementor-widget-container\">\n\t\t\t\t\t<h2 class=\"elementor-heading-title elementor-size-default\">Navega\u00e7\u00e3o EI<\/h2>\t\t\t\t<\/div>\n\t\t\t\t<\/div>\n\t\t<div class=\"elementor-element elementor-element-1be92b50 e-grid e-con-full e-con e-child\" data-id=\"1be92b50\" data-element_type=\"container\" data-e-type=\"container\">\n\t\t\t\t<div class=\"elementor-element elementor-element-3aef93e3 elementor-widget elementor-widget-html\" data-id=\"3aef93e3\" data-element_type=\"widget\" data-e-type=\"widget\" data-widget_type=\"html.default\">\n\t\t\t\t<div class=\"elementor-widget-container\">\n\t\t\t\t\t<a href=\"\/guiaescolar\/educacao-infantil\/horarios\" style=\"text-decoration: none;\">\r\n  <button class=\"comic-button\">Hor\u00e1rios<\/button>\r\n<\/a>\t\t\t\t<\/div>\n\t\t\t\t<\/div>\n\t\t\t\t<div class=\"elementor-element elementor-element-18e39d99 elementor-widget elementor-widget-html\" data-id=\"18e39d99\" data-element_type=\"widget\" data-e-type=\"widget\" data-widget_type=\"html.default\">\n\t\t\t\t<div class=\"elementor-widget-container\">\n\t\t\t\t\t<a href=\"\/guiaescolar\/educacao-infantil\/salas-de-aula-educacao-infantil\/\" style=\"text-decoration: none;\">\r\n  <button class=\"comic-button\">Salas<br>de Aula<\/button>\r\n<\/a>\t\t\t\t<\/div>\n\t\t\t\t<\/div>\n\t\t\t\t<div class=\"elementor-element elementor-element-2638d632 elementor-widget elementor-widget-html\" data-id=\"2638d632\" data-element_type=\"widget\" data-e-type=\"widget\" data-widget_type=\"html.default\">\n\t\t\t\t<div class=\"elementor-widget-container\">\n\t\t\t\t\t<a href=\"\/guiaescolar\/educacao-infantil\/entrada-e-saida\" style=\"text-decoration: none;\">\r\n  <button class=\"comic-button\">Entrada<br>e Sa\u00edda<\/button>\r\n<\/a>\t\t\t\t<\/div>\n\t\t\t\t<\/div>\n\t\t\t\t<\/div>\n\t\t<div class=\"elementor-element elementor-element-1c17ee12 e-grid e-con-full e-con e-child\" data-id=\"1c17ee12\" data-element_type=\"container\" data-e-type=\"container\">\n\t\t\t\t<div class=\"elementor-element elementor-element-3e382cde elementor-widget elementor-widget-html\" data-id=\"3e382cde\" data-element_type=\"widget\" data-e-type=\"widget\" data-widget_type=\"html.default\">\n\t\t\t\t<div class=\"elementor-widget-container\">\n\t\t\t\t\t<a href=\"\/guiaescolar\/educacao-infantil\/processo-de-adaptacao\" style=\"text-decoration: none;\">\r\n  <button class=\"comic-button\">Processo<br>de Adapta\u00e7\u00e3o<\/button>\r\n<\/a>\t\t\t\t<\/div>\n\t\t\t\t<\/div>\n\t\t\t\t<div class=\"elementor-element elementor-element-10b168fb elementor-widget elementor-widget-html\" data-id=\"10b168fb\" data-element_type=\"widget\" data-e-type=\"widget\" data-widget_type=\"html.default\">\n\t\t\t\t<div class=\"elementor-widget-container\">\n\t\t\t\t\t<a href=\"\/guiaescolar\/educacao-infantil\/turno-complementar\" style=\"text-decoration: none;\">\r\n  <button class=\"comic-button\">Turno<br>Complementar<\/button>\r\n<\/a>\t\t\t\t<\/div>\n\t\t\t\t<\/div>\n\t\t\t\t<div class=\"elementor-element elementor-element-58c5f0aa elementor-widget elementor-widget-html\" data-id=\"58c5f0aa\" data-element_type=\"widget\" data-e-type=\"widget\" data-widget_type=\"html.default\">\n\t\t\t\t<div class=\"elementor-widget-container\">\n\t\t\t\t\t<a href=\"\/guiaescolar\/educacao-infantil\/lista-de-materiais\" style=\"text-decoration: none;\">\r\n  <button class=\"comic-button\">Lista<br>de Materiais<\/button>\r\n<\/a>\t\t\t\t<\/div>\n\t\t\t\t<\/div>\n\t\t\t\t<\/div>\n\t\t<div class=\"elementor-element elementor-element-471cc344 e-grid e-con-full e-con e-child\" data-id=\"471cc344\" data-element_type=\"container\" data-e-type=\"container\">\n\t\t\t\t<div class=\"elementor-element elementor-element-cfdfdf2 elementor-widget elementor-widget-html\" data-id=\"cfdfdf2\" data-element_type=\"widget\" data-e-type=\"widget\" data-widget_type=\"html.default\">\n\t\t\t\t<div class=\"elementor-widget-container\">\n\t\t\t\t\t<a href=\"\/guiaescolar\/extracurriculares\/\" style=\"text-decoration: none;\">\r\n  <button class=\"comic-button\">Extra-<br>curriculares<\/button>\r\n<\/a>\t\t\t\t<\/div>\n\t\t\t\t<\/div>\n\t\t\t\t<div class=\"elementor-element elementor-element-3fc35743 elementor-widget elementor-widget-html\" data-id=\"3fc35743\" data-element_type=\"widget\" data-e-type=\"widget\" data-widget_type=\"html.default\">\n\t\t\t\t<div class=\"elementor-widget-container\">\n\t\t\t\t\t<a href=\"\/guiaescolar\/educacao-infantil\/saida-de-estudos\" style=\"text-decoration: none;\">\r\n  <button class=\"comic-button\">Sa\u00eddas<br>de Estudos<\/button>\r\n<\/a>\t\t\t\t<\/div>\n\t\t\t\t<\/div>\n\t\t\t\t<div class=\"elementor-element elementor-element-6ea83551 elementor-widget elementor-widget-html\" data-id=\"6ea83551\" data-element_type=\"widget\" data-e-type=\"widget\" data-widget_type=\"html.default\">\n\t\t\t\t<div class=\"elementor-widget-container\">\n\t\t\t\t\t<a href=\"\/guiaescolar\/educacao-infantil\/aniversario\" style=\"text-decoration: none;\">\r\n  <button class=\"comic-button\">Anivers\u00e1rio<\/button>\r\n<\/a>\t\t\t\t<\/div>\n\t\t\t\t<\/div>\n\t\t\t\t<\/div>\n\t\t<div class=\"elementor-element elementor-element-520328ed e-grid e-con-full e-con e-child\" data-id=\"520328ed\" data-element_type=\"container\" data-e-type=\"container\">\n\t\t\t\t<div class=\"elementor-element elementor-element-40f922b0 elementor-widget elementor-widget-html\" data-id=\"40f922b0\" data-element_type=\"widget\" data-e-type=\"widget\" data-widget_type=\"html.default\">\n\t\t\t\t<div class=\"elementor-widget-container\">\n\t\t\t\t\t<a href=\"\/guiaescolar\/educacao-infantil\/reunioes-de-turmas\" style=\"text-decoration: none;\">\r\n  <button class=\"comic-button\">Reuni\u00f5es<br> de Turmas<\/button>\r\n<\/a>\t\t\t\t<\/div>\n\t\t\t\t<\/div>\n\t\t\t\t<div class=\"elementor-element elementor-element-30845224 elementor-widget elementor-widget-html\" data-id=\"30845224\" data-element_type=\"widget\" data-e-type=\"widget\" data-widget_type=\"html.default\">\n\t\t\t\t<div class=\"elementor-widget-container\">\n\t\t\t\t\t<a href=\"\/guiaescolar\/educacao-infantil\/shabat-com-familias\" style=\"text-decoration: none;\">\r\n  <button class=\"comic-button\">Shabat<br>com Fam\u00edlias<\/button>\r\n<\/a>\t\t\t\t<\/div>\n\t\t\t\t<\/div>\n\t\t\t\t<\/div>\n\t\t\t\t<\/div>\n\t\t\t\t\t<\/div>\n\t\t\t\t<\/div>\n\t\t\t\t<\/div>\n\t\t","protected":false},"excerpt":{"rendered":"<p>Salas de Aula 2026 A distribui\u00e7\u00e3o das salas da Educa\u00e7\u00e3o Infantil segue crit\u00e9rios pedag\u00f3gicos e de seguran\u00e7a. Navega\u00e7\u00e3o EI Hor\u00e1rios Salasde Aula Entradae Sa\u00edda Processode Adapta\u00e7\u00e3o TurnoComplementar Listade Materiais Extra-curriculares Sa\u00eddasde Estudos Anivers\u00e1rio Reuni\u00f5es de Turmas Shabatcom Fam\u00edlias<\/p>\n","protected":false},"author":4,"featured_media":0,"parent":300,"menu_order":0,"comment_status":"closed","ping_status":"closed","template":"","meta":{"footnotes":""},"class_list":["post-347","page","type-page","status-publish","hentry"],"_links":{"self":[{"href":"https:\/\/israelitaedu.com.br\/guiaescolar\/wp-json\/wp\/v2\/pages\/347","targetHints":{"allow":["GET"]}}],"collection":[{"href":"https:\/\/israelitaedu.com.br\/guiaescolar\/wp-json\/wp\/v2\/pages"}],"about":[{"href":"https:\/\/israelitaedu.com.br\/guiaescolar\/wp-json\/wp\/v2\/types\/page"}],"author":[{"embeddable":true,"href":"https:\/\/israelitaedu.com.br\/guiaescolar\/wp-json\/wp\/v2\/users\/4"}],"replies":[{"embeddable":true,"href":"https:\/\/israelitaedu.com.br\/guiaescolar\/wp-json\/wp\/v2\/comments?post=347"}],"version-history":[{"count":21,"href":"https:\/\/israelitaedu.com.br\/guiaescolar\/wp-json\/wp\/v2\/pages\/347\/revisions"}],"predecessor-version":[{"id":7000,"href":"https:\/\/israelitaedu.com.br\/guiaescolar\/wp-json\/wp\/v2\/pages\/347\/revisions\/7000"}],"up":[{"embeddable":true,"href":"https:\/\/israelitaedu.com.br\/guiaescolar\/wp-json\/wp\/v2\/pages\/300"}],"wp:attachment":[{"href":"https:\/\/israelitaedu.com.br\/guiaescolar\/wp-json\/wp\/v2\/media?parent=347"}],"curies":[{"name":"wp","href":"https:\/\/api.w.org\/{rel}","templated":true}]}}