{"id":2080,"date":"2025-05-02T13:46:51","date_gmt":"2025-05-02T16:46:51","guid":{"rendered":"https:\/\/israelitaedu.com.br\/guiaescolar\/?page_id=2080"},"modified":"2026-02-17T18:19:23","modified_gmt":"2026-02-17T21:19:23","slug":"drive","status":"publish","type":"page","link":"https:\/\/israelitaedu.com.br\/guiaescolar\/drive\/","title":{"rendered":"Drive"},"content":{"rendered":"\t\t<div data-elementor-type=\"wp-page\" data-elementor-id=\"2080\" class=\"elementor elementor-2080\" data-elementor-post-type=\"page\">\n\t\t\t\t<div class=\"elementor-element elementor-element-47be733 e-con-full e-flex e-con e-child\" data-id=\"47be733\" data-element_type=\"container\" data-e-type=\"container\">\n\t\t\t\t<div class=\"elementor-element elementor-element-9ecce70 elementor-widget elementor-widget-heading\" data-id=\"9ecce70\" data-element_type=\"widget\" data-e-type=\"widget\" data-widget_type=\"heading.default\">\n\t\t\t\t<div class=\"elementor-widget-container\">\n\t\t\t\t\t<h2 class=\"elementor-heading-title elementor-size-default\">Drive-Thru<\/h2>\t\t\t\t<\/div>\n\t\t\t\t<\/div>\n\t\t\t\t<div class=\"elementor-element elementor-element-68d3216 elementor-widget elementor-widget-heading\" data-id=\"68d3216\" data-element_type=\"widget\" data-e-type=\"widget\" data-widget_type=\"heading.default\">\n\t\t\t\t<div class=\"elementor-widget-container\">\n\t\t\t\t\t<h2 class=\"elementor-heading-title elementor-size-default\">\u00c1rea de Embarque e Desembarque<\/h2>\t\t\t\t<\/div>\n\t\t\t\t<\/div>\n\t\t\t\t<\/div>\n\t\t<div class=\"elementor-element elementor-element-92069d9 e-flex e-con-boxed e-con e-parent\" data-id=\"92069d9\" data-element_type=\"container\" data-e-type=\"container\">\n\t\t\t\t\t<div class=\"e-con-inner\">\n\t\t\t\t<div class=\"elementor-element elementor-element-58c673a elementor-widget elementor-widget-text-editor\" data-id=\"58c673a\" data-element_type=\"widget\" data-e-type=\"widget\" data-widget_type=\"text-editor.default\">\n\t\t\t\t<div class=\"elementor-widget-container\">\n\t\t\t\t\t\t\t\t\t<p>Prezado(a) Encarregado(a), A organiza\u00e7\u00e3o \u00e9 a pr\u00e9-condi\u00e7\u00e3o do sucesso do nosso Drive-Thru. Para isso, solicitamos sua <b>aten\u00e7\u00e3o e colabora\u00e7\u00e3o no cumprimento das orienta\u00e7\u00f5es e da legisla\u00e7\u00e3o de tr\u00e2nsito.<\/b><\/p>\t\t\t\t\t\t\t\t<\/div>\n\t\t\t\t<\/div>\n\t\t\t\t<div class=\"elementor-element elementor-element-5235c82 elementor-widget-divider--view-line elementor-widget elementor-widget-divider\" data-id=\"5235c82\" data-element_type=\"widget\" data-e-type=\"widget\" data-widget_type=\"divider.default\">\n\t\t\t\t<div class=\"elementor-widget-container\">\n\t\t\t\t\t\t\t<div class=\"elementor-divider\">\n\t\t\t<span class=\"elementor-divider-separator\">\n\t\t\t\t\t\t<\/span>\n\t\t<\/div>\n\t\t\t\t\t\t<\/div>\n\t\t\t\t<\/div>\n\t\t<div class=\"elementor-element elementor-element-9951855 e-flex e-con-boxed e-con e-child\" data-id=\"9951855\" data-element_type=\"container\" data-e-type=\"container\" data-settings=\"{&quot;background_background&quot;:&quot;classic&quot;}\">\n\t\t\t\t\t<div class=\"e-con-inner\">\n\t\t<div class=\"elementor-element elementor-element-99cc19f e-con-full e-flex e-con e-child\" data-id=\"99cc19f\" data-element_type=\"container\" data-e-type=\"container\">\n\t\t\t\t<div class=\"elementor-element elementor-element-ff8a9ec elementor-widget elementor-widget-heading\" data-id=\"ff8a9ec\" data-element_type=\"widget\" data-e-type=\"widget\" data-widget_type=\"heading.default\">\n\t\t\t\t<div class=\"elementor-widget-container\">\n\t\t\t\t\t<h2 class=\"elementor-heading-title elementor-size-default\">Orienta\u00e7\u00f5es Ensino Fundamental 1<\/h2>\t\t\t\t<\/div>\n\t\t\t\t<\/div>\n\t\t\t\t<div class=\"elementor-element elementor-element-32c58e6 elementor-widget elementor-widget-text-editor\" data-id=\"32c58e6\" data-element_type=\"widget\" data-e-type=\"widget\" data-widget_type=\"text-editor.default\">\n\t\t\t\t<div class=\"elementor-widget-container\">\n\t\t\t\t\t\t\t\t\t<ul><li style=\"font-family: 'Google Sans Text', sans-serif !important; line-height: 1.15 !important; margin-top: 0px !important;\"><p style=\"line-height: 1.15 !important; margin-top: 0px !important;\" data-path-to-node=\"6,0,0\">Para utiliza\u00e7\u00e3o do drive-thru entre 15h30min e 16h, \u00e9 <b style=\"line-height: 1.15 !important; margin-top: 0px !important;\">necess\u00e1rio o uso dos cart\u00f5es\/placas que foram enviados na mochila.<\/b><\/p><\/li><li style=\"font-family: 'Google Sans Text', sans-serif !important; line-height: 1.15 !important; margin-top: 0px !important;\"><p style=\"line-height: 1.15 !important; margin-top: 0px !important;\" data-path-to-node=\"6,1,0\">As placas devem ser <b style=\"line-height: 1.15 !important; margin-top: 0px !important;\">colocadas no carro<\/b>, no vidro dianteiro, para facilitar o processo de chamada e tamb\u00e9m a identifica\u00e7\u00e3o de ve\u00edculo no momento da entrega da crian\u00e7a.<\/p><\/li><li style=\"font-family: 'Google Sans Text', sans-serif !important; line-height: 1.15 !important; margin-top: 0px !important;\"><p style=\"line-height: 1.15 !important; margin-top: 0px !important;\" data-path-to-node=\"6,3,0\">Ap\u00f3s as 16h, as fam\u00edlias devem, obrigatoriamente, ingressar na escola para buscar os alunos.<\/p><\/li><\/ul>\t\t\t\t\t\t\t\t<\/div>\n\t\t\t\t<\/div>\n\t\t\t\t<div class=\"elementor-element elementor-element-0a51034 elementor-widget elementor-widget-image\" data-id=\"0a51034\" data-element_type=\"widget\" data-e-type=\"widget\" data-widget_type=\"image.default\">\n\t\t\t\t<div class=\"elementor-widget-container\">\n\t\t\t\t\t\t\t\t\t\t\t\t\t\t\t<img fetchpriority=\"high\" decoding=\"async\" width=\"1024\" height=\"683\" src=\"https:\/\/israelitaedu.com.br\/guiaescolar\/wp-content\/uploads\/2025\/04\/IMG_0230-1024x683-1.jpg\" class=\"attachment-full size-full wp-image-1627\" alt=\"\" srcset=\"https:\/\/israelitaedu.com.br\/guiaescolar\/wp-content\/uploads\/2025\/04\/IMG_0230-1024x683-1.jpg 1024w, https:\/\/israelitaedu.com.br\/guiaescolar\/wp-content\/uploads\/2025\/04\/IMG_0230-1024x683-1-300x200.jpg 300w, https:\/\/israelitaedu.com.br\/guiaescolar\/wp-content\/uploads\/2025\/04\/IMG_0230-1024x683-1-768x512.jpg 768w\" sizes=\"(max-width: 1024px) 100vw, 1024px\" \/>\t\t\t\t\t\t\t\t\t\t\t\t\t\t\t<\/div>\n\t\t\t\t<\/div>\n\t\t\t\t<\/div>\n\t\t\t\t\t<\/div>\n\t\t\t\t<\/div>\n\t\t<div class=\"elementor-element elementor-element-70295bb e-con-full e-flex e-con e-child\" data-id=\"70295bb\" data-element_type=\"container\" data-e-type=\"container\" data-settings=\"{&quot;background_background&quot;:&quot;classic&quot;}\">\n\t\t<div class=\"elementor-element elementor-element-d52f5c7 e-con-full e-flex e-con e-child\" data-id=\"d52f5c7\" data-element_type=\"container\" data-e-type=\"container\">\n\t\t<div class=\"elementor-element elementor-element-e90e7a1 e-con-full e-flex e-con e-child\" data-id=\"e90e7a1\" data-element_type=\"container\" data-e-type=\"container\" data-settings=\"{&quot;background_background&quot;:&quot;classic&quot;}\">\n\t\t\t\t<div class=\"elementor-element elementor-element-ce6e4cd elementor-widget elementor-widget-heading\" data-id=\"ce6e4cd\" data-element_type=\"widget\" data-e-type=\"widget\" data-widget_type=\"heading.default\">\n\t\t\t\t<div class=\"elementor-widget-container\">\n\t\t\t\t\t<h2 class=\"elementor-heading-title elementor-size-default\">Orienta\u00e7\u00f5es Gerais<\/h2>\t\t\t\t<\/div>\n\t\t\t\t<\/div>\n\t\t\t\t<\/div>\n\t\t\t\t<div class=\"elementor-element elementor-element-dab0738 elementor-widget elementor-widget-text-editor\" data-id=\"dab0738\" data-element_type=\"widget\" data-e-type=\"widget\" data-widget_type=\"text-editor.default\">\n\t\t\t\t<div class=\"elementor-widget-container\">\n\t\t\t\t\t\t\t\t\t<ul><li>Siga a orienta\u00e7\u00e3o dos seguran\u00e7as para se posicionar.<\/li><li>Os alunos devem chegar prontos para o desembarque, de prefer\u00eancia sentados atr\u00e1s do motorista para que des\u00e7am com seguran\u00e7a.<\/li><li>N\u00e3o coloque a mochila no porta-malas.<\/li><li>A \u00e1rea do drive-thru \u00e9 para embarque e desembarque, e a equipe est\u00e1 posicionada para isso.<\/li><li>Ap\u00f3s embarque e desembarque, libere espa\u00e7o para os pr\u00f3ximos carros.<\/li><li>Sempre tome cuidado com os pedestres.<\/li><li>Se o drive estiver bloqueando pelo carro da frente, utilize o espa\u00e7o entre os cones para retirar seu carro. Informe esta situa\u00e7\u00e3o aos seguran\u00e7as imediatamente.<\/li><li>N\u00e3o tranque o cruzamento das ruas do entorno, nem a Rua S\u00e3o Vicente.<\/li><li>N\u00e3o realize embarques e desembarques em fila dupla. Esta atitude, al\u00e9m de desrespeitosa aos outros motoristas que usam o drive, coloca em risco a seguran\u00e7a de seu filho e de toda a comunidade escolar.<\/li><li>N\u00e3o buzine em frente ao Col\u00e9gio.<\/li><\/ul>\t\t\t\t\t\t\t\t<\/div>\n\t\t\t\t<\/div>\n\t\t\t\t<\/div>\n\t\t\t\t<\/div>\n\t\t\t\t\t<\/div>\n\t\t\t\t<\/div>\n\t\t\t\t<\/div>\n\t\t","protected":false},"excerpt":{"rendered":"<p>Drive-Thru \u00c1rea de Embarque e Desembarque Prezado(a) Encarregado(a), A organiza\u00e7\u00e3o \u00e9 a pr\u00e9-condi\u00e7\u00e3o do sucesso do nosso Drive-Thru. Para isso, solicitamos sua aten\u00e7\u00e3o e colabora\u00e7\u00e3o no cumprimento das orienta\u00e7\u00f5es e da legisla\u00e7\u00e3o de tr\u00e2nsito. Orienta\u00e7\u00f5es Ensino Fundamental 1 Para utiliza\u00e7\u00e3o do drive-thru entre 15h30min e 16h, \u00e9 necess\u00e1rio o uso dos cart\u00f5es\/placas que foram enviados [&hellip;]<\/p>\n","protected":false},"author":6,"featured_media":0,"parent":0,"menu_order":0,"comment_status":"closed","ping_status":"closed","template":"","meta":{"footnotes":""},"class_list":["post-2080","page","type-page","status-publish","hentry"],"_links":{"self":[{"href":"https:\/\/israelitaedu.com.br\/guiaescolar\/wp-json\/wp\/v2\/pages\/2080","targetHints":{"allow":["GET"]}}],"collection":[{"href":"https:\/\/israelitaedu.com.br\/guiaescolar\/wp-json\/wp\/v2\/pages"}],"about":[{"href":"https:\/\/israelitaedu.com.br\/guiaescolar\/wp-json\/wp\/v2\/types\/page"}],"author":[{"embeddable":true,"href":"https:\/\/israelitaedu.com.br\/guiaescolar\/wp-json\/wp\/v2\/users\/6"}],"replies":[{"embeddable":true,"href":"https:\/\/israelitaedu.com.br\/guiaescolar\/wp-json\/wp\/v2\/comments?post=2080"}],"version-history":[{"count":28,"href":"https:\/\/israelitaedu.com.br\/guiaescolar\/wp-json\/wp\/v2\/pages\/2080\/revisions"}],"predecessor-version":[{"id":7881,"href":"https:\/\/israelitaedu.com.br\/guiaescolar\/wp-json\/wp\/v2\/pages\/2080\/revisions\/7881"}],"wp:attachment":[{"href":"https:\/\/israelitaedu.com.br\/guiaescolar\/wp-json\/wp\/v2\/media?parent=2080"}],"curies":[{"name":"wp","href":"https:\/\/api.w.org\/{rel}","templated":true}]}}