{"id":1650,"date":"2025-04-23T11:19:55","date_gmt":"2025-04-23T14:19:55","guid":{"rendered":"https:\/\/israelitaedu.com.br\/guiaescolar\/?page_id=1650"},"modified":"2025-12-01T13:52:02","modified_gmt":"2025-12-01T16:52:02","slug":"simulados","status":"publish","type":"page","link":"https:\/\/israelitaedu.com.br\/guiaescolar\/ensino-medio\/simulados\/","title":{"rendered":"Simulados &#8211; EM"},"content":{"rendered":"\t\t<div data-elementor-type=\"wp-page\" data-elementor-id=\"1650\" class=\"elementor elementor-1650\" data-elementor-post-type=\"page\">\n\t\t\t\t<div class=\"elementor-element elementor-element-7c08c8c1 e-flex e-con-boxed e-con e-parent\" data-id=\"7c08c8c1\" data-element_type=\"container\" data-e-type=\"container\">\n\t\t\t\t\t<div class=\"e-con-inner\">\n\t\t<div class=\"elementor-element elementor-element-1cd064f6 e-con-full e-flex e-con e-child\" data-id=\"1cd064f6\" data-element_type=\"container\" data-e-type=\"container\">\n\t\t\t\t<div class=\"elementor-element elementor-element-7df34ffe elementor-widget elementor-widget-heading\" data-id=\"7df34ffe\" data-element_type=\"widget\" data-e-type=\"widget\" data-widget_type=\"heading.default\">\n\t\t\t\t<div class=\"elementor-widget-container\">\n\t\t\t\t\t<h2 class=\"elementor-heading-title elementor-size-default\"><span>Simulados<\/span><\/h2>\t\t\t\t<\/div>\n\t\t\t\t<\/div>\n\t\t\t\t<\/div>\n\t\t<div class=\"elementor-element elementor-element-6eed00ef e-con-full e-flex e-con e-child\" data-id=\"6eed00ef\" data-element_type=\"container\" data-e-type=\"container\">\n\t\t\t\t<div class=\"elementor-element elementor-element-7a41cc5 elementor-widget elementor-widget-text-editor\" data-id=\"7a41cc5\" data-element_type=\"widget\" data-e-type=\"widget\" data-widget_type=\"text-editor.default\">\n\t\t\t\t<div class=\"elementor-widget-container\">\n\t\t\t\t\t\t\t\t\t<h4 style=\"text-align: center;\"><span style=\"font-family: Albert Sans, sans-serif;\"><b>ENEM Evolucional &#8211; 1\u00aa S\u00e9rie<\/b><\/span><\/h4><p>O Exame Nacional do Ensino M\u00e9dio (ENEM) \u00e9 uma avalia\u00e7\u00e3o de grande import\u00e2ncia, utilizada como crit\u00e9rio de ingresso em diversas universidades p\u00fablicas e privadas no Brasil e em Portugal. Diante da crescente exig\u00eancia de preparo por parte dos alunos, o Col\u00e9gio Israelita Brasileiro firmou parceria com a Plataforma Evolucional, refer\u00eancia em simulados para o ENEM.<\/p><p>Este simulado \u00e9 essencial para que possamos ajustar e aprimorar o ensino, pois fornece informa\u00e7\u00f5es detalhadas sobre as habilidades e compet\u00eancias desenvolvidas pelos alunos ao longo de sua trajet\u00f3ria escolar. Al\u00e9m disso, cada estudante ter\u00e1 acesso a um relat\u00f3rio individualizado com seu desempenho e poder\u00e1 simular suas chances de aprova\u00e7\u00e3o no curso e universidade de sua escolha. Caso o resultado n\u00e3o seja suficiente para a aprova\u00e7\u00e3o, o relat\u00f3rio indicar\u00e1 quais habilidades precisam ser aprimoradas.<\/p>\t\t\t\t\t\t\t\t<\/div>\n\t\t\t\t<\/div>\n\t\t\t\t<div class=\"elementor-element elementor-element-2b8d429 elementor-widget elementor-widget-text-editor\" data-id=\"2b8d429\" data-element_type=\"widget\" data-e-type=\"widget\" data-widget_type=\"text-editor.default\">\n\t\t\t\t<div class=\"elementor-widget-container\">\n\t\t\t\t\t\t\t\t\t<h4 style=\"font-family: 'Albert Sans', sans-serif; color: #ffffff; text-align: center;\"><span style=\"font-weight: bolder;\">Diferenciais do Simulado Evolucional<\/span><\/h4><ul style=\"font-size: 16px; background-color: #123274; color: #ffffff; font-family: 'Albert Sans', sans-serif;\"><li style=\"font-size: 16px;\"><span style=\"font-weight: bolder;\">99,6% de precis\u00e3o na nota TRI<\/span>, seguindo os mesmos crit\u00e9rios do ENEM;<\/li><li style=\"font-size: 16px;\"><span style=\"font-weight: bolder;\">Quest\u00f5es de alta qualidade pedag\u00f3gica<\/span>, alinhadas \u00e0 matriz do exame e com o mesmo layout gr\u00e1fico do INEP;<\/li><li style=\"font-size: 16px;\"><span style=\"font-weight: bolder;\">Adequa\u00e7\u00e3o do conte\u00fado para cada s\u00e9rie<\/span>;<\/li><li style=\"font-size: 16px;\"><span style=\"font-weight: bolder;\">V\u00eddeo-resolu\u00e7\u00e3o de todas as quest\u00f5es<\/span>, com revis\u00e3o do conte\u00fado;<\/li><li style=\"font-size: 16px;\"><span style=\"font-weight: bolder;\">Relat\u00f3rios detalhados<\/span>\u00a0sobre pontos fortes e fracos por habilidade e assunto;<\/li><li style=\"font-size: 16px;\"><span style=\"font-weight: bolder;\">Boletim de desempenho impresso<\/span>;<\/li><li style=\"font-size: 16px;\"><span style=\"font-weight: bolder;\">Simulador SISU<\/span>, indicando chances de aprova\u00e7\u00e3o p\u00aaor curso e universidade;<\/li><li style=\"font-size: 16px;\"><span style=\"font-weight: bolder;\">Ferramenta de revis\u00e3o de prova<\/span>, priorizando quest\u00f5es com maior impacto na nota TRI;<\/li><li style=\"font-size: 16px;\"><span style=\"font-weight: bolder;\">Corre\u00e7\u00e3o de reda\u00e7\u00e3o por compet\u00eancia<\/span>.<\/li><\/ul>\t\t\t\t\t\t\t\t<\/div>\n\t\t\t\t<\/div>\n\t\t\t\t<\/div>\n\t\t<div class=\"elementor-element elementor-element-86a04a3 e-con-full e-flex e-con e-child\" data-id=\"86a04a3\" data-element_type=\"container\" data-e-type=\"container\">\n\t\t\t\t<div class=\"elementor-element elementor-element-e62491e elementor-widget elementor-widget-heading\" data-id=\"e62491e\" data-element_type=\"widget\" data-e-type=\"widget\" data-widget_type=\"heading.default\">\n\t\t\t\t<div class=\"elementor-widget-container\">\n\t\t\t\t\t<h2 class=\"elementor-heading-title elementor-size-default\"><h2 data-elementor-setting-key=\"title\" data-pen-placeholder=\"Digite aqui...\" style=\", sans-serif;font-weight: 600;text-align: center\"><span style=\"font-size: 33px;font-weight: 400\">Navega\u00e7\u00e3o&nbsp;<\/span><span style=\"font-size: 33px;font-weight: 400\">EM<\/span><span style=\"font-size: 2rem;text-align: start\"><\/span><\/h2><\/h2>\t\t\t\t<\/div>\n\t\t\t\t<\/div>\n\t\t<div class=\"elementor-element elementor-element-780cfa8 e-grid e-con-full e-con e-child\" data-id=\"780cfa8\" data-element_type=\"container\" data-e-type=\"container\">\n\t\t\t\t<div class=\"elementor-element elementor-element-198d1d0 elementor-widget elementor-widget-html\" data-id=\"198d1d0\" data-element_type=\"widget\" data-e-type=\"widget\" data-widget_type=\"html.default\">\n\t\t\t\t<div class=\"elementor-widget-container\">\n\t\t\t\t\t<a href=\"\/guiaescolar\/ensino-medio\/horarios\" style=\"text-decoration: none;\">\r\n  <button class=\"comic-button\">Hor\u00e1rios<\/button>\r\n<\/a>\t\t\t\t<\/div>\n\t\t\t\t<\/div>\n\t\t\t\t<div class=\"elementor-element elementor-element-9fe01ff elementor-widget elementor-widget-html\" data-id=\"9fe01ff\" data-element_type=\"widget\" data-e-type=\"widget\" data-widget_type=\"html.default\">\n\t\t\t\t<div class=\"elementor-widget-container\">\n\t\t\t\t\t<a href=\"\/guiaescolar\/ensino-medio\/salas-de-aula\" style=\"text-decoration: none;\">\r\n  <button class=\"comic-button\">Salas<br>de Aula<\/button>\r\n<\/a>\t\t\t\t<\/div>\n\t\t\t\t<\/div>\n\t\t\t\t<div class=\"elementor-element elementor-element-3a2d0b7 elementor-widget elementor-widget-html\" data-id=\"3a2d0b7\" data-element_type=\"widget\" data-e-type=\"widget\" data-widget_type=\"html.default\">\n\t\t\t\t<div class=\"elementor-widget-container\">\n\t\t\t\t\t<a href=\"\/guiaescolar\/ensino-medio\/entrada-e-saida\" style=\"text-decoration: none;\">\r\n  <button class=\"comic-button\">Entrada<br>e Sa\u00edda<\/button>\r\n<\/a>\t\t\t\t<\/div>\n\t\t\t\t<\/div>\n\t\t\t\t<\/div>\n\t\t<div class=\"elementor-element elementor-element-bd553e3 e-grid e-con-full e-con e-child\" data-id=\"bd553e3\" data-element_type=\"container\" data-e-type=\"container\">\n\t\t\t\t<div class=\"elementor-element elementor-element-3149956 elementor-widget elementor-widget-html\" data-id=\"3149956\" data-element_type=\"widget\" data-e-type=\"widget\" data-widget_type=\"html.default\">\n\t\t\t\t<div class=\"elementor-widget-container\">\n\t\t\t\t\t<a href=\"\/guiaescolar\/ensino-medio\/itinerarios-formativos\" style=\"text-decoration: none;\">\r\n  <button class=\"comic-button\">Itiner\u00e1rios<br>Formativos<\/button>\r\n<\/a>\t\t\t\t<\/div>\n\t\t\t\t<\/div>\n\t\t\t\t<div class=\"elementor-element elementor-element-6e6d93c elementor-widget elementor-widget-html\" data-id=\"6e6d93c\" data-element_type=\"widget\" data-e-type=\"widget\" data-widget_type=\"html.default\">\n\t\t\t\t<div class=\"elementor-widget-container\">\n\t\t\t\t\t<a href=\"\/guiaescolar\/ensino-medio\/eletivas\" style=\"text-decoration: none;\">\r\n  <button class=\"comic-button\">Eletivas<\/button>\r\n<\/a>\t\t\t\t<\/div>\n\t\t\t\t<\/div>\n\t\t\t\t<div class=\"elementor-element elementor-element-44a0ce3 elementor-widget elementor-widget-html\" data-id=\"44a0ce3\" data-element_type=\"widget\" data-e-type=\"widget\" data-widget_type=\"html.default\">\n\t\t\t\t<div class=\"elementor-widget-container\">\n\t\t\t\t\t<a href=\"\/guiaescolar\/ensino-medio\/avaliacoes-externas\" style=\"text-decoration: none;\">\r\n  <button class=\"comic-button\">Avalia\u00e7\u00f5es<br>Externas<\/button>\r\n<\/a>\t\t\t\t<\/div>\n\t\t\t\t<\/div>\n\t\t\t\t<div class=\"elementor-element elementor-element-c1af29d elementor-widget elementor-widget-html\" data-id=\"c1af29d\" data-element_type=\"widget\" data-e-type=\"widget\" data-widget_type=\"html.default\">\n\t\t\t\t<div class=\"elementor-widget-container\">\n\t\t\t\t\t<a href=\"\/guiaescolar\/ensino-medio\/simulados\" style=\"text-decoration: none;\">\r\n  <button class=\"comic-button\">Simulados<\/button>\r\n<\/a>\t\t\t\t<\/div>\n\t\t\t\t<\/div>\n\t\t\t\t<div class=\"elementor-element elementor-element-5f8613b elementor-widget elementor-widget-html\" data-id=\"5f8613b\" data-element_type=\"widget\" data-e-type=\"widget\" data-widget_type=\"html.default\">\n\t\t\t\t<div class=\"elementor-widget-container\">\n\t\t\t\t\t<a href=\"\/guiaescolar\/ensino-medio\/lista-de-materiais\" style=\"text-decoration: none;\">\r\n  <button class=\"comic-button\">Lista de<br>Materiais<\/button>\r\n<\/a>\t\t\t\t<\/div>\n\t\t\t\t<\/div>\n\t\t\t\t<div class=\"elementor-element elementor-element-dc4f388 elementor-widget elementor-widget-html\" data-id=\"dc4f388\" data-element_type=\"widget\" data-e-type=\"widget\" data-widget_type=\"html.default\">\n\t\t\t\t<div class=\"elementor-widget-container\">\n\t\t\t\t\t<a href=\"\/guiaescolar\/ensino-medio\/extra-curriculares\" style=\"text-decoration: none;\">\r\n  <button class=\"comic-button\">Extra-<br>curriculares<\/button>\r\n<\/a>\t\t\t\t<\/div>\n\t\t\t\t<\/div>\n\t\t\t\t<\/div>\n\t\t<div class=\"elementor-element elementor-element-b6038e6 e-grid e-con-full e-con e-child\" data-id=\"b6038e6\" data-element_type=\"container\" data-e-type=\"container\">\n\t\t\t\t<div class=\"elementor-element elementor-element-5b67e26 elementor-widget elementor-widget-html\" data-id=\"5b67e26\" data-element_type=\"widget\" data-e-type=\"widget\" data-widget_type=\"html.default\">\n\t\t\t\t<div class=\"elementor-widget-container\">\n\t\t\t\t\t<a href=\"\/guiaescolar\/ensino-medio\/plataformas-educacionais\" style=\"text-decoration: none;\">\r\n  <button class=\"comic-button\">Plataformas<br>Educacionais<\/button>\r\n<\/a>\t\t\t\t<\/div>\n\t\t\t\t<\/div>\n\t\t\t\t<div class=\"elementor-element elementor-element-b8af08a elementor-widget elementor-widget-html\" data-id=\"b8af08a\" data-element_type=\"widget\" data-e-type=\"widget\" data-widget_type=\"html.default\">\n\t\t\t\t<div class=\"elementor-widget-container\">\n\t\t\t\t\t<a href=\"\/guiaescolar\/ensino-medio\/saida-de-estudos\" style=\"text-decoration: none;\">\r\n  <button class=\"comic-button\">Sa\u00eddas de<br>Estudos<\/button>\r\n<\/a>\t\t\t\t<\/div>\n\t\t\t\t<\/div>\n\t\t\t\t<div class=\"elementor-element elementor-element-5c51897 elementor-widget elementor-widget-html\" data-id=\"5c51897\" data-element_type=\"widget\" data-e-type=\"widget\" data-widget_type=\"html.default\">\n\t\t\t\t<div class=\"elementor-widget-container\">\n\t\t\t\t\t<a href=\"\/guiaescolar\/ensino-medio\/reunioes-de-turmas\" style=\"text-decoration: none;\">\r\n  <button class=\"comic-button\">Reuni\u00f5es de<br>Turmas<\/button>\r\n<\/a>\t\t\t\t<\/div>\n\t\t\t\t<\/div>\n\t\t\t\t<\/div>\n\t\t<div class=\"elementor-element elementor-element-09542dd e-grid e-con-full e-con e-child\" data-id=\"09542dd\" data-element_type=\"container\" data-e-type=\"container\">\n\t\t\t\t<div class=\"elementor-element elementor-element-09fe4eb elementor-widget elementor-widget-html\" data-id=\"09fe4eb\" data-element_type=\"widget\" data-e-type=\"widget\" data-widget_type=\"html.default\">\n\t\t\t\t<div class=\"elementor-widget-container\">\n\t\t\t\t\t<a href=\"\/guiaescolar\/ensino-fundamental-2\/amo\" style=\"text-decoration: none;\">\r\n  <button class=\"comic-button\">AMO<\/button>\r\n<\/a>\t\t\t\t<\/div>\n\t\t\t\t<\/div>\n\t\t\t\t<div class=\"elementor-element elementor-element-b10ab96 elementor-widget elementor-widget-html\" data-id=\"b10ab96\" data-element_type=\"widget\" data-e-type=\"widget\" data-widget_type=\"html.default\">\n\t\t\t\t<div class=\"elementor-widget-container\">\n\t\t\t\t\t<a href=\"\/guiaescolar\/ensino-medio\/planos-de-ensino\" style=\"text-decoration: none;\">\r\n  <button class=\"comic-button\">Planos<br>de Ensino<\/button>\r\n<\/a>\t\t\t\t<\/div>\n\t\t\t\t<\/div>\n\t\t\t\t<div class=\"elementor-element elementor-element-196c454 elementor-widget elementor-widget-html\" data-id=\"196c454\" data-element_type=\"widget\" data-e-type=\"widget\" data-widget_type=\"html.default\">\n\t\t\t\t<div class=\"elementor-widget-container\">\n\t\t\t\t\t<a href=\"\/guiaescolar\/ensino-medio\/\" style=\"text-decoration: none;\">\r\n  <button class=\"comic-button\">Semana das<br>Trajet\u00f3rias<\/button>\r\n<\/a>\t\t\t\t<\/div>\n\t\t\t\t<\/div>\n\t\t\t\t<\/div>\n\t\t\t\t<\/div>\n\t\t\t\t\t<\/div>\n\t\t\t\t<\/div>\n\t\t\t\t<\/div>\n\t\t","protected":false},"excerpt":{"rendered":"<p>Simulados ENEM Evolucional &#8211; 1\u00aa S\u00e9rie O Exame Nacional do Ensino M\u00e9dio (ENEM) \u00e9 uma avalia\u00e7\u00e3o de grande import\u00e2ncia, utilizada como crit\u00e9rio de ingresso em diversas universidades p\u00fablicas e privadas no Brasil e em Portugal. Diante da crescente exig\u00eancia de preparo por parte dos alunos, o Col\u00e9gio Israelita Brasileiro firmou parceria com a Plataforma Evolucional, [&hellip;]<\/p>\n","protected":false},"author":4,"featured_media":0,"parent":1559,"menu_order":0,"comment_status":"closed","ping_status":"closed","template":"","meta":{"footnotes":""},"class_list":["post-1650","page","type-page","status-publish","hentry"],"_links":{"self":[{"href":"https:\/\/israelitaedu.com.br\/guiaescolar\/wp-json\/wp\/v2\/pages\/1650","targetHints":{"allow":["GET"]}}],"collection":[{"href":"https:\/\/israelitaedu.com.br\/guiaescolar\/wp-json\/wp\/v2\/pages"}],"about":[{"href":"https:\/\/israelitaedu.com.br\/guiaescolar\/wp-json\/wp\/v2\/types\/page"}],"author":[{"embeddable":true,"href":"https:\/\/israelitaedu.com.br\/guiaescolar\/wp-json\/wp\/v2\/users\/4"}],"replies":[{"embeddable":true,"href":"https:\/\/israelitaedu.com.br\/guiaescolar\/wp-json\/wp\/v2\/comments?post=1650"}],"version-history":[{"count":22,"href":"https:\/\/israelitaedu.com.br\/guiaescolar\/wp-json\/wp\/v2\/pages\/1650\/revisions"}],"predecessor-version":[{"id":5473,"href":"https:\/\/israelitaedu.com.br\/guiaescolar\/wp-json\/wp\/v2\/pages\/1650\/revisions\/5473"}],"up":[{"embeddable":true,"href":"https:\/\/israelitaedu.com.br\/guiaescolar\/wp-json\/wp\/v2\/pages\/1559"}],"wp:attachment":[{"href":"https:\/\/israelitaedu.com.br\/guiaescolar\/wp-json\/wp\/v2\/media?parent=1650"}],"curies":[{"name":"wp","href":"https:\/\/api.w.org\/{rel}","templated":true}]}}