{"id":1383,"date":"2025-04-23T09:36:36","date_gmt":"2025-04-23T12:36:36","guid":{"rendered":"https:\/\/israelitaedu.com.br\/guiaescolar\/?page_id=1383"},"modified":"2026-02-12T18:05:29","modified_gmt":"2026-02-12T21:05:29","slug":"6-ano","status":"publish","type":"page","link":"https:\/\/israelitaedu.com.br\/guiaescolar\/ensino-fundamental-2\/lista-de-materiais\/6-ano\/","title":{"rendered":"Lista de Materiais &#8211; 6\u00ba ano"},"content":{"rendered":"\t\t<div data-elementor-type=\"wp-page\" data-elementor-id=\"1383\" class=\"elementor elementor-1383\" data-elementor-post-type=\"page\">\n\t\t\t\t<div class=\"elementor-element elementor-element-10b8331b e-flex e-con-boxed e-con e-parent\" data-id=\"10b8331b\" data-element_type=\"container\" data-e-type=\"container\">\n\t\t\t\t\t<div class=\"e-con-inner\">\n\t\t<div class=\"elementor-element elementor-element-4f2f8fdf e-con-full e-flex e-con e-child\" data-id=\"4f2f8fdf\" data-element_type=\"container\" data-e-type=\"container\">\n\t\t\t\t<div class=\"elementor-element elementor-element-2e44c204 elementor-widget elementor-widget-heading\" data-id=\"2e44c204\" data-element_type=\"widget\" data-e-type=\"widget\" data-widget_type=\"heading.default\">\n\t\t\t\t<div class=\"elementor-widget-container\">\n\t\t\t\t\t<h2 class=\"elementor-heading-title elementor-size-default\">Lista de Materiais<\/h2>\t\t\t\t<\/div>\n\t\t\t\t<\/div>\n\t\t\t\t<div class=\"elementor-element elementor-element-29f70445 elementor-widget elementor-widget-heading\" data-id=\"29f70445\" data-element_type=\"widget\" data-e-type=\"widget\" data-widget_type=\"heading.default\">\n\t\t\t\t<div class=\"elementor-widget-container\">\n\t\t\t\t\t<h2 class=\"elementor-heading-title elementor-size-default\">6\u00ba ano<\/h2>\t\t\t\t<\/div>\n\t\t\t\t<\/div>\n\t\t<div class=\"elementor-element elementor-element-38cd791b e-con-full e-flex e-con e-child\" data-id=\"38cd791b\" data-element_type=\"container\" data-e-type=\"container\">\n\t\t\t\t<div class=\"elementor-element elementor-element-3d4914f7 elementor-widget elementor-widget-text-editor\" data-id=\"3d4914f7\" data-element_type=\"widget\" data-e-type=\"widget\" data-widget_type=\"text-editor.default\">\n\t\t\t\t<div class=\"elementor-widget-container\">\n\t\t\t\t\t\t\t\t\t<p>Os materiais escolares adotados para 2026 estar\u00e3o dispon\u00edveis para venda na loja Letral, localizada na escola.\u00a0<strong>Em raz\u00e3o de obras, a loja estar\u00e1 temporariamente localizada na Sala de M\u00fasica. <\/strong>Informa\u00e7\u00f5es e or\u00e7amentos pelo WhatsApp 51 9819-9186.\u00a0<\/p><p><span style=\"font-weight: 400;\">Caso a fam\u00edlia prefira, poder\u00e1 adquirir o material em outro estabelecimento at\u00e9 o in\u00edcio do ano letivo.<\/span><\/p>\t\t\t\t\t\t\t\t<\/div>\n\t\t\t\t<\/div>\n\t\t\t\t<\/div>\n\t\t\t\t<\/div>\n\t\t<div class=\"elementor-element elementor-element-1bc61fc e-con-full forcar-cor-texto-preto e-flex e-con e-child\" data-id=\"1bc61fc\" data-element_type=\"container\" data-e-type=\"container\" data-settings=\"{&quot;background_background&quot;:&quot;classic&quot;}\">\n\t\t<div class=\"elementor-element elementor-element-62065cef e-con-full e-flex e-con e-child\" data-id=\"62065cef\" data-element_type=\"container\" data-e-type=\"container\">\n\t\t\t\t<div class=\"elementor-element elementor-element-9f6cd5b elementor-widget elementor-widget-heading\" data-id=\"9f6cd5b\" data-element_type=\"widget\" data-e-type=\"widget\" data-widget_type=\"heading.default\">\n\t\t\t\t<div class=\"elementor-widget-container\">\n\t\t\t\t\t<h2 class=\"elementor-heading-title elementor-size-default\">ITENS DIVERSOS<\/h2>\t\t\t\t<\/div>\n\t\t\t\t<\/div>\n\t\t\t\t<div class=\"elementor-element elementor-element-9ab9c9c elementor-widget elementor-widget-text-editor\" data-id=\"9ab9c9c\" data-element_type=\"widget\" data-e-type=\"widget\" data-widget_type=\"text-editor.default\">\n\t\t\t\t<div class=\"elementor-widget-container\">\n\t\t\t\t\t\t\t\t\t<p><span style=\"font-weight: 400;\">\u00c9 de responsabilidade do aluno manter a mochila e\/ou o locker diariamente organizados com:\u00a0<\/span><\/p><p><span style=\"font-weight: 400;\">\u2013 Caderno(s) para 6 componentes curriculares<\/span><\/p><p><span style=\"font-weight: 400;\">\u2013 L\u00e1pis<\/span><\/p><p><span style=\"font-weight: 400;\">\u2013 Canetas<\/span><\/p><p><span style=\"font-weight: 400;\">\u2013 Apontador<\/span><\/p><p><span style=\"font-weight: 400;\">\u2013 Cola bast\u00e3o<\/span><\/p><p><span style=\"font-weight: 400;\">\u2013 Tesoura de ponta redonda<\/span><\/p><p><span style=\"font-weight: 400;\">\u2013 1 caixa de l\u00e1pis de cor 12 cores\u00a0\u00a0<\/span><\/p><p><span style=\"font-weight: 400;\">\u2013 1 estojo de canetas hidrocor 12 cores<\/span><\/p><p><span style=\"font-weight: 400;\">\u2013 1 pasta com el\u00e1stico (para os temas)<\/span><\/p><p><span style=\"font-weight: 400;\">\u2013 1 pasta cat\u00e1logo A4 com 10 pl\u00e1sticos (para produ\u00e7\u00f5es textuais)<\/span><\/p><p><span style=\"font-weight: 400;\">\u2013 Caderno\/di\u00e1rio para estudo liter\u00e1rio<\/span><\/p><p><span style=\"font-weight: 400;\">\u2013 Kip\u00e1 \u2013 somente para os meninos (dispon\u00edvel com a equipe de Educa\u00e7\u00e3o Judaica)<\/span><\/p>\t\t\t\t\t\t\t\t<\/div>\n\t\t\t\t<\/div>\n\t\t\t\t<\/div>\n\t\t<div class=\"elementor-element elementor-element-661d7bc0 e-con-full e-flex e-con e-child\" data-id=\"661d7bc0\" data-element_type=\"container\" data-e-type=\"container\">\n\t\t\t\t<div class=\"elementor-element elementor-element-4ed67710 elementor-widget elementor-widget-heading\" data-id=\"4ed67710\" data-element_type=\"widget\" data-e-type=\"widget\" data-widget_type=\"heading.default\">\n\t\t\t\t<div class=\"elementor-widget-container\">\n\t\t\t\t\t<h2 class=\"elementor-heading-title elementor-size-default\">ITENS DIVERSOS POR \nCOMPONENTE CURRICULAR<\/h2>\t\t\t\t<\/div>\n\t\t\t\t<\/div>\n\t\t\t\t<div class=\"elementor-element elementor-element-28077675 elementor-widget elementor-widget-text-editor\" data-id=\"28077675\" data-element_type=\"widget\" data-e-type=\"widget\" data-widget_type=\"text-editor.default\">\n\t\t\t\t<div class=\"elementor-widget-container\">\n\t\t\t\t\t\t\t\t\t<p><b>Artes (<em>Se o estudante confirmar matr\u00edcula nas eletivas de Artes Pl\u00e1sticas<\/em>)<\/b><\/p><p><span style=\"font-weight: 400;\">\u2013 1 l\u00e1pis 4 ou 4B; 1 l\u00e1pis 6 ou 6B<\/span><\/p><p><span style=\"font-weight: 400;\">\u2013 1 borracha<\/span><\/p><p><span style=\"font-weight: 400;\">\u2013 1 pacote Papel Canson Escolar: papel para desenho em bloco, cor branco, tamanho A3<\/span><\/p><p><span style=\"font-weight: 400;\">\u2013 1 pacote Canson: bloco colorido criativo A3 80g, 8 cores, 32 folhas<\/span><\/p><p><span style=\"font-weight: 400;\">\u2013 1 pacote papel sulfite 180g 66cm x 96cm<\/span><\/p><p><b>Matem\u00e1tica\u00a0\u00a0<\/b><\/p><p><span style=\"font-weight: 400;\">\u2013 20 folhas de papel quadriculado (entregar na coordena\u00e7\u00e3o no primeiro dia de aula)<\/span><\/p><p><span style=\"font-weight: 400;\">\u2013 1 r\u00e9gua de 30 cm<\/span><\/p><p><span style=\"font-weight: 400;\">\u2013 1 kit de esquadros<\/span><\/p><p><span style=\"font-weight: 400;\">\u2013 1 transferidor<\/span><\/p><p><b>Ci\u00eancias\u00a0<\/b><\/p><p><span style=\"font-weight: 400;\">\u2013 1 jaleco branco 100% algod\u00e3o, manga comprida, na altura do joelho, preferencialmente com el\u00e1stico nos punhos e fechamento com bot\u00f5es na frente<\/span><\/p><p><b>Educa\u00e7\u00e3o Tecnol\u00f3gica<\/b><\/p><p><span style=\"font-weight: 400;\">Apenas para alunos ingressantes em 2026, pois os demais alunos seguir\u00e3o trabalhando com o kit j\u00e1 adquirido no Ensino Fundamental 1.<\/span><\/p><p><span style=\"font-weight: 400;\">Visando facilitar a log\u00edstica das fam\u00edlias, o valor referente ao kit de rob\u00f3tica (R$ <\/span><span style=\"font-weight: 400;\">260,00<\/span><span style=\"font-weight: 400;\">) <\/span><b>ser\u00e1 inclu\u00eddo no boleto de cobran\u00e7a da mensalidade com vencimento no m\u00eas de abril.<\/b><\/p><p><span style=\"font-weight: 400;\">Integra o kit: componentes eletr\u00f4nicos 111 pe\u00e7as, conjunto de jumper, Arduino nano, placa ponte H, protoboard 400 pontos para montagem de projetos, conector clip de bateria 9V (ver cal), suporte para pilhas A4 compacto \u2013 suporte de bateria 3V e 9V, conjunto de roda motor e conjunto de placas circuito.<\/span><\/p><p><b>Cultura Judaica\u00a0<\/b><\/p><p><span style=\"font-weight: 400;\">\u2013 Caderno para scrapbook do Projeto Ra\u00edzes: Visando facilitar a log\u00edstica das fam\u00edlias, o valor do material individual que ser\u00e1 utilizado durante todo o ano (R$20,00) <\/span><b>ser\u00e1 inclu\u00eddo no boleto de cobran\u00e7a da mensalidade com vencimento no m\u00eas de mar\u00e7o<\/b><\/p>\t\t\t\t\t\t\t\t<\/div>\n\t\t\t\t<\/div>\n\t\t\t\t<\/div>\n\t\t<div class=\"elementor-element elementor-element-663db36f e-con-full e-flex e-con e-child\" data-id=\"663db36f\" data-element_type=\"container\" data-e-type=\"container\">\n\t\t\t\t<div class=\"elementor-element elementor-element-666858f5 elementor-widget elementor-widget-heading\" data-id=\"666858f5\" data-element_type=\"widget\" data-e-type=\"widget\" data-widget_type=\"heading.default\">\n\t\t\t\t<div class=\"elementor-widget-container\">\n\t\t\t\t\t<h2 class=\"elementor-heading-title elementor-size-default\">PLATAFORMAS DE APRENDIZAGEM\nE LIVRO DID\u00c1TICO <\/h2>\t\t\t\t<\/div>\n\t\t\t\t<\/div>\n\t\t\t\t<div class=\"elementor-element elementor-element-59450e7e elementor-widget elementor-widget-text-editor\" data-id=\"59450e7e\" data-element_type=\"widget\" data-e-type=\"widget\" data-widget_type=\"text-editor.default\">\n\t\t\t\t<div class=\"elementor-widget-container\">\n\t\t\t\t\t\t\t\t\t<p><b>Cultura Judaica\u00a0\u00a0<\/b><\/p><p><span style=\"font-weight: 400;\">\u2013 Plataforma virtual de ensino de Hebraico:\u00a0\u00a0<\/span><\/p><p>\u00a0<\/p><p><span style=\"font-weight: 400;\">Produ\u00e7\u00e3o americana e israelense, denominada <\/span><b>Bishvil HaIvrit (Caminho do Hebraico)<\/b><span style=\"font-weight: 400;\">. Consiste num programa adequado para a faixa et\u00e1ria, fazendo uso de sofisticados materiais digitais interativos. \u00a0 Visando facilitar a log\u00edstica das fam\u00edlias, o valor da assinatura anual da plataforma Bishvil Halvrit ser\u00e1 inclu\u00eddo no boleto de cobran\u00e7a da mensalidade com vencimento no m\u00eas de mar\u00e7o.\u00a0<\/span><\/p>\t\t\t\t\t\t\t\t<\/div>\n\t\t\t\t<\/div>\n\t\t\t\t<\/div>\n\t\t<div class=\"elementor-element elementor-element-34aeb71a e-con-full e-flex e-con e-child\" data-id=\"34aeb71a\" data-element_type=\"container\" data-e-type=\"container\">\n\t\t\t\t<div class=\"elementor-element elementor-element-6e4771d8 elementor-widget elementor-widget-heading\" data-id=\"6e4771d8\" data-element_type=\"widget\" data-e-type=\"widget\" data-widget_type=\"heading.default\">\n\t\t\t\t<div class=\"elementor-widget-container\">\n\t\t\t\t\t<h2 class=\"elementor-heading-title elementor-size-default\">MATERIAIS LITER\u00c1RIOS E DID\u00c1TICOS<\/h2>\t\t\t\t<\/div>\n\t\t\t\t<\/div>\n\t\t\t\t<div class=\"elementor-element elementor-element-1d1db6c elementor-widget elementor-widget-text-editor\" data-id=\"1d1db6c\" data-element_type=\"widget\" data-e-type=\"widget\" data-widget_type=\"text-editor.default\">\n\t\t\t\t<div class=\"elementor-widget-container\">\n\t\t\t\t\t\t\t\t\t<p><b>Kit autoral de material did\u00e1tico: <\/b><span style=\"font-weight: 400;\">composto por mapa mental de estudos, livro guia, livreto da \u00e1rea do conhecimento e cards de memoriza\u00e7\u00e3o. O material ser\u00e1 entregue no in\u00edcio de cada um dos semestres, diretamente aos estudantes.\u00a0<\/span><\/p><p>A aquisi\u00e7\u00e3o deve ser feita no site do fornecedor, clicando <strong><a href=\"https:\/\/israelita.editorafractal.com.br\/\">neste link.<\/a><\/strong><\/p><p>Os materiais referentes ao kit do primeiro semestre ser\u00e3o entregues, gradativamente, at\u00e9 a primeira quinzena de abril.<\/p><p><b>L\u00edngua Inglesa<\/b><\/p><p><span style=\"font-weight: 400;\">\u2013 Harmonize 2 Student\u2019s Book, Oxford\u00a0\u00a0<\/span><\/p><p>Dispon\u00edvel para compra <strong><a href=\"https:\/\/www.apagina.com.br\/convenios\/colegio-israelita-brasileiro-porto-alegre?sc=3\">neste link<\/a>.<\/strong><\/p><p>Senha do token: israelita2026<\/p><p><b>Cultura Judaica\u00a0\u00a0<\/b><\/p><p><span style=\"font-weight: 400;\">\u2013 1\u00ba semestre:<\/span><\/p><p><span style=\"font-weight: 400;\">ORIGENS DO JUDA\u00cdSMO<\/span><\/p><p><span style=\"font-weight: 400;\">\u201cA cidade das tamareiras: a conquista de Jeric\u00f3\u201d, Ruben Rosenberg (HQ).\u00a0<\/span><\/p><p><span style=\"font-weight: 400;\">OBS: O material ser\u00e1 disponibilizado pelo Col\u00e9gio.<\/span><\/p><p><span style=\"font-weight: 400;\">VALORES JUDAICOS \/ CONVIV\u00caNCIA ENTRE GERA\u00c7\u00d5ES<\/span><\/p><p><span style=\"font-weight: 400;\">\u00a0\u201cDuelo\u201d, David Grossman, Companhia das Letras. Selo Seguinte.\u00a0\u00a0\u00a0<\/span><\/p><p><span style=\"font-weight: 400;\">\u00a0\u2013 2\u00ba semestre:<\/span><\/p><p><span style=\"font-weight: 400;\">VALORES JUDAICOS \/ CONSTRU\u00c7\u00c3O DA IDENTIDADE<\/span><\/p><p><span style=\"font-weight: 400;\">\u201cDe repente, nas profundezas do bosque\u201d, Amos \u00d3z, Companhia das Letras. Selo Seguinte.<\/span><\/p><p><b>L\u00edngua Portuguesa <\/b><span style=\"font-weight: 400;\">\u00a0<\/span><\/p><p><span style=\"font-weight: 400;\">\u2013 1\u00ba semestre:<\/span><\/p><p><span style=\"font-weight: 400;\">\u201cContos de fadas\u201d, Aleksandr Afanasev et al., Editora Zahar.<\/span><\/p><p><span style=\"font-weight: 400;\">\u201cAs aventuras de Pin\u00f3quio\u201d, Carlo Collodi, ilustrador Odilon Moraes, Companhia das Letrinhas.\u00a0<\/span><\/p><p><span style=\"font-weight: 400;\">\u201cUm barril de risadas, um vale de l\u00e1grimas\u201d, Jules Feiffer, Companhia das Letras. Selo Seguinte.<\/span><\/p><p><span style=\"font-weight: 400;\">\u2013 2\u00ba semestre:<\/span><\/p><p><span style=\"font-weight: 400;\">\u201cO feiticeiro de Terramar\u201d, Ursula K. Le Guin, Alta Books. Selo Morro Branco.<\/span><\/p><p><span style=\"font-weight: 400;\">\u201cO rei Artur e os cavaleiros da T\u00e1vola Redonda\u201d, Rosalind Kerven, Companhia das Letrinhas.<\/span><\/p><p><span style=\"font-weight: 400;\">\u201cTress, a garota do Mar Esmeralda\u201d, Brandon Sanderson, Editora Trama.<\/span><\/p><p><span style=\"font-weight: 400;\">Em caso de d\u00favidas, entre em contato pelo aplicativo, no canal Central de Relacionamento.<\/span><\/p>\t\t\t\t\t\t\t\t<\/div>\n\t\t\t\t<\/div>\n\t\t\t\t<\/div>\n\t\t\t\t<\/div>\n\t\t<div class=\"elementor-element elementor-element-2125d66f e-con-full e-flex e-con e-child\" data-id=\"2125d66f\" data-element_type=\"container\" data-e-type=\"container\">\n\t\t\t\t<div class=\"elementor-element elementor-element-662dad67 elementor-widget elementor-widget-text-editor\" data-id=\"662dad67\" data-element_type=\"widget\" data-e-type=\"widget\" data-widget_type=\"text-editor.default\">\n\t\t\t\t<div class=\"elementor-widget-container\">\n\t\t\t\t\t\t\t\t\t<p>Em caso de d\u00favidas, entre em contato pelo aplicativo, no canal Central de Relacionamento.<\/p>\t\t\t\t\t\t\t\t<\/div>\n\t\t\t\t<\/div>\n\t\t\t\t<div class=\"elementor-element elementor-element-75642e81 elementor-widget elementor-widget-heading\" data-id=\"75642e81\" data-element_type=\"widget\" data-e-type=\"widget\" data-widget_type=\"heading.default\">\n\t\t\t\t<div class=\"elementor-widget-container\">\n\t\t\t\t\t<h2 class=\"elementor-heading-title elementor-size-default\">Navega\u00e7\u00e3o EF2<\/h2>\t\t\t\t<\/div>\n\t\t\t\t<\/div>\n\t\t<div class=\"elementor-element elementor-element-28cf9b0c e-grid e-con-full e-con e-child\" data-id=\"28cf9b0c\" data-element_type=\"container\" data-e-type=\"container\">\n\t\t\t\t<div class=\"elementor-element elementor-element-7a1b7324 elementor-widget elementor-widget-html\" data-id=\"7a1b7324\" data-element_type=\"widget\" data-e-type=\"widget\" data-widget_type=\"html.default\">\n\t\t\t\t<div class=\"elementor-widget-container\">\n\t\t\t\t\t<a href=\"\/guiaescolar\/ensino-fundamental-2\/horarios\" style=\"text-decoration: none;\">\r\n  <button class=\"comic-button\">Hor\u00e1rios<\/button>\r\n<\/a>\t\t\t\t<\/div>\n\t\t\t\t<\/div>\n\t\t\t\t<div class=\"elementor-element elementor-element-4649bb0f elementor-widget elementor-widget-html\" data-id=\"4649bb0f\" data-element_type=\"widget\" data-e-type=\"widget\" data-widget_type=\"html.default\">\n\t\t\t\t<div class=\"elementor-widget-container\">\n\t\t\t\t\t<a href=\"\/guiaescolar\/ensino-fundamental-2\/salas-de-aula\/\" style=\"text-decoration: none;\">\r\n  <button class=\"comic-button\">Salas<br>de Aula<\/button>\r\n<\/a>\t\t\t\t<\/div>\n\t\t\t\t<\/div>\n\t\t\t\t<div class=\"elementor-element elementor-element-5b7406cb elementor-widget elementor-widget-html\" data-id=\"5b7406cb\" data-element_type=\"widget\" data-e-type=\"widget\" data-widget_type=\"html.default\">\n\t\t\t\t<div class=\"elementor-widget-container\">\n\t\t\t\t\t<a href=\"\/guiaescolar\/ensino-fundamental-2\/entrada-e-saida\" style=\"text-decoration: none;\">\r\n  <button class=\"comic-button\">Entrada<br>e Sa\u00edda<\/button>\r\n<\/a>\t\t\t\t<\/div>\n\t\t\t\t<\/div>\n\t\t\t\t<\/div>\n\t\t<div class=\"elementor-element elementor-element-5e81419a e-grid e-con-full e-con e-child\" data-id=\"5e81419a\" data-element_type=\"container\" data-e-type=\"container\">\n\t\t\t\t<div class=\"elementor-element elementor-element-7a1e46b8 elementor-widget elementor-widget-html\" data-id=\"7a1e46b8\" data-element_type=\"widget\" data-e-type=\"widget\" data-widget_type=\"html.default\">\n\t\t\t\t<div class=\"elementor-widget-container\">\n\t\t\t\t\t<a href=\"\/guiaescolar\/ensino-fundamental-2\/eletivas\" style=\"text-decoration: none;\">\r\n  <button class=\"comic-button\">Eletivas<\/button>\r\n<\/a>\t\t\t\t<\/div>\n\t\t\t\t<\/div>\n\t\t\t\t<div class=\"elementor-element elementor-element-12e3bfb5 elementor-widget elementor-widget-html\" data-id=\"12e3bfb5\" data-element_type=\"widget\" data-e-type=\"widget\" data-widget_type=\"html.default\">\n\t\t\t\t<div class=\"elementor-widget-container\">\n\t\t\t\t\t<a href=\"\/guiaescolar\/ensino-fundamental-2\/avaliacoes-externas\" style=\"text-decoration: none;\">\r\n  <button class=\"comic-button\">Avalia\u00e7\u00f5es<br>Externas<\/button>\r\n<\/a>\t\t\t\t<\/div>\n\t\t\t\t<\/div>\n\t\t\t\t<div class=\"elementor-element elementor-element-44052722 elementor-widget elementor-widget-html\" data-id=\"44052722\" data-element_type=\"widget\" data-e-type=\"widget\" data-widget_type=\"html.default\">\n\t\t\t\t<div class=\"elementor-widget-container\">\n\t\t\t\t\t<a href=\"\/guiaescolar\/ensino-fundamental-2\/lista-de-materiais\" style=\"text-decoration: none;\">\r\n  <button class=\"comic-button\">Lista<br>de Materiais<\/button>\r\n<\/a>\t\t\t\t<\/div>\n\t\t\t\t<\/div>\n\t\t\t\t<\/div>\n\t\t<div class=\"elementor-element elementor-element-b870a42 e-grid e-con-full e-con e-child\" data-id=\"b870a42\" data-element_type=\"container\" data-e-type=\"container\">\n\t\t\t\t<div class=\"elementor-element elementor-element-73d6384f elementor-widget elementor-widget-html\" data-id=\"73d6384f\" data-element_type=\"widget\" data-e-type=\"widget\" data-widget_type=\"html.default\">\n\t\t\t\t<div class=\"elementor-widget-container\">\n\t\t\t\t\t<a href=\"\/guiaescolar\/ensino-fundamental-2\/extra-curriculares\" style=\"text-decoration: none;\">\r\n  <button class=\"comic-button\">Extra-<br>curriculares<\/button>\r\n<\/a>\t\t\t\t<\/div>\n\t\t\t\t<\/div>\n\t\t\t\t<div class=\"elementor-element elementor-element-77d9ee7f elementor-widget elementor-widget-html\" data-id=\"77d9ee7f\" data-element_type=\"widget\" data-e-type=\"widget\" data-widget_type=\"html.default\">\n\t\t\t\t<div class=\"elementor-widget-container\">\n\t\t\t\t\t<a href=\"\/guiaescolar\/ensino-fundamental-2\/plataformas-educacionais\" style=\"text-decoration: none;\">\r\n  <button class=\"comic-button\">Plataformas<br>Educacionais<\/button>\r\n<\/a>\t\t\t\t<\/div>\n\t\t\t\t<\/div>\n\t\t\t\t<div class=\"elementor-element elementor-element-4307be4f elementor-widget elementor-widget-html\" data-id=\"4307be4f\" data-element_type=\"widget\" data-e-type=\"widget\" data-widget_type=\"html.default\">\n\t\t\t\t<div class=\"elementor-widget-container\">\n\t\t\t\t\t<a href=\"\/guiaescolar\/ensino-fundamental-2\/saida-de-estudos\" style=\"text-decoration: none;\">\r\n  <button class=\"comic-button\">Sa\u00eddas<br>de Estudos<\/button>\r\n<\/a>\t\t\t\t<\/div>\n\t\t\t\t<\/div>\n\t\t\t\t<\/div>\n\t\t<div class=\"elementor-element elementor-element-10f74578 e-grid e-con-full e-con e-child\" data-id=\"10f74578\" data-element_type=\"container\" data-e-type=\"container\">\n\t\t\t\t<div class=\"elementor-element elementor-element-1c8ee024 elementor-widget elementor-widget-html\" data-id=\"1c8ee024\" data-element_type=\"widget\" data-e-type=\"widget\" data-widget_type=\"html.default\">\n\t\t\t\t<div class=\"elementor-widget-container\">\n\t\t\t\t\t<a href=\"\/guiaescolar\/ensino-fundamental-2\/reunioes-de-turmas\" style=\"text-decoration: none;\">\r\n  <button class=\"comic-button\">Reuni\u00f5es<br> de Turmas<\/button>\r\n<\/a>\t\t\t\t<\/div>\n\t\t\t\t<\/div>\n\t\t\t\t<div class=\"elementor-element elementor-element-4bc169c4 elementor-widget elementor-widget-html\" data-id=\"4bc169c4\" data-element_type=\"widget\" data-e-type=\"widget\" data-widget_type=\"html.default\">\n\t\t\t\t<div class=\"elementor-widget-container\">\n\t\t\t\t\t<a href=\"\/guiaescolar\/ensino-fundamental-2\/cerimonias-tefilin\" style=\"text-decoration: none;\">\r\n  <button class=\"comic-button\">Cerim\u00f4nias<br>Tefilin<\/button>\r\n<\/a>\t\t\t\t<\/div>\n\t\t\t\t<\/div>\n\t\t\t\t<div class=\"elementor-element elementor-element-7e9f55d7 elementor-widget elementor-widget-html\" data-id=\"7e9f55d7\" data-element_type=\"widget\" data-e-type=\"widget\" data-widget_type=\"html.default\">\n\t\t\t\t<div class=\"elementor-widget-container\">\n\t\t\t\t\t<a href=\"\/guiaescolar\/ensino-fundamental-2\/amo\" style=\"text-decoration: none;\">\r\n  <button class=\"comic-button\">AMO<\/button>\r\n<\/a>\t\t\t\t<\/div>\n\t\t\t\t<\/div>\n\t\t\t\t<\/div>\n\t\t<div class=\"elementor-element elementor-element-4caf2d99 e-grid e-con-full e-con e-child\" data-id=\"4caf2d99\" data-element_type=\"container\" data-e-type=\"container\">\n\t\t\t\t<div class=\"elementor-element elementor-element-496a71ec elementor-widget elementor-widget-html\" data-id=\"496a71ec\" data-element_type=\"widget\" data-e-type=\"widget\" data-widget_type=\"html.default\">\n\t\t\t\t<div class=\"elementor-widget-container\">\n\t\t\t\t\t<a href=\"\/guiaescolar\/ensino-fundamental-2\/planos-de-ensino\" style=\"text-decoration: none;\">\r\n  <button class=\"comic-button\">Planos<br>de Ensino<\/button>\r\n<\/a>\t\t\t\t<\/div>\n\t\t\t\t<\/div>\n\t\t\t\t<\/div>\n\t\t\t\t<\/div>\n\t\t\t\t\t<\/div>\n\t\t\t\t<\/div>\n\t\t\t\t<\/div>\n\t\t","protected":false},"excerpt":{"rendered":"<p>Lista de Materiais 6\u00ba ano Os materiais escolares adotados para 2026 estar\u00e3o dispon\u00edveis para venda na loja Letral, localizada na escola.\u00a0Em raz\u00e3o de obras, a loja estar\u00e1 temporariamente localizada na Sala de M\u00fasica. Informa\u00e7\u00f5es e or\u00e7amentos pelo WhatsApp 51 9819-9186.\u00a0 Caso a fam\u00edlia prefira, poder\u00e1 adquirir o material em outro estabelecimento at\u00e9 o in\u00edcio do [&hellip;]<\/p>\n","protected":false},"author":6,"featured_media":0,"parent":1380,"menu_order":0,"comment_status":"closed","ping_status":"closed","template":"","meta":{"footnotes":""},"class_list":["post-1383","page","type-page","status-publish","hentry"],"_links":{"self":[{"href":"https:\/\/israelitaedu.com.br\/guiaescolar\/wp-json\/wp\/v2\/pages\/1383","targetHints":{"allow":["GET"]}}],"collection":[{"href":"https:\/\/israelitaedu.com.br\/guiaescolar\/wp-json\/wp\/v2\/pages"}],"about":[{"href":"https:\/\/israelitaedu.com.br\/guiaescolar\/wp-json\/wp\/v2\/types\/page"}],"author":[{"embeddable":true,"href":"https:\/\/israelitaedu.com.br\/guiaescolar\/wp-json\/wp\/v2\/users\/6"}],"replies":[{"embeddable":true,"href":"https:\/\/israelitaedu.com.br\/guiaescolar\/wp-json\/wp\/v2\/comments?post=1383"}],"version-history":[{"count":51,"href":"https:\/\/israelitaedu.com.br\/guiaescolar\/wp-json\/wp\/v2\/pages\/1383\/revisions"}],"predecessor-version":[{"id":7655,"href":"https:\/\/israelitaedu.com.br\/guiaescolar\/wp-json\/wp\/v2\/pages\/1383\/revisions\/7655"}],"up":[{"embeddable":true,"href":"https:\/\/israelitaedu.com.br\/guiaescolar\/wp-json\/wp\/v2\/pages\/1380"}],"wp:attachment":[{"href":"https:\/\/israelitaedu.com.br\/guiaescolar\/wp-json\/wp\/v2\/media?parent=1383"}],"curies":[{"name":"wp","href":"https:\/\/api.w.org\/{rel}","templated":true}]}}