{"id":1053,"date":"2025-04-22T12:22:19","date_gmt":"2025-04-22T15:22:19","guid":{"rendered":"https:\/\/israelitaedu.com.br\/guiaescolar\/?page_id=1053"},"modified":"2026-02-09T16:52:32","modified_gmt":"2026-02-09T19:52:32","slug":"1-ano","status":"publish","type":"page","link":"https:\/\/israelitaedu.com.br\/guiaescolar\/ensino-fundamental-1\/lista-de-materiais\/1-ano\/","title":{"rendered":"Lista de Materiais &#8211; 1\u00ba ano"},"content":{"rendered":"\t\t<div data-elementor-type=\"wp-page\" data-elementor-id=\"1053\" class=\"elementor elementor-1053\" data-elementor-post-type=\"page\">\n\t\t\t\t<div class=\"elementor-element elementor-element-4f3466cf e-flex e-con-boxed e-con e-parent\" data-id=\"4f3466cf\" data-element_type=\"container\" data-e-type=\"container\">\n\t\t\t\t\t<div class=\"e-con-inner\">\n\t\t<div class=\"elementor-element elementor-element-58177f07 e-con-full e-flex e-con e-child\" data-id=\"58177f07\" data-element_type=\"container\" data-e-type=\"container\">\n\t\t\t\t<div class=\"elementor-element elementor-element-6e48f3de elementor-widget elementor-widget-heading\" data-id=\"6e48f3de\" data-element_type=\"widget\" data-e-type=\"widget\" data-widget_type=\"heading.default\">\n\t\t\t\t<div class=\"elementor-widget-container\">\n\t\t\t\t\t<h2 class=\"elementor-heading-title elementor-size-default\">GUIA ESCOLAR<\/h2>\t\t\t\t<\/div>\n\t\t\t\t<\/div>\n\t\t\t\t<\/div>\n\t\t<div class=\"elementor-element elementor-element-1ac5f83d e-con-full e-flex e-con e-child\" data-id=\"1ac5f83d\" data-element_type=\"container\" data-e-type=\"container\">\n\t\t\t\t<div class=\"elementor-element elementor-element-3a4c331c elementor-widget elementor-widget-heading\" data-id=\"3a4c331c\" data-element_type=\"widget\" data-e-type=\"widget\" data-widget_type=\"heading.default\">\n\t\t\t\t<div class=\"elementor-widget-container\">\n\t\t\t\t\t<h2 class=\"elementor-heading-title elementor-size-default\">Lista de Materiais<\/h2>\t\t\t\t<\/div>\n\t\t\t\t<\/div>\n\t\t\t\t<div class=\"elementor-element elementor-element-1107c75e elementor-widget elementor-widget-heading\" data-id=\"1107c75e\" data-element_type=\"widget\" data-e-type=\"widget\" data-widget_type=\"heading.default\">\n\t\t\t\t<div class=\"elementor-widget-container\">\n\t\t\t\t\t<h2 class=\"elementor-heading-title elementor-size-default\">1\u00ba ano<\/h2>\t\t\t\t<\/div>\n\t\t\t\t<\/div>\n\t\t<div class=\"elementor-element elementor-element-64aa27ec e-con-full e-flex e-con e-child\" data-id=\"64aa27ec\" data-element_type=\"container\" data-e-type=\"container\">\n\t\t\t\t<div class=\"elementor-element elementor-element-409f6858 elementor-widget elementor-widget-text-editor\" data-id=\"409f6858\" data-element_type=\"widget\" data-e-type=\"widget\" data-widget_type=\"text-editor.default\">\n\t\t\t\t<div class=\"elementor-widget-container\">\n\t\t\t\t\t\t\t\t\t<p>Os materiais escolares adotados para 2026 estar\u00e3o dispon\u00edveis para venda na loja Letral, localizada na escola.\u00a0<strong>Em raz\u00e3o de obras, a loja estar\u00e1 temporariamente localizada na Sala de M\u00fasica.<\/strong> Informa\u00e7\u00f5es e or\u00e7amentos pelo WhatsApp 51 9819-9186. A loja tamb\u00e9m faz a entrega direta em sala de aula, do maternal 1 ao 5\u00ba ano.<\/p><p>Caso a fam\u00edlia prefira, poder\u00e1 adquirir o material em outro estabelecimento at\u00e9 o in\u00edcio do ano letivo.<\/p>\t\t\t\t\t\t\t\t<\/div>\n\t\t\t\t<\/div>\n\t\t\t\t<\/div>\n\t\t\t\t<\/div>\n\t\t<div class=\"elementor-element elementor-element-c20d02f e-con-full forcar-cor-texto-preto e-flex e-con e-child\" data-id=\"c20d02f\" data-element_type=\"container\" data-e-type=\"container\" data-settings=\"{&quot;background_background&quot;:&quot;classic&quot;}\">\n\t\t<div class=\"elementor-element elementor-element-43f89ff9 e-con-full e-flex e-con e-child\" data-id=\"43f89ff9\" data-element_type=\"container\" data-e-type=\"container\">\n\t\t\t\t<div class=\"elementor-element elementor-element-5d41a23d elementor-widget elementor-widget-heading\" data-id=\"5d41a23d\" data-element_type=\"widget\" data-e-type=\"widget\" data-widget_type=\"heading.default\">\n\t\t\t\t<div class=\"elementor-widget-container\">\n\t\t\t\t\t<h2 class=\"elementor-heading-title elementor-size-default\">ITENS DIVERSOS<\/h2>\t\t\t\t<\/div>\n\t\t\t\t<\/div>\n\t\t\t\t<div class=\"elementor-element elementor-element-5028e680 elementor-widget elementor-widget-text-editor\" data-id=\"5028e680\" data-element_type=\"widget\" data-e-type=\"widget\" data-widget_type=\"text-editor.default\">\n\t\t\t\t<div class=\"elementor-widget-container\">\n\t\t\t\t\t\t\t\t\t<p>Os itens devem ser entregues em sacolas identificadas de 18 a 21 de fevereiro para a professora tutora.<\/p><p>\u2013 2 pastas cat\u00e1logo (transparente, tamanho A4, com espiral) com 50 sacos pl\u00e1sticos identificadas com nome e turma do aluno<\/p><p>\u2013 100 folhas de desenho A4 120g<\/p><p>\u2013 100 folhas A3 120g<\/p><p>\u2013 2 pacote de 32 folhas color set ou canson A4 8 ou 12 cores<\/p><p>\u2013 2 caixas de massa de modelar soft com 12 cores<\/p><p>\u2013 1 pacote de massa de EVA 10 cores<\/p><p>\u2013 1 caixa de giz de cera grosso com 12 cores (tipo estaca)<\/p><p>\u2013 1 revista para recorte (adequada \u00e0 faixa et\u00e1ria)<\/p><p>\u2013 2 gibis (adequados \u00e0 faixa et\u00e1ria)<\/p><p>\u2013 2 livros de Passatempos com identifica\u00e7\u00e3o (tipo revista Picol\u00e9)<\/p><p>\u2013 1 folha de papel cartaz (60x40cm)<\/p><p>\u2013 5 envelopes coloridos em tamanho carta<\/p><p><span style=\"font-size: 1rem;\">\u2013 1 pacote de dinheirinho de Brinquedo Educativo<\/span><\/p><p>\u2013 4 envelopes de papel pardo A4<\/p><p>\u2013 1 tubo de cola glitter<\/p><p>\u2013 1 tubo de cola branca 90g<\/p><p>\u2013 1 fone de ouvido com fio identificado com nome e turma do(a) aluno(a)<\/p><p>\u2013 3 bandejas de papel\u00e3o em tamanhos diversos<\/p><p>\u2013 1 kip\u00e1 para os meninos (identificada com nome completo)<\/p><p>\u2013 1 camiseta grande usada de mangas compridas ou avental de mangas compridas para pintura<\/p><p>\u2013 1 pincel n\u00ba 12<\/p><p>\u2013 1 caixa de l\u00e1pis de cor com tons de pele<\/p><p>\u2013 1 kit de material dourado com 111 pe\u00e7as identificado<\/p>\t\t\t\t\t\t\t\t<\/div>\n\t\t\t\t<\/div>\n\t\t\t\t<\/div>\n\t\t<div class=\"elementor-element elementor-element-6d90bc8b e-con-full e-flex e-con e-child\" data-id=\"6d90bc8b\" data-element_type=\"container\" data-e-type=\"container\">\n\t\t\t\t<div class=\"elementor-element elementor-element-36f479b7 elementor-widget elementor-widget-heading\" data-id=\"36f479b7\" data-element_type=\"widget\" data-e-type=\"widget\" data-widget_type=\"heading.default\">\n\t\t\t\t<div class=\"elementor-widget-container\">\n\t\t\t\t\t<h2 class=\"elementor-heading-title elementor-size-default\">ITENS DA MOCHILA<\/h2>\t\t\t\t<\/div>\n\t\t\t\t<\/div>\n\t\t\t\t<div class=\"elementor-element elementor-element-5bb2d6aa elementor-widget elementor-widget-text-editor\" data-id=\"5bb2d6aa\" data-element_type=\"widget\" data-e-type=\"widget\" data-widget_type=\"text-editor.default\">\n\t\t\t\t<div class=\"elementor-widget-container\">\n\t\t\t\t\t\t\t\t\t<p>Manter diariamente na mochila, identificando todos os itens e repondo sempre que necess\u00e1rio:<br \/><span style=\"font-size: 1rem;\"><br \/>\u2013 1 estojo de canetas hidrocor 12 cores<\/span><\/p><p>\u2013 1 caixa de l\u00e1pis de cor 12 cores<\/p><p>\u2013 1 tesoura de ponta redonda<\/p><p>\u2013 1 borracha macia<\/p><p>\u2013 2 l\u00e1pis pretos n\u00ba2<\/p><p>\u2013 1 r\u00e9gua de 30 cm<\/p><p>\u2013 1 tubo de cola l\u00edquida 90g<\/p><p>\u2013 1 estojo<\/p><p>\u2013 1 tubo de cola bast\u00e3o<\/p><p>\u2013 1 apontador com dep\u00f3sito<\/p><p>\u2013 1 pasta fina transparente de quatro abas, com el\u00e1stico para temas<\/p><p><span data-contrast=\"auto\">\u2013 1 caderno personalizado, que ser\u00e1 entregue na primeira reuni\u00e3o, no dia 12 de fevereiro. Com o objetivo de facilitar a log\u00edstica das fam\u00edlias, o valor do material <b>(R$ 48,41)<\/b> ser\u00e1 inclu\u00eddo no boleto de cobran\u00e7a da mensalidade no m\u00eas de abril.<\/span><\/p><p>\u2013 1 garrafa de \u00e1gua<\/p><p>\u2013 1 necessaire com itens de higiene bucal (escova e creme dental)<\/p>\t\t\t\t\t\t\t\t<\/div>\n\t\t\t\t<\/div>\n\t\t\t\t<\/div>\n\t\t<div class=\"elementor-element elementor-element-50f40f30 e-con-full e-flex e-con e-child\" data-id=\"50f40f30\" data-element_type=\"container\" data-e-type=\"container\">\n\t\t\t\t<div class=\"elementor-element elementor-element-2d9225f9 elementor-widget elementor-widget-heading\" data-id=\"2d9225f9\" data-element_type=\"widget\" data-e-type=\"widget\" data-widget_type=\"heading.default\">\n\t\t\t\t<div class=\"elementor-widget-container\">\n\t\t\t\t\t<h2 class=\"elementor-heading-title elementor-size-default\">MATERIAL DE ARTE \n\n<\/h2>\t\t\t\t<\/div>\n\t\t\t\t<\/div>\n\t\t\t\t<div class=\"elementor-element elementor-element-5cb6fa9 elementor-widget elementor-widget-text-editor\" data-id=\"5cb6fa9\" data-element_type=\"widget\" data-e-type=\"widget\" data-widget_type=\"text-editor.default\">\n\t\t\t\t<div class=\"elementor-widget-container\">\n\t\t\t\t\t\t\t\t\t<p><span class=\"TextRun SCXW228261335 BCX0\" lang=\"PT-BR\" xml:lang=\"PT-BR\" data-contrast=\"auto\"><span class=\"NormalTextRun SCXW228261335 BCX0\">Deve ser entregue em sacola identificada com nome e turma do(a) aluno na primeira aula de Artes:\u00a0<\/span><\/span><\/p><p>\u2013 1 l\u00e1pis 6B<\/p><p>\u2013 1 caixa de l\u00e1pis de cor 12 cores<\/p><p>\u2013 1 borracha para desenho<\/p><p>\u2013 100 folhas A3 120g<\/p><p><span style=\"font-weight: 400;\">\u2013 1 folha de papel crepom colorido<\/span><\/p>\t\t\t\t\t\t\t\t<\/div>\n\t\t\t\t<\/div>\n\t\t\t\t<\/div>\n\t\t<div class=\"elementor-element elementor-element-414f2368 e-con-full e-flex e-con e-child\" data-id=\"414f2368\" data-element_type=\"container\" data-e-type=\"container\">\n\t\t\t\t<div class=\"elementor-element elementor-element-47a6607d elementor-widget elementor-widget-heading\" data-id=\"47a6607d\" data-element_type=\"widget\" data-e-type=\"widget\" data-widget_type=\"heading.default\">\n\t\t\t\t<div class=\"elementor-widget-container\">\n\t\t\t\t\t<h2 class=\"elementor-heading-title elementor-size-default\">MATERIAIS DID\u00c1TICOS E LITER\u00c1RIOS<\/h2>\t\t\t\t<\/div>\n\t\t\t\t<\/div>\n\t\t\t\t<div class=\"elementor-element elementor-element-13ad4d8b elementor-widget elementor-widget-text-editor\" data-id=\"13ad4d8b\" data-element_type=\"widget\" data-e-type=\"widget\" data-widget_type=\"text-editor.default\">\n\t\t\t\t<div class=\"elementor-widget-container\">\n\t\t\t\t\t\t\t\t\t<p>\u2013 1 livro de literatura infantil em l\u00edngua portuguesa (a ser definido no in\u00edcio do ano letivo com a professora)<\/p><p><span style=\"font-size: 1rem;\">\u2013 1 livro de literatura infantil em l\u00edngua inglesa (a ser definido para 2\u00ba semestre)<\/span><\/p><p><span style=\"font-size: 1rem;\">\u2013 1 jogo ou brinquedo pedag\u00f3gico adequado \u00e0 faixa et\u00e1ria (a ser definido na primeira reuni\u00e3o com fam\u00edlias)<\/span><\/p><p><span style=\"font-size: 1rem;\">\u2013 1 apostila de l\u00edngua hebraica e Shirim (m\u00fasicas), que ser\u00e1 entregue aos alunos em sala no retorno \u00e0s aulas. Visando a facilitar a log\u00edstica das fam\u00edlias, o valor da apostila ser\u00e1 inserido no boleto de cobran\u00e7a da mensalidade com vencimento no m\u00eas de mar\u00e7o.<\/span><\/p><p>Valor apostila = R$ 30,00 &#8211; boleto de mar\u00e7o<\/p><div>\u00a0<\/div>\t\t\t\t\t\t\t\t<\/div>\n\t\t\t\t<\/div>\n\t\t\t\t<\/div>\n\t\t\t\t<\/div>\n\t\t<div class=\"elementor-element elementor-element-d7e7c2e e-con-full e-flex e-con e-child\" data-id=\"d7e7c2e\" data-element_type=\"container\" data-e-type=\"container\">\n\t\t\t\t<div class=\"elementor-element elementor-element-2ad7c87b elementor-widget elementor-widget-text-editor\" data-id=\"2ad7c87b\" data-element_type=\"widget\" data-e-type=\"widget\" data-widget_type=\"text-editor.default\">\n\t\t\t\t<div class=\"elementor-widget-container\">\n\t\t\t\t\t\t\t\t\t<p>Em caso de d\u00favidas, entre em contato pelo aplicativo, no canal Central de Relacionamento.<\/p>\t\t\t\t\t\t\t\t<\/div>\n\t\t\t\t<\/div>\n\t\t\t\t<div class=\"elementor-element elementor-element-65db79b8 elementor-widget elementor-widget-heading\" data-id=\"65db79b8\" data-element_type=\"widget\" data-e-type=\"widget\" data-widget_type=\"heading.default\">\n\t\t\t\t<div class=\"elementor-widget-container\">\n\t\t\t\t\t<h2 class=\"elementor-heading-title elementor-size-default\"><span style=\"font-size: 33px;font-weight: 400;text-align: center\">Navega\u00e7\u00e3o&nbsp;<\/span><span style=\"font-size: 33px;font-weight: 400;text-align: center\">EF1<\/span><\/h2>\t\t\t\t<\/div>\n\t\t\t\t<\/div>\n\t\t<div class=\"elementor-element elementor-element-7596a3a5 e-grid e-con-full e-con e-child\" data-id=\"7596a3a5\" data-element_type=\"container\" data-e-type=\"container\">\n\t\t\t\t<div class=\"elementor-element elementor-element-12d86132 elementor-widget elementor-widget-html\" data-id=\"12d86132\" data-element_type=\"widget\" data-e-type=\"widget\" data-widget_type=\"html.default\">\n\t\t\t\t<div class=\"elementor-widget-container\">\n\t\t\t\t\t<a href=\"\/guiaescolar\/ensino-fundamental-1\/horarios\" style=\"text-decoration: none;\">\r\n  <button class=\"comic-button\">Hor\u00e1rios<\/button>\r\n<\/a>\t\t\t\t<\/div>\n\t\t\t\t<\/div>\n\t\t\t\t<div class=\"elementor-element elementor-element-1b00a0dc elementor-widget elementor-widget-html\" data-id=\"1b00a0dc\" data-element_type=\"widget\" data-e-type=\"widget\" data-widget_type=\"html.default\">\n\t\t\t\t<div class=\"elementor-widget-container\">\n\t\t\t\t\t<a href=\"\/guiaescolar\/ensino-fundamental-1\/salas-de-aula-ef1\/\" style=\"text-decoration: none;\">\r\n  <button class=\"comic-button\">Salas<br>de Aula<\/button>\r\n<\/a>\t\t\t\t<\/div>\n\t\t\t\t<\/div>\n\t\t\t\t<div class=\"elementor-element elementor-element-599450f5 elementor-widget elementor-widget-html\" data-id=\"599450f5\" data-element_type=\"widget\" data-e-type=\"widget\" data-widget_type=\"html.default\">\n\t\t\t\t<div class=\"elementor-widget-container\">\n\t\t\t\t\t<a href=\"\/guiaescolar\/ensino-fundamental-1\/entrada-e-saida\" style=\"text-decoration: none;\">\r\n  <button class=\"comic-button\">Entrada<br>e Sa\u00edda<\/button>\r\n<\/a>\t\t\t\t<\/div>\n\t\t\t\t<\/div>\n\t\t\t\t<\/div>\n\t\t<div class=\"elementor-element elementor-element-793a10a9 e-grid e-con-full e-con e-child\" data-id=\"793a10a9\" data-element_type=\"container\" data-e-type=\"container\">\n\t\t\t\t<div class=\"elementor-element elementor-element-175fc2b0 elementor-widget elementor-widget-html\" data-id=\"175fc2b0\" data-element_type=\"widget\" data-e-type=\"widget\" data-widget_type=\"html.default\">\n\t\t\t\t<div class=\"elementor-widget-container\">\n\t\t\t\t\t<a href=\"\/guiaescolar\/ensino-fundamental-1\/recreacao\" style=\"text-decoration: none;\">\r\n  <button class=\"comic-button\">Recrea\u00e7\u00e3o<\/button>\r\n<\/a>\t\t\t\t<\/div>\n\t\t\t\t<\/div>\n\t\t\t\t<div class=\"elementor-element elementor-element-12786574 elementor-widget elementor-widget-html\" data-id=\"12786574\" data-element_type=\"widget\" data-e-type=\"widget\" data-widget_type=\"html.default\">\n\t\t\t\t<div class=\"elementor-widget-container\">\n\t\t\t\t\t<a href=\"\/guiaescolar\/ensino-fundamental-1\/avaliacoes-externas\" style=\"text-decoration: none;\">\r\n  <button class=\"comic-button\">Avalia\u00e7\u00f5es<br>Externas<\/button>\r\n<\/a>\t\t\t\t<\/div>\n\t\t\t\t<\/div>\n\t\t\t\t<div class=\"elementor-element elementor-element-76eb222e elementor-widget elementor-widget-html\" data-id=\"76eb222e\" data-element_type=\"widget\" data-e-type=\"widget\" data-widget_type=\"html.default\">\n\t\t\t\t<div class=\"elementor-widget-container\">\n\t\t\t\t\t<a href=\"\/guiaescolar\/ensino-fundamental-1\/lista-de-materiais\" style=\"text-decoration: none;\">\r\n  <button class=\"comic-button\">Lista<br>de Materiais<\/button>\r\n<\/a>\t\t\t\t<\/div>\n\t\t\t\t<\/div>\n\t\t\t\t<\/div>\n\t\t<div class=\"elementor-element elementor-element-6b27097a e-grid e-con-full e-con e-child\" data-id=\"6b27097a\" data-element_type=\"container\" data-e-type=\"container\">\n\t\t\t\t<div class=\"elementor-element elementor-element-2d70977d elementor-widget elementor-widget-html\" data-id=\"2d70977d\" data-element_type=\"widget\" data-e-type=\"widget\" data-widget_type=\"html.default\">\n\t\t\t\t<div class=\"elementor-widget-container\">\n\t\t\t\t\t<a href=\"\/guiaescolar\/ensino-fundamental-1\/extra-curriculares\" style=\"text-decoration: none;\">\r\n  <button class=\"comic-button\">Extra-<br>curriculares<\/button>\r\n<\/a>\t\t\t\t<\/div>\n\t\t\t\t<\/div>\n\t\t\t\t<div class=\"elementor-element elementor-element-105a2543 elementor-widget elementor-widget-html\" data-id=\"105a2543\" data-element_type=\"widget\" data-e-type=\"widget\" data-widget_type=\"html.default\">\n\t\t\t\t<div class=\"elementor-widget-container\">\n\t\t\t\t\t<a href=\"\/guiaescolar\/ensino-fundamental-1\/plataformas-educacionais\" style=\"text-decoration: none;\">\r\n  <button class=\"comic-button\">Plataformas<br>Educacionais<\/button>\r\n<\/a>\t\t\t\t<\/div>\n\t\t\t\t<\/div>\n\t\t\t\t<div class=\"elementor-element elementor-element-79cf86e8 elementor-widget elementor-widget-html\" data-id=\"79cf86e8\" data-element_type=\"widget\" data-e-type=\"widget\" data-widget_type=\"html.default\">\n\t\t\t\t<div class=\"elementor-widget-container\">\n\t\t\t\t\t<a href=\"\/guiaescolar\/ensino-fundamental-1\/saida-de-estudos\" style=\"text-decoration: none;\">\r\n  <button class=\"comic-button\">Sa\u00eddas<br>de Estudos<\/button>\r\n<\/a>\t\t\t\t<\/div>\n\t\t\t\t<\/div>\n\t\t\t\t<\/div>\n\t\t<div class=\"elementor-element elementor-element-6e067e99 e-grid e-con-full e-con e-child\" data-id=\"6e067e99\" data-element_type=\"container\" data-e-type=\"container\">\n\t\t\t\t<div class=\"elementor-element elementor-element-1539cc77 elementor-widget elementor-widget-html\" data-id=\"1539cc77\" data-element_type=\"widget\" data-e-type=\"widget\" data-widget_type=\"html.default\">\n\t\t\t\t<div class=\"elementor-widget-container\">\n\t\t\t\t\t<a href=\"\/guiaescolar\/ensino-fundamental-1\/aniversario\" style=\"text-decoration: none;\">\r\n  <button class=\"comic-button\">Anivers\u00e1rio<\/button>\r\n<\/a>\t\t\t\t<\/div>\n\t\t\t\t<\/div>\n\t\t\t\t<div class=\"elementor-element elementor-element-6def853f elementor-widget elementor-widget-html\" data-id=\"6def853f\" data-element_type=\"widget\" data-e-type=\"widget\" data-widget_type=\"html.default\">\n\t\t\t\t<div class=\"elementor-widget-container\">\n\t\t\t\t\t<a href=\"\/guiaescolar\/ensino-fundamental-1\/reunioes-de-turmas\" style=\"text-decoration: none;\">\r\n  <button class=\"comic-button\">Reuni\u00f5es<br> de Turmas<\/button>\r\n<\/a>\t\t\t\t<\/div>\n\t\t\t\t<\/div>\n\t\t\t\t<div class=\"elementor-element elementor-element-12f22186 elementor-widget elementor-widget-html\" data-id=\"12f22186\" data-element_type=\"widget\" data-e-type=\"widget\" data-widget_type=\"html.default\">\n\t\t\t\t<div class=\"elementor-widget-container\">\n\t\t\t\t\t<a href=\"\/guiaescolar\/ensino-fundamental-1\/ir-ktana\" style=\"text-decoration: none;\">\r\n  <button class=\"comic-button\">Ir Ktan\u00e1<\/button>\r\n<\/a>\t\t\t\t<\/div>\n\t\t\t\t<\/div>\n\t\t\t\t<\/div>\n\t\t<div class=\"elementor-element elementor-element-6ecdf101 e-grid e-con-full e-con e-child\" data-id=\"6ecdf101\" data-element_type=\"container\" data-e-type=\"container\">\n\t\t\t\t<div class=\"elementor-element elementor-element-49ae21c9 elementor-widget elementor-widget-html\" data-id=\"49ae21c9\" data-element_type=\"widget\" data-e-type=\"widget\" data-widget_type=\"html.default\">\n\t\t\t\t<div class=\"elementor-widget-container\">\n\t\t\t\t\t<a href=\"\/guiaescolar\/ensino-fundamental-1\/shabat-com-familias\" style=\"text-decoration: none;\">\r\n  <button class=\"comic-button\">Shabat<br>com Fam\u00edlias<\/button>\r\n<\/a>\t\t\t\t<\/div>\n\t\t\t\t<\/div>\n\t\t\t\t<\/div>\n\t\t\t\t<\/div>\n\t\t\t\t\t<\/div>\n\t\t\t\t<\/div>\n\t\t\t\t<\/div>\n\t\t","protected":false},"excerpt":{"rendered":"<p>GUIA ESCOLAR Lista de Materiais 1\u00ba ano Os materiais escolares adotados para 2026 estar\u00e3o dispon\u00edveis para venda na loja Letral, localizada na escola.\u00a0Em raz\u00e3o de obras, a loja estar\u00e1 temporariamente localizada na Sala de M\u00fasica. Informa\u00e7\u00f5es e or\u00e7amentos pelo WhatsApp 51 9819-9186. A loja tamb\u00e9m faz a entrega direta em sala de aula, do maternal [&hellip;]<\/p>\n","protected":false},"author":6,"featured_media":0,"parent":1043,"menu_order":0,"comment_status":"closed","ping_status":"closed","template":"","meta":{"footnotes":""},"class_list":["post-1053","page","type-page","status-publish","hentry"],"_links":{"self":[{"href":"https:\/\/israelitaedu.com.br\/guiaescolar\/wp-json\/wp\/v2\/pages\/1053","targetHints":{"allow":["GET"]}}],"collection":[{"href":"https:\/\/israelitaedu.com.br\/guiaescolar\/wp-json\/wp\/v2\/pages"}],"about":[{"href":"https:\/\/israelitaedu.com.br\/guiaescolar\/wp-json\/wp\/v2\/types\/page"}],"author":[{"embeddable":true,"href":"https:\/\/israelitaedu.com.br\/guiaescolar\/wp-json\/wp\/v2\/users\/6"}],"replies":[{"embeddable":true,"href":"https:\/\/israelitaedu.com.br\/guiaescolar\/wp-json\/wp\/v2\/comments?post=1053"}],"version-history":[{"count":27,"href":"https:\/\/israelitaedu.com.br\/guiaescolar\/wp-json\/wp\/v2\/pages\/1053\/revisions"}],"predecessor-version":[{"id":7504,"href":"https:\/\/israelitaedu.com.br\/guiaescolar\/wp-json\/wp\/v2\/pages\/1053\/revisions\/7504"}],"up":[{"embeddable":true,"href":"https:\/\/israelitaedu.com.br\/guiaescolar\/wp-json\/wp\/v2\/pages\/1043"}],"wp:attachment":[{"href":"https:\/\/israelitaedu.com.br\/guiaescolar\/wp-json\/wp\/v2\/media?parent=1053"}],"curies":[{"name":"wp","href":"https:\/\/api.w.org\/{rel}","templated":true}]}}